{"id":9990,"date":"2019-02-05T09:49:11","date_gmt":"2019-02-05T07:49:11","guid":{"rendered":"https:\/\/ueberlebenskunst.at\/survivalshop\/survivalshop\/?post_type=product&#038;p=9990"},"modified":"2026-04-21T10:15:02","modified_gmt":"2026-04-21T08:15:02","slug":"ek-upgrade-bogen-110lbs-fuer-cobra-r9-armbrust","status":"publish","type":"product","link":"https:\/\/ueberlebenskunst.at\/survivalshop\/shop\/ek-upgrade-bogen-110lbs-fuer-cobra-r9-armbrust\/","title":{"rendered":"EK Upgrade Bogen f\u00fcr Cobra R9 oder ADDER Armbrust 90 lbs oder 130 lbs"},"content":{"rendered":"<p>Mit diesen fix und fertig montierten Wurfarmen machst du deine EK Cobra Schnell-Schussarmbrust nochmals deutlich leistungsf\u00e4higer. Statt den standardm\u00e4\u00dfig 90 lbs Wurfarmen kannst du mit diesem Upgrade-Kit 130 lbs voll nutzen.<br \/>\nODER du besitzt eine <a href=\"https:\/\/ueberlebenskunst.at\/survivalshop\/shop\/ek-cobra-adder-die-taktische-repetier-armbrust\/\" target=\"_blank\" rel=\"noopener noreferrer\">Adder<\/a> und willst nicht 130 lbs dr\u00fccken, sondern nur 90 lbs. Auch dann bist du mit diesem Produkt auf der richtigen Spur!<\/p>\n<p>Die Montage ist sehr einfach, denn der EK Upgrade Bogen 130 lbs f\u00fcr <a href=\"https:\/\/ueberlebenskunst.at\/survivalshop\/shop\/ek-x-bow-cobra-armbrust\/\" target=\"_blank\" rel=\"noopener noreferrer\">Cobra R9 Armbrust<\/a> ist fix und fertig montiert.<br \/>\nAlso einlegen und losschie\u00dfen. Es ist kein Einspannen der Sehne n\u00f6tig!<\/p>\n","protected":false},"excerpt":{"rendered":"<p>Upgrade oder Downgrade Bogen f\u00fcr EK Cobra R9 oder die <a href=\"https:\/\/ueberlebenskunst.at\/survivalshop\/shop\/ek-cobra-adder-die-taktische-repetier-armbrust\/\" target=\"_blank\" rel=\"noopener noreferrer\">EK Adder Magazin<\/a>-Armbrust. Schau Dir die Videos im Beschreibungstext an.<\/p>\n","protected":false},"featured_media":12034,"comment_status":"open","ping_status":"closed","template":"","meta":{"_acf_changed":false},"product_brand":[],"product_cat":[1895],"product_tag":[1185,781],"class_list":{"0":"post-9990","1":"product","2":"type-product","3":"status-publish","4":"has-post-thumbnail","6":"product_cat-ek-archery-adder-bogensport-pfeil-kugel","7":"product_tag-adder","8":"product_tag-ek","9":"pa_platform-130-lbs","10":"pa_platform-90-lbs","12":"first","13":"instock","14":"taxable","15":"shipping-taxable","16":"purchasable","17":"product-type-variable","18":"has-default-attributes"},"acf":[],"yoast_head":"<!-- This site is optimized with the Yoast SEO plugin v27.1.1 - https:\/\/yoast.com\/product\/yoast-seo-wordpress\/ -->\n<title>EK Upgrade Bogen f\u00fcr Cobra R9 oder ADDER Armbrust 90 lbs oder 130 lbs<\/title>\n<meta name=\"description\" content=\"Mit diesen fix und fertig montierten Wurfarmen machst du deine EK Cobra Schnell-Schussarmbrust nochmals deutlich leistungsf\u00e4higer. Statt den standardm\u00e4\u00dfig 90 lbs Wurfarmen kannst du mit diesem Upgrade-Kit 130 lbs voll nutzen.\" \/>\n<meta name=\"robots\" content=\"index, follow, max-snippet:-1, max-image-preview:large, max-video-preview:-1\" \/>\n<link rel=\"canonical\" href=\"https:\/\/ueberlebenskunst.at\/survivalshop\/shop\/ek-upgrade-bogen-110lbs-fuer-cobra-r9-armbrust\/\" \/>\n<meta property=\"og:locale\" content=\"de_DE\" \/>\n<meta property=\"og:type\" content=\"article\" \/>\n<meta property=\"og:title\" content=\"EK Upgrade Bogen f\u00fcr Cobra R9 oder ADDER Armbrust 90 lbs oder 130 lbs\" \/>\n<meta property=\"og:description\" content=\"Mit diesen fix und fertig montierten Wurfarmen machst du deine EK Cobra Schnell-Schussarmbrust nochmals deutlich leistungsf\u00e4higer. Statt den standardm\u00e4\u00dfig 90 lbs Wurfarmen kannst du mit diesem Upgrade-Kit 130 lbs voll nutzen.\" \/>\n<meta property=\"og:url\" content=\"https:\/\/ueberlebenskunst.at\/survivalshop\/shop\/ek-upgrade-bogen-110lbs-fuer-cobra-r9-armbrust\/\" \/>\n<meta property=\"og:site_name\" content=\"Reini Rossmann - Survival Shop\" \/>\n<meta property=\"article:publisher\" content=\"https:\/\/www.facebook.com\/survival24.org\/\" \/>\n<meta property=\"article:modified_time\" content=\"2026-04-21T08:15:02+00:00\" \/>\n<meta property=\"og:image\" content=\"https:\/\/ueberlebenskunst.at\/survivalshop\/wp-content\/uploads\/2019\/02\/Cobra-R9-130-Pfund.jpg\" \/>\n\t<meta property=\"og:image:width\" content=\"1570\" \/>\n\t<meta property=\"og:image:height\" content=\"1190\" \/>\n\t<meta property=\"og:image:type\" content=\"image\/jpeg\" \/>\n<meta name=\"twitter:card\" content=\"summary_large_image\" \/>\n<meta name=\"twitter:label1\" content=\"Gesch\u00e4tzte Lesezeit\" \/>\n\t<meta name=\"twitter:data1\" content=\"1\u00a0Minute\" \/>\n<script type=\"application\/ld+json\" class=\"yoast-schema-graph\">{\"@context\":\"https:\/\/schema.org\",\"@graph\":[{\"@type\":\"WebPage\",\"@id\":\"https:\/\/ueberlebenskunst.at\/survivalshop\/shop\/ek-upgrade-bogen-110lbs-fuer-cobra-r9-armbrust\/\",\"url\":\"https:\/\/ueberlebenskunst.at\/survivalshop\/shop\/ek-upgrade-bogen-110lbs-fuer-cobra-r9-armbrust\/\",\"name\":\"EK Upgrade Bogen f\u00fcr Cobra R9 oder ADDER Armbrust 90 lbs oder 130 lbs\",\"isPartOf\":{\"@id\":\"https:\/\/ueberlebenskunst.at\/survivalshop\/#website\"},\"primaryImageOfPage\":{\"@id\":\"https:\/\/ueberlebenskunst.at\/survivalshop\/shop\/ek-upgrade-bogen-110lbs-fuer-cobra-r9-armbrust\/#primaryimage\"},\"image\":{\"@id\":\"https:\/\/ueberlebenskunst.at\/survivalshop\/shop\/ek-upgrade-bogen-110lbs-fuer-cobra-r9-armbrust\/#primaryimage\"},\"thumbnailUrl\":\"https:\/\/ueberlebenskunst.at\/survivalshop\/wp-content\/uploads\/2019\/02\/Cobra-R9-130-Pfund.jpg\",\"datePublished\":\"2019-02-05T07:49:11+00:00\",\"dateModified\":\"2026-04-21T08:15:02+00:00\",\"description\":\"Mit diesen fix und fertig montierten Wurfarmen machst du deine EK Cobra Schnell-Schussarmbrust nochmals deutlich leistungsf\u00e4higer. Statt den standardm\u00e4\u00dfig 90 lbs Wurfarmen kannst du mit diesem Upgrade-Kit 130 lbs voll nutzen.\",\"breadcrumb\":{\"@id\":\"https:\/\/ueberlebenskunst.at\/survivalshop\/shop\/ek-upgrade-bogen-110lbs-fuer-cobra-r9-armbrust\/#breadcrumb\"},\"inLanguage\":\"de\",\"potentialAction\":[{\"@type\":\"ReadAction\",\"target\":[\"https:\/\/ueberlebenskunst.at\/survivalshop\/shop\/ek-upgrade-bogen-110lbs-fuer-cobra-r9-armbrust\/\"]}]},{\"@type\":\"ImageObject\",\"inLanguage\":\"de\",\"@id\":\"https:\/\/ueberlebenskunst.at\/survivalshop\/shop\/ek-upgrade-bogen-110lbs-fuer-cobra-r9-armbrust\/#primaryimage\",\"url\":\"https:\/\/ueberlebenskunst.at\/survivalshop\/wp-content\/uploads\/2019\/02\/Cobra-R9-130-Pfund.jpg\",\"contentUrl\":\"https:\/\/ueberlebenskunst.at\/survivalshop\/wp-content\/uploads\/2019\/02\/Cobra-R9-130-Pfund.jpg\",\"width\":1570,\"height\":1190},{\"@type\":\"BreadcrumbList\",\"@id\":\"https:\/\/ueberlebenskunst.at\/survivalshop\/shop\/ek-upgrade-bogen-110lbs-fuer-cobra-r9-armbrust\/#breadcrumb\",\"itemListElement\":[{\"@type\":\"ListItem\",\"position\":1,\"name\":\"Startseite\",\"item\":\"https:\/\/ueberlebenskunst.at\/survivalshop\/\"},{\"@type\":\"ListItem\",\"position\":2,\"name\":\"Shop\",\"item\":\"https:\/\/ueberlebenskunst.at\/survivalshop\/shop\/\"},{\"@type\":\"ListItem\",\"position\":3,\"name\":\"EK Upgrade Bogen f\u00fcr Cobra R9 oder ADDER Armbrust 90 lbs oder 130 lbs\"}]},{\"@type\":\"WebSite\",\"@id\":\"https:\/\/ueberlebenskunst.at\/survivalshop\/#website\",\"url\":\"https:\/\/ueberlebenskunst.at\/survivalshop\/\",\"name\":\"Reini Rossmann - Survival Shop\",\"description\":\"Survival Shop f\u00fcr Survival, Bushcraft und Prepper\",\"potentialAction\":[{\"@type\":\"SearchAction\",\"target\":{\"@type\":\"EntryPoint\",\"urlTemplate\":\"https:\/\/ueberlebenskunst.at\/survivalshop\/?s={search_term_string}\"},\"query-input\":{\"@type\":\"PropertyValueSpecification\",\"valueRequired\":true,\"valueName\":\"search_term_string\"}}],\"inLanguage\":\"de\"}]}<\/script>\n<!-- \/ Yoast SEO plugin. -->","yoast_head_json":{"title":"EK Upgrade Bogen f\u00fcr Cobra R9 oder ADDER Armbrust 90 lbs oder 130 lbs","description":"Mit diesen fix und fertig montierten Wurfarmen machst du deine EK Cobra Schnell-Schussarmbrust nochmals deutlich leistungsf\u00e4higer. Statt den standardm\u00e4\u00dfig 90 lbs Wurfarmen kannst du mit diesem Upgrade-Kit 130 lbs voll nutzen.","robots":{"index":"index","follow":"follow","max-snippet":"max-snippet:-1","max-image-preview":"max-image-preview:large","max-video-preview":"max-video-preview:-1"},"canonical":"https:\/\/ueberlebenskunst.at\/survivalshop\/shop\/ek-upgrade-bogen-110lbs-fuer-cobra-r9-armbrust\/","og_locale":"de_DE","og_type":"article","og_title":"EK Upgrade Bogen f\u00fcr Cobra R9 oder ADDER Armbrust 90 lbs oder 130 lbs","og_description":"Mit diesen fix und fertig montierten Wurfarmen machst du deine EK Cobra Schnell-Schussarmbrust nochmals deutlich leistungsf\u00e4higer. Statt den standardm\u00e4\u00dfig 90 lbs Wurfarmen kannst du mit diesem Upgrade-Kit 130 lbs voll nutzen.","og_url":"https:\/\/ueberlebenskunst.at\/survivalshop\/shop\/ek-upgrade-bogen-110lbs-fuer-cobra-r9-armbrust\/","og_site_name":"Reini Rossmann - Survival Shop","article_publisher":"https:\/\/www.facebook.com\/survival24.org\/","article_modified_time":"2026-04-21T08:15:02+00:00","og_image":[{"width":1570,"height":1190,"url":"https:\/\/ueberlebenskunst.at\/survivalshop\/wp-content\/uploads\/2019\/02\/Cobra-R9-130-Pfund.jpg","type":"image\/jpeg"}],"twitter_card":"summary_large_image","twitter_misc":{"Gesch\u00e4tzte Lesezeit":"1\u00a0Minute"},"schema":{"@context":"https:\/\/schema.org","@graph":[{"@type":"WebPage","@id":"https:\/\/ueberlebenskunst.at\/survivalshop\/shop\/ek-upgrade-bogen-110lbs-fuer-cobra-r9-armbrust\/","url":"https:\/\/ueberlebenskunst.at\/survivalshop\/shop\/ek-upgrade-bogen-110lbs-fuer-cobra-r9-armbrust\/","name":"EK Upgrade Bogen f\u00fcr Cobra R9 oder ADDER Armbrust 90 lbs oder 130 lbs","isPartOf":{"@id":"https:\/\/ueberlebenskunst.at\/survivalshop\/#website"},"primaryImageOfPage":{"@id":"https:\/\/ueberlebenskunst.at\/survivalshop\/shop\/ek-upgrade-bogen-110lbs-fuer-cobra-r9-armbrust\/#primaryimage"},"image":{"@id":"https:\/\/ueberlebenskunst.at\/survivalshop\/shop\/ek-upgrade-bogen-110lbs-fuer-cobra-r9-armbrust\/#primaryimage"},"thumbnailUrl":"https:\/\/ueberlebenskunst.at\/survivalshop\/wp-content\/uploads\/2019\/02\/Cobra-R9-130-Pfund.jpg","datePublished":"2019-02-05T07:49:11+00:00","dateModified":"2026-04-21T08:15:02+00:00","description":"Mit diesen fix und fertig montierten Wurfarmen machst du deine EK Cobra Schnell-Schussarmbrust nochmals deutlich leistungsf\u00e4higer. Statt den standardm\u00e4\u00dfig 90 lbs Wurfarmen kannst du mit diesem Upgrade-Kit 130 lbs voll nutzen.","breadcrumb":{"@id":"https:\/\/ueberlebenskunst.at\/survivalshop\/shop\/ek-upgrade-bogen-110lbs-fuer-cobra-r9-armbrust\/#breadcrumb"},"inLanguage":"de","potentialAction":[{"@type":"ReadAction","target":["https:\/\/ueberlebenskunst.at\/survivalshop\/shop\/ek-upgrade-bogen-110lbs-fuer-cobra-r9-armbrust\/"]}]},{"@type":"ImageObject","inLanguage":"de","@id":"https:\/\/ueberlebenskunst.at\/survivalshop\/shop\/ek-upgrade-bogen-110lbs-fuer-cobra-r9-armbrust\/#primaryimage","url":"https:\/\/ueberlebenskunst.at\/survivalshop\/wp-content\/uploads\/2019\/02\/Cobra-R9-130-Pfund.jpg","contentUrl":"https:\/\/ueberlebenskunst.at\/survivalshop\/wp-content\/uploads\/2019\/02\/Cobra-R9-130-Pfund.jpg","width":1570,"height":1190},{"@type":"BreadcrumbList","@id":"https:\/\/ueberlebenskunst.at\/survivalshop\/shop\/ek-upgrade-bogen-110lbs-fuer-cobra-r9-armbrust\/#breadcrumb","itemListElement":[{"@type":"ListItem","position":1,"name":"Startseite","item":"https:\/\/ueberlebenskunst.at\/survivalshop\/"},{"@type":"ListItem","position":2,"name":"Shop","item":"https:\/\/ueberlebenskunst.at\/survivalshop\/shop\/"},{"@type":"ListItem","position":3,"name":"EK Upgrade Bogen f\u00fcr Cobra R9 oder ADDER Armbrust 90 lbs oder 130 lbs"}]},{"@type":"WebSite","@id":"https:\/\/ueberlebenskunst.at\/survivalshop\/#website","url":"https:\/\/ueberlebenskunst.at\/survivalshop\/","name":"Reini Rossmann - Survival Shop","description":"Survival Shop f\u00fcr Survival, Bushcraft und Prepper","potentialAction":[{"@type":"SearchAction","target":{"@type":"EntryPoint","urlTemplate":"https:\/\/ueberlebenskunst.at\/survivalshop\/?s={search_term_string}"},"query-input":{"@type":"PropertyValueSpecification","valueRequired":true,"valueName":"search_term_string"}}],"inLanguage":"de"}]}},"_links":{"self":[{"href":"https:\/\/ueberlebenskunst.at\/survivalshop\/wp-json\/wp\/v2\/product\/9990","targetHints":{"allow":["GET"]}}],"collection":[{"href":"https:\/\/ueberlebenskunst.at\/survivalshop\/wp-json\/wp\/v2\/product"}],"about":[{"href":"https:\/\/ueberlebenskunst.at\/survivalshop\/wp-json\/wp\/v2\/types\/product"}],"replies":[{"embeddable":true,"href":"https:\/\/ueberlebenskunst.at\/survivalshop\/wp-json\/wp\/v2\/comments?post=9990"}],"wp:featuredmedia":[{"embeddable":true,"href":"https:\/\/ueberlebenskunst.at\/survivalshop\/wp-json\/wp\/v2\/media\/12034"}],"wp:attachment":[{"href":"https:\/\/ueberlebenskunst.at\/survivalshop\/wp-json\/wp\/v2\/media?parent=9990"}],"wp:term":[{"taxonomy":"product_brand","embeddable":true,"href":"https:\/\/ueberlebenskunst.at\/survivalshop\/wp-json\/wp\/v2\/product_brand?post=9990"},{"taxonomy":"product_cat","embeddable":true,"href":"https:\/\/ueberlebenskunst.at\/survivalshop\/wp-json\/wp\/v2\/product_cat?post=9990"},{"taxonomy":"product_tag","embeddable":true,"href":"https:\/\/ueberlebenskunst.at\/survivalshop\/wp-json\/wp\/v2\/product_tag?post=9990"}],"curies":[{"name":"wp","href":"https:\/\/api.w.org\/{rel}","templated":true}]}}