{"id":94183,"date":"2022-07-18T15:32:46","date_gmt":"2022-07-18T13:32:46","guid":{"rendered":"https:\/\/ueberlebenskunst.at\/survivalshop\/?post_type=product&#038;p=94183"},"modified":"2026-01-22T13:59:39","modified_gmt":"2026-01-22T12:59:39","slug":"stinger-2-survival-raendelschraube-fuer-wurfarm","status":"seo-produkt","type":"product","link":"https:\/\/ueberlebenskunst.at\/survivalshop\/shop\/stinger-2-survival-raendelschraube-fuer-wurfarm\/","title":{"rendered":"Stinger 2 Survival: R\u00e4ndelschraube f\u00fcr Wurfarm Survival"},"content":{"rendered":"<p><strong>AR-6 Stinger 2 &#8220;Survival&#8221;:<\/strong> R\u00e4ndelschraube f\u00fcr Wurfarm f\u00fcr die <strong>Stinger 2 Survival<\/strong> Armbrust.<\/p>\n<p>Diese R\u00e4ndelschraube wird ben\u00f6tigt, um den Wurfarm an einer <strong>AR-6 Stinger II Survival<\/strong> zu befestigen, die mit dem AR-6 Stinger II Upgrade-Kit \u201cSchnellwechsel-Wurfarme\u201d aufger\u00fcstet wurde.<\/p>\n<p><strong>F\u00fcr die AR-6 Stinger II Tactical oder Compact ben\u00f6tigst du diese R\u00e4ndelschraube nicht, da der Wurfarm durch das aufliegende Magazin an seinem Platz gehalten wird.<\/strong><\/p>\n","protected":false},"excerpt":{"rendered":"<p>AR-6 Stinger 2 &#8220;Survival&#8221;: R\u00e4ndelschraube f\u00fcr Wurfarm f\u00fcr die Stinger 2 Survival Armbrust. Diese R\u00e4ndelschraube wird ben\u00f6tigt, um den Wurfarm an einer AR-6 Stinger II Survival zu befestigen, die mit dem AR-6 Stinger II Upgrade-Kit \u201cSchnellwechsel-Wurfarme\u201d aufger\u00fcstet wurde. F\u00fcr die AR-6 Stinger II Tactical oder Compact ben\u00f6tigst du diese R\u00e4ndelschraube nicht, da der Wurfarm durch [&hellip;]<\/p>\n","protected":false},"featured_media":103213,"comment_status":"open","ping_status":"closed","template":"","meta":{"_acf_changed":false},"product_brand":[],"product_cat":[1893],"product_tag":[975,791],"class_list":{"0":"post-94183","1":"product","2":"type-product","3":"status-seo-produkt","4":"has-post-thumbnail","6":"product_cat-steambow-stinger-bogensport-pfeil-kugel","7":"product_tag-stinger-2-zubehoer","8":"product_tag-survival","10":"first","11":"outofstock","12":"taxable","13":"shipping-taxable","14":"product-type-simple"},"acf":[],"yoast_head":"<!-- This site is optimized with the Yoast SEO plugin v27.1.1 - https:\/\/yoast.com\/product\/yoast-seo-wordpress\/ -->\n<title>Stinger 2 Survival: R\u00e4ndelschraube f\u00fcr Wurfarm Survival<\/title>\n<meta name=\"description\" content=\"AR-6 Stinger 2 &quot;Survival&quot;: R\u00e4ndelschraube f\u00fcr Wurfarm f\u00fcr die Stinger 2 Survival Armbrust. Diese R\u00e4ndelschraube wird ben\u00f6tigt, um den Wurfarm an einer AR-6 Stinger II Survival zu befestigen, die mit dem AR-6 Stinger II Upgrade-Kit \u201cSchnellwechsel-Wurfarme\u201d aufger\u00fcstet wurde.\" \/>\n<meta name=\"robots\" content=\"index, follow, max-snippet:-1, max-image-preview:large, max-video-preview:-1\" \/>\n<link rel=\"canonical\" href=\"https:\/\/ueberlebenskunst.at\/survivalshop\/shop\/stinger-2-survival-raendelschraube-fuer-wurfarm\/\" \/>\n<meta property=\"og:locale\" content=\"de_DE\" \/>\n<meta property=\"og:type\" content=\"article\" \/>\n<meta property=\"og:title\" content=\"Stinger 2 Survival: R\u00e4ndelschraube f\u00fcr Wurfarm Survival\" \/>\n<meta property=\"og:description\" content=\"AR-6 Stinger 2 &quot;Survival&quot;: R\u00e4ndelschraube f\u00fcr Wurfarm f\u00fcr die Stinger 2 Survival Armbrust. Diese R\u00e4ndelschraube wird ben\u00f6tigt, um den Wurfarm an einer AR-6 Stinger II Survival zu befestigen, die mit dem AR-6 Stinger II Upgrade-Kit \u201cSchnellwechsel-Wurfarme\u201d aufger\u00fcstet wurde.\" \/>\n<meta property=\"og:url\" content=\"https:\/\/ueberlebenskunst.at\/survivalshop\/shop\/stinger-2-survival-raendelschraube-fuer-wurfarm\/\" \/>\n<meta property=\"og:site_name\" content=\"Reini Rossmann - Survival Shop\" \/>\n<meta property=\"article:publisher\" content=\"https:\/\/www.facebook.com\/survival24.org\/\" \/>\n<meta property=\"article:modified_time\" content=\"2026-01-22T12:59:39+00:00\" \/>\n<meta property=\"og:image\" content=\"https:\/\/ueberlebenskunst.at\/survivalshop\/wp-content\/uploads\/2022\/07\/AR-6-Stinger-II-Survival-Ra\u0308ndelschraube-fu\u0308r-Wurfarm.jpg\" \/>\n\t<meta property=\"og:image:width\" content=\"744\" \/>\n\t<meta property=\"og:image:height\" content=\"800\" \/>\n\t<meta property=\"og:image:type\" content=\"image\/jpeg\" \/>\n<meta name=\"twitter:card\" content=\"summary_large_image\" \/>\n<meta name=\"twitter:label1\" content=\"Gesch\u00e4tzte Lesezeit\" \/>\n\t<meta name=\"twitter:data1\" content=\"1\u00a0Minute\" \/>\n<script type=\"application\/ld+json\" class=\"yoast-schema-graph\">{\"@context\":\"https:\/\/schema.org\",\"@graph\":[{\"@type\":\"WebPage\",\"@id\":\"https:\/\/ueberlebenskunst.at\/survivalshop\/shop\/stinger-2-survival-raendelschraube-fuer-wurfarm\/\",\"url\":\"https:\/\/ueberlebenskunst.at\/survivalshop\/shop\/stinger-2-survival-raendelschraube-fuer-wurfarm\/\",\"name\":\"Stinger 2 Survival: R\u00e4ndelschraube f\u00fcr Wurfarm Survival\",\"isPartOf\":{\"@id\":\"https:\/\/ueberlebenskunst.at\/survivalshop\/#website\"},\"primaryImageOfPage\":{\"@id\":\"https:\/\/ueberlebenskunst.at\/survivalshop\/shop\/stinger-2-survival-raendelschraube-fuer-wurfarm\/#primaryimage\"},\"image\":{\"@id\":\"https:\/\/ueberlebenskunst.at\/survivalshop\/shop\/stinger-2-survival-raendelschraube-fuer-wurfarm\/#primaryimage\"},\"thumbnailUrl\":\"https:\/\/ueberlebenskunst.at\/survivalshop\/wp-content\/uploads\/2022\/07\/AR-6-Stinger-II-Survival-Ra\u0308ndelschraube-fu\u0308r-Wurfarm.jpg\",\"datePublished\":\"2022-07-18T13:32:46+00:00\",\"dateModified\":\"2026-01-22T12:59:39+00:00\",\"description\":\"AR-6 Stinger 2 \\\"Survival\\\": R\u00e4ndelschraube f\u00fcr Wurfarm f\u00fcr die Stinger 2 Survival Armbrust. Diese R\u00e4ndelschraube wird ben\u00f6tigt, um den Wurfarm an einer AR-6 Stinger II Survival zu befestigen, die mit dem AR-6 Stinger II Upgrade-Kit \u201cSchnellwechsel-Wurfarme\u201d aufger\u00fcstet wurde.\",\"breadcrumb\":{\"@id\":\"https:\/\/ueberlebenskunst.at\/survivalshop\/shop\/stinger-2-survival-raendelschraube-fuer-wurfarm\/#breadcrumb\"},\"inLanguage\":\"de\",\"potentialAction\":[{\"@type\":\"ReadAction\",\"target\":[\"https:\/\/ueberlebenskunst.at\/survivalshop\/shop\/stinger-2-survival-raendelschraube-fuer-wurfarm\/\"]}]},{\"@type\":\"ImageObject\",\"inLanguage\":\"de\",\"@id\":\"https:\/\/ueberlebenskunst.at\/survivalshop\/shop\/stinger-2-survival-raendelschraube-fuer-wurfarm\/#primaryimage\",\"url\":\"https:\/\/ueberlebenskunst.at\/survivalshop\/wp-content\/uploads\/2022\/07\/AR-6-Stinger-II-Survival-Ra\u0308ndelschraube-fu\u0308r-Wurfarm.jpg\",\"contentUrl\":\"https:\/\/ueberlebenskunst.at\/survivalshop\/wp-content\/uploads\/2022\/07\/AR-6-Stinger-II-Survival-Ra\u0308ndelschraube-fu\u0308r-Wurfarm.jpg\",\"width\":744,\"height\":800},{\"@type\":\"BreadcrumbList\",\"@id\":\"https:\/\/ueberlebenskunst.at\/survivalshop\/shop\/stinger-2-survival-raendelschraube-fuer-wurfarm\/#breadcrumb\",\"itemListElement\":[{\"@type\":\"ListItem\",\"position\":1,\"name\":\"Startseite\",\"item\":\"https:\/\/ueberlebenskunst.at\/survivalshop\/\"},{\"@type\":\"ListItem\",\"position\":2,\"name\":\"Shop\",\"item\":\"https:\/\/ueberlebenskunst.at\/survivalshop\/shop\/\"},{\"@type\":\"ListItem\",\"position\":3,\"name\":\"Stinger 2 Survival: R\u00e4ndelschraube f\u00fcr Wurfarm Survival\"}]},{\"@type\":\"WebSite\",\"@id\":\"https:\/\/ueberlebenskunst.at\/survivalshop\/#website\",\"url\":\"https:\/\/ueberlebenskunst.at\/survivalshop\/\",\"name\":\"Reini Rossmann - Survival Shop\",\"description\":\"Survival Shop f\u00fcr Survival, Bushcraft und Prepper\",\"potentialAction\":[{\"@type\":\"SearchAction\",\"target\":{\"@type\":\"EntryPoint\",\"urlTemplate\":\"https:\/\/ueberlebenskunst.at\/survivalshop\/?s={search_term_string}\"},\"query-input\":{\"@type\":\"PropertyValueSpecification\",\"valueRequired\":true,\"valueName\":\"search_term_string\"}}],\"inLanguage\":\"de\"}]}<\/script>\n<!-- \/ Yoast SEO plugin. -->","yoast_head_json":{"title":"Stinger 2 Survival: R\u00e4ndelschraube f\u00fcr Wurfarm Survival","description":"AR-6 Stinger 2 \"Survival\": R\u00e4ndelschraube f\u00fcr Wurfarm f\u00fcr die Stinger 2 Survival Armbrust. Diese R\u00e4ndelschraube wird ben\u00f6tigt, um den Wurfarm an einer AR-6 Stinger II Survival zu befestigen, die mit dem AR-6 Stinger II Upgrade-Kit \u201cSchnellwechsel-Wurfarme\u201d aufger\u00fcstet wurde.","robots":{"index":"index","follow":"follow","max-snippet":"max-snippet:-1","max-image-preview":"max-image-preview:large","max-video-preview":"max-video-preview:-1"},"canonical":"https:\/\/ueberlebenskunst.at\/survivalshop\/shop\/stinger-2-survival-raendelschraube-fuer-wurfarm\/","og_locale":"de_DE","og_type":"article","og_title":"Stinger 2 Survival: R\u00e4ndelschraube f\u00fcr Wurfarm Survival","og_description":"AR-6 Stinger 2 \"Survival\": R\u00e4ndelschraube f\u00fcr Wurfarm f\u00fcr die Stinger 2 Survival Armbrust. Diese R\u00e4ndelschraube wird ben\u00f6tigt, um den Wurfarm an einer AR-6 Stinger II Survival zu befestigen, die mit dem AR-6 Stinger II Upgrade-Kit \u201cSchnellwechsel-Wurfarme\u201d aufger\u00fcstet wurde.","og_url":"https:\/\/ueberlebenskunst.at\/survivalshop\/shop\/stinger-2-survival-raendelschraube-fuer-wurfarm\/","og_site_name":"Reini Rossmann - Survival Shop","article_publisher":"https:\/\/www.facebook.com\/survival24.org\/","article_modified_time":"2026-01-22T12:59:39+00:00","og_image":[{"width":744,"height":800,"url":"https:\/\/ueberlebenskunst.at\/survivalshop\/wp-content\/uploads\/2022\/07\/AR-6-Stinger-II-Survival-Ra\u0308ndelschraube-fu\u0308r-Wurfarm.jpg","type":"image\/jpeg"}],"twitter_card":"summary_large_image","twitter_misc":{"Gesch\u00e4tzte Lesezeit":"1\u00a0Minute"},"schema":{"@context":"https:\/\/schema.org","@graph":[{"@type":"WebPage","@id":"https:\/\/ueberlebenskunst.at\/survivalshop\/shop\/stinger-2-survival-raendelschraube-fuer-wurfarm\/","url":"https:\/\/ueberlebenskunst.at\/survivalshop\/shop\/stinger-2-survival-raendelschraube-fuer-wurfarm\/","name":"Stinger 2 Survival: R\u00e4ndelschraube f\u00fcr Wurfarm Survival","isPartOf":{"@id":"https:\/\/ueberlebenskunst.at\/survivalshop\/#website"},"primaryImageOfPage":{"@id":"https:\/\/ueberlebenskunst.at\/survivalshop\/shop\/stinger-2-survival-raendelschraube-fuer-wurfarm\/#primaryimage"},"image":{"@id":"https:\/\/ueberlebenskunst.at\/survivalshop\/shop\/stinger-2-survival-raendelschraube-fuer-wurfarm\/#primaryimage"},"thumbnailUrl":"https:\/\/ueberlebenskunst.at\/survivalshop\/wp-content\/uploads\/2022\/07\/AR-6-Stinger-II-Survival-Ra\u0308ndelschraube-fu\u0308r-Wurfarm.jpg","datePublished":"2022-07-18T13:32:46+00:00","dateModified":"2026-01-22T12:59:39+00:00","description":"AR-6 Stinger 2 \"Survival\": R\u00e4ndelschraube f\u00fcr Wurfarm f\u00fcr die Stinger 2 Survival Armbrust. Diese R\u00e4ndelschraube wird ben\u00f6tigt, um den Wurfarm an einer AR-6 Stinger II Survival zu befestigen, die mit dem AR-6 Stinger II Upgrade-Kit \u201cSchnellwechsel-Wurfarme\u201d aufger\u00fcstet wurde.","breadcrumb":{"@id":"https:\/\/ueberlebenskunst.at\/survivalshop\/shop\/stinger-2-survival-raendelschraube-fuer-wurfarm\/#breadcrumb"},"inLanguage":"de","potentialAction":[{"@type":"ReadAction","target":["https:\/\/ueberlebenskunst.at\/survivalshop\/shop\/stinger-2-survival-raendelschraube-fuer-wurfarm\/"]}]},{"@type":"ImageObject","inLanguage":"de","@id":"https:\/\/ueberlebenskunst.at\/survivalshop\/shop\/stinger-2-survival-raendelschraube-fuer-wurfarm\/#primaryimage","url":"https:\/\/ueberlebenskunst.at\/survivalshop\/wp-content\/uploads\/2022\/07\/AR-6-Stinger-II-Survival-Ra\u0308ndelschraube-fu\u0308r-Wurfarm.jpg","contentUrl":"https:\/\/ueberlebenskunst.at\/survivalshop\/wp-content\/uploads\/2022\/07\/AR-6-Stinger-II-Survival-Ra\u0308ndelschraube-fu\u0308r-Wurfarm.jpg","width":744,"height":800},{"@type":"BreadcrumbList","@id":"https:\/\/ueberlebenskunst.at\/survivalshop\/shop\/stinger-2-survival-raendelschraube-fuer-wurfarm\/#breadcrumb","itemListElement":[{"@type":"ListItem","position":1,"name":"Startseite","item":"https:\/\/ueberlebenskunst.at\/survivalshop\/"},{"@type":"ListItem","position":2,"name":"Shop","item":"https:\/\/ueberlebenskunst.at\/survivalshop\/shop\/"},{"@type":"ListItem","position":3,"name":"Stinger 2 Survival: R\u00e4ndelschraube f\u00fcr Wurfarm Survival"}]},{"@type":"WebSite","@id":"https:\/\/ueberlebenskunst.at\/survivalshop\/#website","url":"https:\/\/ueberlebenskunst.at\/survivalshop\/","name":"Reini Rossmann - Survival Shop","description":"Survival Shop f\u00fcr Survival, Bushcraft und Prepper","potentialAction":[{"@type":"SearchAction","target":{"@type":"EntryPoint","urlTemplate":"https:\/\/ueberlebenskunst.at\/survivalshop\/?s={search_term_string}"},"query-input":{"@type":"PropertyValueSpecification","valueRequired":true,"valueName":"search_term_string"}}],"inLanguage":"de"}]}},"_links":{"self":[{"href":"https:\/\/ueberlebenskunst.at\/survivalshop\/wp-json\/wp\/v2\/product\/94183","targetHints":{"allow":["GET"]}}],"collection":[{"href":"https:\/\/ueberlebenskunst.at\/survivalshop\/wp-json\/wp\/v2\/product"}],"about":[{"href":"https:\/\/ueberlebenskunst.at\/survivalshop\/wp-json\/wp\/v2\/types\/product"}],"replies":[{"embeddable":true,"href":"https:\/\/ueberlebenskunst.at\/survivalshop\/wp-json\/wp\/v2\/comments?post=94183"}],"wp:featuredmedia":[{"embeddable":true,"href":"https:\/\/ueberlebenskunst.at\/survivalshop\/wp-json\/wp\/v2\/media\/103213"}],"wp:attachment":[{"href":"https:\/\/ueberlebenskunst.at\/survivalshop\/wp-json\/wp\/v2\/media?parent=94183"}],"wp:term":[{"taxonomy":"product_brand","embeddable":true,"href":"https:\/\/ueberlebenskunst.at\/survivalshop\/wp-json\/wp\/v2\/product_brand?post=94183"},{"taxonomy":"product_cat","embeddable":true,"href":"https:\/\/ueberlebenskunst.at\/survivalshop\/wp-json\/wp\/v2\/product_cat?post=94183"},{"taxonomy":"product_tag","embeddable":true,"href":"https:\/\/ueberlebenskunst.at\/survivalshop\/wp-json\/wp\/v2\/product_tag?post=94183"}],"curies":[{"name":"wp","href":"https:\/\/api.w.org\/{rel}","templated":true}]}}