{"id":94179,"date":"2022-07-18T15:23:19","date_gmt":"2022-07-18T13:23:19","guid":{"rendered":"https:\/\/ueberlebenskunst.at\/survivalshop\/?post_type=product&#038;p=94179"},"modified":"2025-04-28T08:21:13","modified_gmt":"2025-04-28T06:21:13","slug":"ar-6-stinger-2-upgradekit-schnellwechsel-wurfarme","status":"seo-produkt","type":"product","link":"https:\/\/ueberlebenskunst.at\/survivalshop\/shop\/ar-6-stinger-2-upgradekit-schnellwechsel-wurfarme\/","title":{"rendered":"AR-6 Stinger 2 Upgradekit &#8211; Schnellwechsel-Wurfarme"},"content":{"rendered":"<p>Das AR-6 Stinger 2 Upgrade-Kit \u201cSchnellwechsel-Wurfarme\u201d erm\u00f6glicht dir den schnellen und unkomplizierten Wechsel des Wurfarms deiner AR-6 Stinger 2. Damit passt die AR-6 Stinger 2 in fast jeden Rucksack und ist in Sekundenschnelle aufgebaut und feuerbereit.<\/p>\n<p>Das AR-6 Stinger 2 Upgrade-Kit \u201cSchnellwechsel-Wurfarme\u201d erm\u00f6glicht dir den schnellen, unkomplizierten und wiederholgenauen Wechsel des Wurfarms deiner AR-6 Stinger 2.<br \/>\nMit demontiertem Wurfarm kannst du deine Stinger 2 so handlich zusammenpacken, dass du sie in einer Tasche oder im Rucksack bequem transportieren kannst.<br \/>\nDas Kit ist mit allen Modellen der AR-6 Stinger 2 Reihe (Tactical, Compact, Survival) und mit allen Wurfarmen kompatibel.<br \/>\n<strong>Beachte bitte<\/strong>, dass du f\u00fcr die Nutzung an einer AR-6 Stinger 2 Survival noch zus\u00e4tzlich die passende <a href=\"https:\/\/ueberlebenskunst.at\/survivalshop\/shop\/stinger-2-tactical-compact-raendelschraube-fuer-magazin\/\" target=\"_blank\" rel=\"noopener\">R\u00e4ndelschraube<\/a> ben\u00f6tigst, die du auch in unserem Shop findest. Bei der Tactical oder der Compact ben\u00f6tigst du diese nicht, da der Wurfarm-Montageblock durch das Magazin an seinem Platz gehalten wird.<\/p>\n<h3><strong>Lieferumfang:<\/strong><\/h3>\n<ul>\n<li>1 Grundk\u00f6rper, vorne werkseitig ge\u00f6ffnet<\/li>\n<li>1 Wurfarm-Montageblock<\/li>\n<\/ul>\n<h3>Was ist ausdr\u00fccklich nicht im Lieferumfang enthalten?<\/h3>\n<ul>\n<li>Zubeh\u00f6r wie die <a href=\"https:\/\/ueberlebenskunst.at\/survivalshop\/shop\/lampen-laserhalterung-fuer-steambow-stinger\/\">Reini Rossmann Universal Halterung f\u00fcr Stinger 2<\/a><\/li>\n<li><a href=\"https:\/\/ueberlebenskunst.at\/survivalshop\/shop\/steambow-stinger-2-colourkit\/\">Abdeckungen bzw. Colour Kit<\/a><\/li>\n<li><a href=\"https:\/\/ueberlebenskunst.at\/survivalshop\/shop\/ar-6-stinger-2-tuning-abzug\/\">Tuning Abzug f\u00fcr Steambow Stinger 2<\/a><\/li>\n<li><a href=\"https:\/\/ueberlebenskunst.at\/survivalshop\/shop\/stinger-2-tactical-compact-raendelschraube-fuer-magazin\/\">R\u00e4ndelschraube f\u00fcr schnelles \u00d6ffnen des Magazins\u00a0<\/a><\/li>\n<\/ul>\n","protected":false},"excerpt":{"rendered":"<p>Das AR-6 Stinger 2 Upgrade-Kit \u201cSchnellwechsel-Wurfarme\u201d erm\u00f6glicht dir den schnellen und unkomplizierten Wechsel des Wurfarms deiner AR-6 Stinger 2. Damit passt die AR-6 Stinger 2 in fast jeden Rucksack und ist in Sekundenschnelle aufgebaut und feuerbereit. Das AR-6 Stinger 2 Upgrade-Kit \u201cSchnellwechsel-Wurfarme\u201d erm\u00f6glicht dir den schnellen, unkomplizierten und wiederholgenauen Wechsel des Wurfarms deiner AR-6 Stinger [&hellip;]<\/p>\n","protected":false},"featured_media":97017,"comment_status":"open","ping_status":"closed","template":"","meta":{"_acf_changed":false},"product_brand":[],"product_cat":[1892,1891,1893],"product_tag":[1311,975],"class_list":{"0":"post-94179","1":"product","2":"type-product","3":"status-seo-produkt","4":"has-post-thumbnail","6":"product_cat-bogensport-pfeil-kugel","7":"product_cat-pfeil-kugel","8":"product_cat-steambow-stinger-bogensport-pfeil-kugel","9":"product_tag-steambow-wechselsystem","10":"product_tag-stinger-2-zubehoer","12":"first","13":"outofstock","14":"taxable","15":"shipping-taxable","16":"product-type-simple"},"acf":[],"yoast_head":"<!-- This site is optimized with the Yoast SEO plugin v27.1.1 - https:\/\/yoast.com\/product\/yoast-seo-wordpress\/ -->\n<title>AR-6 Stinger 2 Upgradekit - Schnellwechsel-Wurfarme<\/title>\n<meta name=\"description\" content=\"Das AR-6 Stinger II Upgrade-Kit \u201cSchnellwechsel-Wurfarme\u201d erm\u00f6glicht dir den schnellen und unkomplizierten Wechsel des Wurfarms deiner AR-6 Stinger 2.\" \/>\n<meta name=\"robots\" content=\"index, follow, max-snippet:-1, max-image-preview:large, max-video-preview:-1\" \/>\n<link rel=\"canonical\" href=\"https:\/\/ueberlebenskunst.at\/survivalshop\/shop\/ar-6-stinger-2-upgradekit-schnellwechsel-wurfarme\/\" \/>\n<meta property=\"og:locale\" content=\"de_DE\" \/>\n<meta property=\"og:type\" content=\"article\" \/>\n<meta property=\"og:title\" content=\"AR-6 Stinger 2 Upgradekit - Schnellwechsel-Wurfarme\" \/>\n<meta property=\"og:description\" content=\"Das AR-6 Stinger II Upgrade-Kit \u201cSchnellwechsel-Wurfarme\u201d erm\u00f6glicht dir den schnellen und unkomplizierten Wechsel des Wurfarms deiner AR-6 Stinger 2.\" \/>\n<meta property=\"og:url\" content=\"https:\/\/ueberlebenskunst.at\/survivalshop\/shop\/ar-6-stinger-2-upgradekit-schnellwechsel-wurfarme\/\" \/>\n<meta property=\"og:site_name\" content=\"Reini Rossmann - Survival Shop\" \/>\n<meta property=\"article:publisher\" content=\"https:\/\/www.facebook.com\/survival24.org\/\" \/>\n<meta property=\"article:modified_time\" content=\"2025-04-28T06:21:13+00:00\" \/>\n<meta property=\"og:image\" content=\"https:\/\/ueberlebenskunst.at\/survivalshop\/wp-content\/uploads\/2022\/07\/Schnellwechselwurfarm0000541.jpg\" \/>\n\t<meta property=\"og:image:width\" content=\"400\" \/>\n\t<meta property=\"og:image:height\" content=\"400\" \/>\n\t<meta property=\"og:image:type\" content=\"image\/jpeg\" \/>\n<meta name=\"twitter:card\" content=\"summary_large_image\" \/>\n<meta name=\"twitter:label1\" content=\"Gesch\u00e4tzte Lesezeit\" \/>\n\t<meta name=\"twitter:data1\" content=\"2\u00a0Minuten\" \/>\n<script type=\"application\/ld+json\" class=\"yoast-schema-graph\">{\"@context\":\"https:\/\/schema.org\",\"@graph\":[{\"@type\":\"WebPage\",\"@id\":\"https:\/\/ueberlebenskunst.at\/survivalshop\/shop\/ar-6-stinger-2-upgradekit-schnellwechsel-wurfarme\/\",\"url\":\"https:\/\/ueberlebenskunst.at\/survivalshop\/shop\/ar-6-stinger-2-upgradekit-schnellwechsel-wurfarme\/\",\"name\":\"AR-6 Stinger 2 Upgradekit - Schnellwechsel-Wurfarme\",\"isPartOf\":{\"@id\":\"https:\/\/ueberlebenskunst.at\/survivalshop\/#website\"},\"primaryImageOfPage\":{\"@id\":\"https:\/\/ueberlebenskunst.at\/survivalshop\/shop\/ar-6-stinger-2-upgradekit-schnellwechsel-wurfarme\/#primaryimage\"},\"image\":{\"@id\":\"https:\/\/ueberlebenskunst.at\/survivalshop\/shop\/ar-6-stinger-2-upgradekit-schnellwechsel-wurfarme\/#primaryimage\"},\"thumbnailUrl\":\"https:\/\/ueberlebenskunst.at\/survivalshop\/wp-content\/uploads\/2022\/07\/Schnellwechselwurfarm0000541.jpg\",\"datePublished\":\"2022-07-18T13:23:19+00:00\",\"dateModified\":\"2025-04-28T06:21:13+00:00\",\"description\":\"Das AR-6 Stinger II Upgrade-Kit \u201cSchnellwechsel-Wurfarme\u201d erm\u00f6glicht dir den schnellen und unkomplizierten Wechsel des Wurfarms deiner AR-6 Stinger 2.\",\"breadcrumb\":{\"@id\":\"https:\/\/ueberlebenskunst.at\/survivalshop\/shop\/ar-6-stinger-2-upgradekit-schnellwechsel-wurfarme\/#breadcrumb\"},\"inLanguage\":\"de\",\"potentialAction\":[{\"@type\":\"ReadAction\",\"target\":[\"https:\/\/ueberlebenskunst.at\/survivalshop\/shop\/ar-6-stinger-2-upgradekit-schnellwechsel-wurfarme\/\"]}]},{\"@type\":\"ImageObject\",\"inLanguage\":\"de\",\"@id\":\"https:\/\/ueberlebenskunst.at\/survivalshop\/shop\/ar-6-stinger-2-upgradekit-schnellwechsel-wurfarme\/#primaryimage\",\"url\":\"https:\/\/ueberlebenskunst.at\/survivalshop\/wp-content\/uploads\/2022\/07\/Schnellwechselwurfarm0000541.jpg\",\"contentUrl\":\"https:\/\/ueberlebenskunst.at\/survivalshop\/wp-content\/uploads\/2022\/07\/Schnellwechselwurfarm0000541.jpg\",\"width\":400,\"height\":400},{\"@type\":\"BreadcrumbList\",\"@id\":\"https:\/\/ueberlebenskunst.at\/survivalshop\/shop\/ar-6-stinger-2-upgradekit-schnellwechsel-wurfarme\/#breadcrumb\",\"itemListElement\":[{\"@type\":\"ListItem\",\"position\":1,\"name\":\"Startseite\",\"item\":\"https:\/\/ueberlebenskunst.at\/survivalshop\/\"},{\"@type\":\"ListItem\",\"position\":2,\"name\":\"Shop\",\"item\":\"https:\/\/ueberlebenskunst.at\/survivalshop\/shop\/\"},{\"@type\":\"ListItem\",\"position\":3,\"name\":\"AR-6 Stinger 2 Upgradekit &#8211; Schnellwechsel-Wurfarme\"}]},{\"@type\":\"WebSite\",\"@id\":\"https:\/\/ueberlebenskunst.at\/survivalshop\/#website\",\"url\":\"https:\/\/ueberlebenskunst.at\/survivalshop\/\",\"name\":\"Reini Rossmann - Survival Shop\",\"description\":\"Survival Shop f\u00fcr Survival, Bushcraft und Prepper\",\"potentialAction\":[{\"@type\":\"SearchAction\",\"target\":{\"@type\":\"EntryPoint\",\"urlTemplate\":\"https:\/\/ueberlebenskunst.at\/survivalshop\/?s={search_term_string}\"},\"query-input\":{\"@type\":\"PropertyValueSpecification\",\"valueRequired\":true,\"valueName\":\"search_term_string\"}}],\"inLanguage\":\"de\"}]}<\/script>\n<!-- \/ Yoast SEO plugin. -->","yoast_head_json":{"title":"AR-6 Stinger 2 Upgradekit - Schnellwechsel-Wurfarme","description":"Das AR-6 Stinger II Upgrade-Kit \u201cSchnellwechsel-Wurfarme\u201d erm\u00f6glicht dir den schnellen und unkomplizierten Wechsel des Wurfarms deiner AR-6 Stinger 2.","robots":{"index":"index","follow":"follow","max-snippet":"max-snippet:-1","max-image-preview":"max-image-preview:large","max-video-preview":"max-video-preview:-1"},"canonical":"https:\/\/ueberlebenskunst.at\/survivalshop\/shop\/ar-6-stinger-2-upgradekit-schnellwechsel-wurfarme\/","og_locale":"de_DE","og_type":"article","og_title":"AR-6 Stinger 2 Upgradekit - Schnellwechsel-Wurfarme","og_description":"Das AR-6 Stinger II Upgrade-Kit \u201cSchnellwechsel-Wurfarme\u201d erm\u00f6glicht dir den schnellen und unkomplizierten Wechsel des Wurfarms deiner AR-6 Stinger 2.","og_url":"https:\/\/ueberlebenskunst.at\/survivalshop\/shop\/ar-6-stinger-2-upgradekit-schnellwechsel-wurfarme\/","og_site_name":"Reini Rossmann - Survival Shop","article_publisher":"https:\/\/www.facebook.com\/survival24.org\/","article_modified_time":"2025-04-28T06:21:13+00:00","og_image":[{"width":400,"height":400,"url":"https:\/\/ueberlebenskunst.at\/survivalshop\/wp-content\/uploads\/2022\/07\/Schnellwechselwurfarm0000541.jpg","type":"image\/jpeg"}],"twitter_card":"summary_large_image","twitter_misc":{"Gesch\u00e4tzte Lesezeit":"2\u00a0Minuten"},"schema":{"@context":"https:\/\/schema.org","@graph":[{"@type":"WebPage","@id":"https:\/\/ueberlebenskunst.at\/survivalshop\/shop\/ar-6-stinger-2-upgradekit-schnellwechsel-wurfarme\/","url":"https:\/\/ueberlebenskunst.at\/survivalshop\/shop\/ar-6-stinger-2-upgradekit-schnellwechsel-wurfarme\/","name":"AR-6 Stinger 2 Upgradekit - Schnellwechsel-Wurfarme","isPartOf":{"@id":"https:\/\/ueberlebenskunst.at\/survivalshop\/#website"},"primaryImageOfPage":{"@id":"https:\/\/ueberlebenskunst.at\/survivalshop\/shop\/ar-6-stinger-2-upgradekit-schnellwechsel-wurfarme\/#primaryimage"},"image":{"@id":"https:\/\/ueberlebenskunst.at\/survivalshop\/shop\/ar-6-stinger-2-upgradekit-schnellwechsel-wurfarme\/#primaryimage"},"thumbnailUrl":"https:\/\/ueberlebenskunst.at\/survivalshop\/wp-content\/uploads\/2022\/07\/Schnellwechselwurfarm0000541.jpg","datePublished":"2022-07-18T13:23:19+00:00","dateModified":"2025-04-28T06:21:13+00:00","description":"Das AR-6 Stinger II Upgrade-Kit \u201cSchnellwechsel-Wurfarme\u201d erm\u00f6glicht dir den schnellen und unkomplizierten Wechsel des Wurfarms deiner AR-6 Stinger 2.","breadcrumb":{"@id":"https:\/\/ueberlebenskunst.at\/survivalshop\/shop\/ar-6-stinger-2-upgradekit-schnellwechsel-wurfarme\/#breadcrumb"},"inLanguage":"de","potentialAction":[{"@type":"ReadAction","target":["https:\/\/ueberlebenskunst.at\/survivalshop\/shop\/ar-6-stinger-2-upgradekit-schnellwechsel-wurfarme\/"]}]},{"@type":"ImageObject","inLanguage":"de","@id":"https:\/\/ueberlebenskunst.at\/survivalshop\/shop\/ar-6-stinger-2-upgradekit-schnellwechsel-wurfarme\/#primaryimage","url":"https:\/\/ueberlebenskunst.at\/survivalshop\/wp-content\/uploads\/2022\/07\/Schnellwechselwurfarm0000541.jpg","contentUrl":"https:\/\/ueberlebenskunst.at\/survivalshop\/wp-content\/uploads\/2022\/07\/Schnellwechselwurfarm0000541.jpg","width":400,"height":400},{"@type":"BreadcrumbList","@id":"https:\/\/ueberlebenskunst.at\/survivalshop\/shop\/ar-6-stinger-2-upgradekit-schnellwechsel-wurfarme\/#breadcrumb","itemListElement":[{"@type":"ListItem","position":1,"name":"Startseite","item":"https:\/\/ueberlebenskunst.at\/survivalshop\/"},{"@type":"ListItem","position":2,"name":"Shop","item":"https:\/\/ueberlebenskunst.at\/survivalshop\/shop\/"},{"@type":"ListItem","position":3,"name":"AR-6 Stinger 2 Upgradekit &#8211; Schnellwechsel-Wurfarme"}]},{"@type":"WebSite","@id":"https:\/\/ueberlebenskunst.at\/survivalshop\/#website","url":"https:\/\/ueberlebenskunst.at\/survivalshop\/","name":"Reini Rossmann - Survival Shop","description":"Survival Shop f\u00fcr Survival, Bushcraft und Prepper","potentialAction":[{"@type":"SearchAction","target":{"@type":"EntryPoint","urlTemplate":"https:\/\/ueberlebenskunst.at\/survivalshop\/?s={search_term_string}"},"query-input":{"@type":"PropertyValueSpecification","valueRequired":true,"valueName":"search_term_string"}}],"inLanguage":"de"}]}},"_links":{"self":[{"href":"https:\/\/ueberlebenskunst.at\/survivalshop\/wp-json\/wp\/v2\/product\/94179","targetHints":{"allow":["GET"]}}],"collection":[{"href":"https:\/\/ueberlebenskunst.at\/survivalshop\/wp-json\/wp\/v2\/product"}],"about":[{"href":"https:\/\/ueberlebenskunst.at\/survivalshop\/wp-json\/wp\/v2\/types\/product"}],"replies":[{"embeddable":true,"href":"https:\/\/ueberlebenskunst.at\/survivalshop\/wp-json\/wp\/v2\/comments?post=94179"}],"wp:featuredmedia":[{"embeddable":true,"href":"https:\/\/ueberlebenskunst.at\/survivalshop\/wp-json\/wp\/v2\/media\/97017"}],"wp:attachment":[{"href":"https:\/\/ueberlebenskunst.at\/survivalshop\/wp-json\/wp\/v2\/media?parent=94179"}],"wp:term":[{"taxonomy":"product_brand","embeddable":true,"href":"https:\/\/ueberlebenskunst.at\/survivalshop\/wp-json\/wp\/v2\/product_brand?post=94179"},{"taxonomy":"product_cat","embeddable":true,"href":"https:\/\/ueberlebenskunst.at\/survivalshop\/wp-json\/wp\/v2\/product_cat?post=94179"},{"taxonomy":"product_tag","embeddable":true,"href":"https:\/\/ueberlebenskunst.at\/survivalshop\/wp-json\/wp\/v2\/product_tag?post=94179"}],"curies":[{"name":"wp","href":"https:\/\/api.w.org\/{rel}","templated":true}]}}