{"id":89144,"date":"2022-05-12T10:54:58","date_gmt":"2022-05-12T08:54:58","guid":{"rendered":"https:\/\/ueberlebenskunst.at\/survivalshop\/?post_type=product&#038;p=89144"},"modified":"2026-04-15T23:33:12","modified_gmt":"2026-04-15T21:33:12","slug":"long-light-block","status":"publish","type":"product","link":"https:\/\/ueberlebenskunst.at\/survivalshop\/shop\/long-light-block\/","title":{"rendered":"Long Light Block"},"content":{"rendered":"<p>Der Long Light Block ist nat\u00fcrlich keine vollwertige Taschenlampe, aber dennoch eine gute Erg\u00e4nzung f\u00fcr beispielsweise den Krisenvorrat oder als einfache und auch effektive Lichtquelle f\u00fcr daheim. Der Reiz an der Sache liegt daran, dass der LED Aufsatz auf eine handels\u00fcbliche 9 Volt Batterie (den guten alten 9Volt Block) aufgesetzt werden kann.<\/p>\n<p>Es gibt 2 Leuchtmodi. Ein Sparmodus mit 2 eingeschalteten LEDs, der f\u00fcr das einfache Ausleuchten absolut ausreichend ist, daf\u00fcr aber lange Zeit Licht abgibt.<\/p>\n<p>Beziehungsweise den vollen Lichtmodus mit allen eingeschalteten LEDS.<\/p>\n<p>Der Vorteil des Produkts liegt an der Kompaktheit und einfachen Verf\u00fcg- und Auswechselbarkeit der Energiequelle, also des 9 Volt Blocks. Der Einsatz ist auf jeden Fall f\u00fcr den Indoorbereich gedacht und somit im Zusammenhang mit Krisenvorbereitung und Vorbereitung auf Blackout bzw. Stromausfall eine gute Erg\u00e4nzung.<\/p>\n<p>Auch, wenn dieses Produkt als Gimmick erscheint, ist es genauso wie unser <a href=\"https:\/\/ueberlebenskunst.at\/survivalshop\/shop\/der-letzte-feuerstahl-deines-lebens\/\" target=\"_blank\" rel=\"noopener\">letzter Feuerstahl deines Lebens<\/a> ein Teil, dass in 99,9 Prozent der F\u00e4lle f\u00fcr die Krisenvorbereitung keine Rolle spielt. Aber, wenn es ben\u00f6tigt wird, es das Gewicht in Gold wert ist.<\/p>\n<h3><strong>Produktdaten:<\/strong><\/h3>\n<ul>\n<li>Farbtemperatur (CCT): 6000 &#8211; 8000<\/li>\n<li>Lebensdauer: 10000 h<\/li>\n<li>Gewicht: 45 g<\/li>\n<li>Taschenlampentyp: 6 wei\u00dfe LEDs<\/li>\n<li>Batterietyp: 9V PAKKO-Batterie<\/li>\n<li>Leuchtdauer: &gt;12 h<\/li>\n<li>Lampenlichtstrom: 40Lm\u00b110 %<\/li>\n<li>Gr\u00f6\u00dfe: 26 * 17 * 70 mm<\/li>\n<li>Lichtmodus: High-Low-Modus<\/li>\n<\/ul>\n","protected":false},"excerpt":{"rendered":"<p>Der Long Light Block ist nat\u00fcrlich keine vollwertige Taschenlampe, aber dennoch eine gute Erg\u00e4nzung f\u00fcr beispielsweise den Krisenvorrat oder als einfache und auch effektive Lichtquelle f\u00fcr daheim. Der Reiz an der Sache liegt daran, dass der LED Aufsatz auf eine handels\u00fcbliche 9 Volt Batterie (den guten alten 9Volt Block) aufgesetzt werden kann. Es gibt 2 [&hellip;]<\/p>\n","protected":false},"featured_media":142637,"comment_status":"open","ping_status":"closed","template":"","meta":{"_acf_changed":false},"product_brand":[],"product_cat":[1101],"product_tag":[2557,1273],"class_list":{"0":"post-89144","1":"product","2":"type-product","3":"status-publish","4":"has-post-thumbnail","6":"product_cat-ausruestung","7":"product_tag-bf2025","8":"product_tag-reini-rossmann","10":"first","11":"instock","12":"sale","13":"taxable","14":"shipping-taxable","15":"purchasable","16":"product-type-simple"},"acf":[],"yoast_head":"<!-- This site is optimized with the Yoast SEO plugin v27.1.1 - https:\/\/yoast.com\/product\/yoast-seo-wordpress\/ -->\n<title>Long Light Block<\/title>\n<meta name=\"description\" content=\"Farbtemperatur (CCT): 6000-8000, Lebensdauer :10000h, Gewicht: 45g, Taschenlampentyp: 6 wei\u00dfe LEDs, Batterietyp: 9V PAKKO-Batterie.\" \/>\n<meta name=\"robots\" content=\"index, follow, max-snippet:-1, max-image-preview:large, max-video-preview:-1\" \/>\n<link rel=\"canonical\" href=\"https:\/\/ueberlebenskunst.at\/survivalshop\/shop\/long-light-block\/\" \/>\n<meta property=\"og:locale\" content=\"de_DE\" \/>\n<meta property=\"og:type\" content=\"article\" \/>\n<meta property=\"og:title\" content=\"Long Light Block\" \/>\n<meta property=\"og:description\" content=\"Farbtemperatur (CCT): 6000-8000, Lebensdauer :10000h, Gewicht: 45g, Taschenlampentyp: 6 wei\u00dfe LEDs, Batterietyp: 9V PAKKO-Batterie.\" \/>\n<meta property=\"og:url\" content=\"https:\/\/ueberlebenskunst.at\/survivalshop\/shop\/long-light-block\/\" \/>\n<meta property=\"og:site_name\" content=\"Reini Rossmann - Survival Shop\" \/>\n<meta property=\"article:publisher\" content=\"https:\/\/www.facebook.com\/survival24.org\/\" \/>\n<meta property=\"article:modified_time\" content=\"2026-04-15T21:33:12+00:00\" \/>\n<meta property=\"og:image\" content=\"https:\/\/ueberlebenskunst.at\/survivalshop\/wp-content\/uploads\/2022\/05\/LongLightBlock_Blocklight_sk_.jpg\" \/>\n\t<meta property=\"og:image:width\" content=\"400\" \/>\n\t<meta property=\"og:image:height\" content=\"400\" \/>\n\t<meta property=\"og:image:type\" content=\"image\/jpeg\" \/>\n<meta name=\"twitter:card\" content=\"summary_large_image\" \/>\n<meta name=\"twitter:label1\" content=\"Gesch\u00e4tzte Lesezeit\" \/>\n\t<meta name=\"twitter:data1\" content=\"2\u00a0Minuten\" \/>\n<script type=\"application\/ld+json\" class=\"yoast-schema-graph\">{\"@context\":\"https:\/\/schema.org\",\"@graph\":[{\"@type\":\"WebPage\",\"@id\":\"https:\/\/ueberlebenskunst.at\/survivalshop\/shop\/long-light-block\/\",\"url\":\"https:\/\/ueberlebenskunst.at\/survivalshop\/shop\/long-light-block\/\",\"name\":\"Long Light Block\",\"isPartOf\":{\"@id\":\"https:\/\/ueberlebenskunst.at\/survivalshop\/#website\"},\"primaryImageOfPage\":{\"@id\":\"https:\/\/ueberlebenskunst.at\/survivalshop\/shop\/long-light-block\/#primaryimage\"},\"image\":{\"@id\":\"https:\/\/ueberlebenskunst.at\/survivalshop\/shop\/long-light-block\/#primaryimage\"},\"thumbnailUrl\":\"https:\/\/ueberlebenskunst.at\/survivalshop\/wp-content\/uploads\/2022\/05\/LongLightBlock_Blocklight_sk_.jpg\",\"datePublished\":\"2022-05-12T08:54:58+00:00\",\"dateModified\":\"2026-04-15T21:33:12+00:00\",\"description\":\"Farbtemperatur (CCT): 6000-8000, Lebensdauer :10000h, Gewicht: 45g, Taschenlampentyp: 6 wei\u00dfe LEDs, Batterietyp: 9V PAKKO-Batterie.\",\"breadcrumb\":{\"@id\":\"https:\/\/ueberlebenskunst.at\/survivalshop\/shop\/long-light-block\/#breadcrumb\"},\"inLanguage\":\"de\",\"potentialAction\":[{\"@type\":\"ReadAction\",\"target\":[\"https:\/\/ueberlebenskunst.at\/survivalshop\/shop\/long-light-block\/\"]}]},{\"@type\":\"ImageObject\",\"inLanguage\":\"de\",\"@id\":\"https:\/\/ueberlebenskunst.at\/survivalshop\/shop\/long-light-block\/#primaryimage\",\"url\":\"https:\/\/ueberlebenskunst.at\/survivalshop\/wp-content\/uploads\/2022\/05\/LongLightBlock_Blocklight_sk_.jpg\",\"contentUrl\":\"https:\/\/ueberlebenskunst.at\/survivalshop\/wp-content\/uploads\/2022\/05\/LongLightBlock_Blocklight_sk_.jpg\",\"width\":400,\"height\":400},{\"@type\":\"BreadcrumbList\",\"@id\":\"https:\/\/ueberlebenskunst.at\/survivalshop\/shop\/long-light-block\/#breadcrumb\",\"itemListElement\":[{\"@type\":\"ListItem\",\"position\":1,\"name\":\"Startseite\",\"item\":\"https:\/\/ueberlebenskunst.at\/survivalshop\/\"},{\"@type\":\"ListItem\",\"position\":2,\"name\":\"Shop\",\"item\":\"https:\/\/ueberlebenskunst.at\/survivalshop\/shop\/\"},{\"@type\":\"ListItem\",\"position\":3,\"name\":\"Long Light Block\"}]},{\"@type\":\"WebSite\",\"@id\":\"https:\/\/ueberlebenskunst.at\/survivalshop\/#website\",\"url\":\"https:\/\/ueberlebenskunst.at\/survivalshop\/\",\"name\":\"Reini Rossmann - Survival Shop\",\"description\":\"Survival Shop f\u00fcr Survival, Bushcraft und Prepper\",\"potentialAction\":[{\"@type\":\"SearchAction\",\"target\":{\"@type\":\"EntryPoint\",\"urlTemplate\":\"https:\/\/ueberlebenskunst.at\/survivalshop\/?s={search_term_string}\"},\"query-input\":{\"@type\":\"PropertyValueSpecification\",\"valueRequired\":true,\"valueName\":\"search_term_string\"}}],\"inLanguage\":\"de\"}]}<\/script>\n<!-- \/ Yoast SEO plugin. -->","yoast_head_json":{"title":"Long Light Block","description":"Farbtemperatur (CCT): 6000-8000, Lebensdauer :10000h, Gewicht: 45g, Taschenlampentyp: 6 wei\u00dfe LEDs, Batterietyp: 9V PAKKO-Batterie.","robots":{"index":"index","follow":"follow","max-snippet":"max-snippet:-1","max-image-preview":"max-image-preview:large","max-video-preview":"max-video-preview:-1"},"canonical":"https:\/\/ueberlebenskunst.at\/survivalshop\/shop\/long-light-block\/","og_locale":"de_DE","og_type":"article","og_title":"Long Light Block","og_description":"Farbtemperatur (CCT): 6000-8000, Lebensdauer :10000h, Gewicht: 45g, Taschenlampentyp: 6 wei\u00dfe LEDs, Batterietyp: 9V PAKKO-Batterie.","og_url":"https:\/\/ueberlebenskunst.at\/survivalshop\/shop\/long-light-block\/","og_site_name":"Reini Rossmann - Survival Shop","article_publisher":"https:\/\/www.facebook.com\/survival24.org\/","article_modified_time":"2026-04-15T21:33:12+00:00","og_image":[{"width":400,"height":400,"url":"https:\/\/ueberlebenskunst.at\/survivalshop\/wp-content\/uploads\/2022\/05\/LongLightBlock_Blocklight_sk_.jpg","type":"image\/jpeg"}],"twitter_card":"summary_large_image","twitter_misc":{"Gesch\u00e4tzte Lesezeit":"2\u00a0Minuten"},"schema":{"@context":"https:\/\/schema.org","@graph":[{"@type":"WebPage","@id":"https:\/\/ueberlebenskunst.at\/survivalshop\/shop\/long-light-block\/","url":"https:\/\/ueberlebenskunst.at\/survivalshop\/shop\/long-light-block\/","name":"Long Light Block","isPartOf":{"@id":"https:\/\/ueberlebenskunst.at\/survivalshop\/#website"},"primaryImageOfPage":{"@id":"https:\/\/ueberlebenskunst.at\/survivalshop\/shop\/long-light-block\/#primaryimage"},"image":{"@id":"https:\/\/ueberlebenskunst.at\/survivalshop\/shop\/long-light-block\/#primaryimage"},"thumbnailUrl":"https:\/\/ueberlebenskunst.at\/survivalshop\/wp-content\/uploads\/2022\/05\/LongLightBlock_Blocklight_sk_.jpg","datePublished":"2022-05-12T08:54:58+00:00","dateModified":"2026-04-15T21:33:12+00:00","description":"Farbtemperatur (CCT): 6000-8000, Lebensdauer :10000h, Gewicht: 45g, Taschenlampentyp: 6 wei\u00dfe LEDs, Batterietyp: 9V PAKKO-Batterie.","breadcrumb":{"@id":"https:\/\/ueberlebenskunst.at\/survivalshop\/shop\/long-light-block\/#breadcrumb"},"inLanguage":"de","potentialAction":[{"@type":"ReadAction","target":["https:\/\/ueberlebenskunst.at\/survivalshop\/shop\/long-light-block\/"]}]},{"@type":"ImageObject","inLanguage":"de","@id":"https:\/\/ueberlebenskunst.at\/survivalshop\/shop\/long-light-block\/#primaryimage","url":"https:\/\/ueberlebenskunst.at\/survivalshop\/wp-content\/uploads\/2022\/05\/LongLightBlock_Blocklight_sk_.jpg","contentUrl":"https:\/\/ueberlebenskunst.at\/survivalshop\/wp-content\/uploads\/2022\/05\/LongLightBlock_Blocklight_sk_.jpg","width":400,"height":400},{"@type":"BreadcrumbList","@id":"https:\/\/ueberlebenskunst.at\/survivalshop\/shop\/long-light-block\/#breadcrumb","itemListElement":[{"@type":"ListItem","position":1,"name":"Startseite","item":"https:\/\/ueberlebenskunst.at\/survivalshop\/"},{"@type":"ListItem","position":2,"name":"Shop","item":"https:\/\/ueberlebenskunst.at\/survivalshop\/shop\/"},{"@type":"ListItem","position":3,"name":"Long Light Block"}]},{"@type":"WebSite","@id":"https:\/\/ueberlebenskunst.at\/survivalshop\/#website","url":"https:\/\/ueberlebenskunst.at\/survivalshop\/","name":"Reini Rossmann - Survival Shop","description":"Survival Shop f\u00fcr Survival, Bushcraft und Prepper","potentialAction":[{"@type":"SearchAction","target":{"@type":"EntryPoint","urlTemplate":"https:\/\/ueberlebenskunst.at\/survivalshop\/?s={search_term_string}"},"query-input":{"@type":"PropertyValueSpecification","valueRequired":true,"valueName":"search_term_string"}}],"inLanguage":"de"}]}},"_links":{"self":[{"href":"https:\/\/ueberlebenskunst.at\/survivalshop\/wp-json\/wp\/v2\/product\/89144","targetHints":{"allow":["GET"]}}],"collection":[{"href":"https:\/\/ueberlebenskunst.at\/survivalshop\/wp-json\/wp\/v2\/product"}],"about":[{"href":"https:\/\/ueberlebenskunst.at\/survivalshop\/wp-json\/wp\/v2\/types\/product"}],"replies":[{"embeddable":true,"href":"https:\/\/ueberlebenskunst.at\/survivalshop\/wp-json\/wp\/v2\/comments?post=89144"}],"wp:featuredmedia":[{"embeddable":true,"href":"https:\/\/ueberlebenskunst.at\/survivalshop\/wp-json\/wp\/v2\/media\/142637"}],"wp:attachment":[{"href":"https:\/\/ueberlebenskunst.at\/survivalshop\/wp-json\/wp\/v2\/media?parent=89144"}],"wp:term":[{"taxonomy":"product_brand","embeddable":true,"href":"https:\/\/ueberlebenskunst.at\/survivalshop\/wp-json\/wp\/v2\/product_brand?post=89144"},{"taxonomy":"product_cat","embeddable":true,"href":"https:\/\/ueberlebenskunst.at\/survivalshop\/wp-json\/wp\/v2\/product_cat?post=89144"},{"taxonomy":"product_tag","embeddable":true,"href":"https:\/\/ueberlebenskunst.at\/survivalshop\/wp-json\/wp\/v2\/product_tag?post=89144"}],"curies":[{"name":"wp","href":"https:\/\/api.w.org\/{rel}","templated":true}]}}