{"id":87569,"date":"2022-04-25T14:20:35","date_gmt":"2022-04-25T12:20:35","guid":{"rendered":"https:\/\/ueberlebenskunst.at\/survivalshop\/?post_type=product&#038;p=87569"},"modified":"2025-06-26T14:31:13","modified_gmt":"2025-06-26T12:31:13","slug":"knives4-scheide-fuer-poweraccess-deluxe-multitool-von-sog","status":"publish","type":"product","link":"https:\/\/ueberlebenskunst.at\/survivalshop\/shop\/knives4-scheide-fuer-poweraccess-deluxe-multitool-von-sog\/","title":{"rendered":"K4 G\u00fcrtelscheide f\u00fcr SOG Power Access und Power Access Deluxe"},"content":{"rendered":"<p>Mit der K4 G\u00fcrtelscheide f\u00fcr SOG Power Access und Power Access Deluxe schnell mit einer Hand ziehen und nach der Arbeit wieder einh\u00e4ndig zur\u00fcckstecken. Die K4 G\u00fcrtelscheide ist f\u00fcr Links- und Rechtsh\u00e4nder gleicherma\u00dfen geeignet. Das SOG Power Access und das Power Access Deluxe passen perfekt in die Scheide, und die Einhandbedienung ist leicht m\u00f6glich. Aus unserer Sicht ist diese Scheide dann ideal, wenn du das Tool h\u00e4ufig in Gebrauch hast und immer wieder in die Scheide zur\u00fcckstecken musst. Nat\u00fcrlich ist die Knives4 Einhandsteckscheide mit allen Versionen des SOG Power Access Deluxe Multitools kompatibel (alle Farben und Special Editions). Alle unsere Scheiden sind: Made in Austria!<\/p>\n<p>Kompatibel mit: SOG Power Access und Power Access Deluxe.<\/p>\n<p>Wir weisen darauf hin, dass das Multitool ausdr\u00fccklich NICHT im Lieferumfang enthalten ist.<\/p>\n<h3><strong>Es gibt diese Varianten:<\/strong><\/h3>\n<ul>\n<li>SOG_PA01: Messerscheide<\/li>\n<li>SOG_PA02: Messerscheide + K4 EDC Lampe Mini<\/li>\n<li>SOG_PA51: Concealed Carry Messerscheide<\/li>\n<\/ul>\n<h3><strong>Produktdaten:<\/strong><\/h3>\n<ul>\n<li>SOG_PA01: Messerscheide: Gewicht: 38 g, Abmessungen: 34 x 49 x 59 mm<\/li>\n<li>SOG_PA02: Messerscheide + K4 EDC Lampe Mini: Gewicht: 37 g, Abmessungen: 36 x 58 x 70 mm<\/li>\n<li>SOG_PA51: Councile Carry Messerscheide: Gewicht: 36 g, Abmessungen: 32 x 58 x 75 mm<\/li>\n<\/ul>\n<h3><strong>Passt auf: <\/strong><\/h3>\n<ul>\n<li>G\u00fcrtel mit Breite von max. 44 mm und 4 mm St\u00e4rke<\/li>\n<\/ul>\n<h3><strong>Lieferumfang:<\/strong><\/h3>\n<ul>\n<li>SOG_PA01: Messerscheide<\/li>\n<li>SOG_PA02: Messerscheide + K4 EDC Lampe Mini<\/li>\n<li>SOG_PA51: Councile Carry Messerscheide<\/li>\n<li><strong>Achtung: auf den Produktbildern befindet sich optionales Zubeh\u00f6r, das im Lieferumfang NICHT enthalten ist.<\/strong><\/li>\n<\/ul>\n<h3><strong>Produktdetails zur K4 EDC Lampe Mini:<\/strong><\/h3>\n<p>Batterie: AAA (nicht im Lieferumfang enthalten)<br \/>\nAbmessungen: 67 x 15 mm<br \/>\n4Modus: (180 Lumen \/ 12 Lumen\/ 0,04 Lumen\/ Strobe mit 180 Lumen)<br \/>\nLeuchtdauer: bis zu 30 Min. bei 180 Lumen \/ 6 h bei 12 Lumen<\/p>\n<h3><strong>Bedienungs- &amp; Pflegeanleitung:<\/strong><\/h3>\n<ul>\n<li>Die Reinigung mit Wasser und Seife ist m\u00f6glich.<\/li>\n<li>Du solltest die Steckscheide nicht direkt in die N\u00e4he von Feuer oder anderen Hitzequellen legen!<\/li>\n<li>Wird deine Steckscheide \u00fcber l\u00e4ngere Zeit sehr kalten Temperaturen unter 0 \u00b0C ausgesetzt, solltest du<br \/>\nin dem Moment darauf achten, dass keine starken Belastungen darauf einwirken.<\/li>\n<\/ul>\n<p>Unsere Produkte sind nicht f\u00fcr Kinder unter 3 Jahren geeignet. Es besteht Verschluckungsgefahr.<\/p>\n<p><a href=\"https:\/\/ueberlebenskunst.at\/survivalshop\/wp-content\/uploads\/2021\/11\/Logo_Kinder.png\"><img decoding=\"async\" class=\"alignnone size-medium wp-image-179571\" src=\"https:\/\/ueberlebenskunst.at\/survivalshop\/wp-content\/uploads\/2021\/11\/Logo_Kinder-300x126.png\" alt=\"\" width=\"300\" height=\"126\" srcset=\"https:\/\/ueberlebenskunst.at\/survivalshop\/wp-content\/uploads\/2021\/11\/Logo_Kinder-300x126.png 300w, https:\/\/ueberlebenskunst.at\/survivalshop\/wp-content\/uploads\/2021\/11\/Logo_Kinder-64x27.png 64w, https:\/\/ueberlebenskunst.at\/survivalshop\/wp-content\/uploads\/2021\/11\/Logo_Kinder.png 401w\" sizes=\"(max-width: 300px) 100vw, 300px\" \/><\/a><\/p>\n<p><span style=\"color: #99cc00;\">Du willst das Produkt in einer anderen Farbe? Schick uns eine E-Mail an shop@ueberlebenskunst.at und wir pr\u00fcfen, ob dein Farbwunsch\u00a0m\u00f6glich\u00a0ist.<\/span><\/p>\n<p>&nbsp;<\/p>\n","protected":false},"excerpt":{"rendered":"<p>Mit der K4 G\u00fcrtelscheide f\u00fcr SOG Power Access und Power Access Deluxe schnell mit einer Hand ziehen und nach der Arbeit wieder einh\u00e4ndig zur\u00fcckstecken. Die K4 G\u00fcrtelscheide ist f\u00fcr Links- und Rechtsh\u00e4nder gleicherma\u00dfen geeignet. Das SOG Power Access und das Power Access Deluxe passen perfekt in die Scheide, und die Einhandbedienung ist leicht m\u00f6glich. Aus [&hellip;]<\/p>\n","protected":false},"featured_media":139769,"comment_status":"open","ping_status":"closed","template":"","meta":{"_acf_changed":false},"product_brand":[],"product_cat":[1945],"product_tag":[1256,1255,2091,896],"class_list":{"0":"post-87569","1":"product","2":"type-product","3":"status-publish","4":"has-post-thumbnail","6":"product_cat-survivalausruestung","7":"product_tag-k4","8":"product_tag-knives4","9":"product_tag-power-access","10":"product_tag-sog","12":"first","13":"instock","14":"taxable","15":"shipping-taxable","16":"purchasable","17":"product-type-variable","18":"has-default-attributes"},"acf":[],"yoast_head":"<!-- This site is optimized with the Yoast SEO plugin v27.1.1 - https:\/\/yoast.com\/product\/yoast-seo-wordpress\/ -->\n<title>K4 G\u00fcrtelscheide f\u00fcr SOG Power Access und Power Access Deluxe<\/title>\n<meta name=\"description\" content=\"Mit der Knives4 Einhandg\u00fcrtelscheide kannst du dein SOG Poweraccess Deluxe Multitool schnell mit einer Hand ziehen und nach der Arbeit wieder einh\u00e4ndig zur\u00fcckstecken.\" \/>\n<meta name=\"robots\" content=\"index, follow, max-snippet:-1, max-image-preview:large, max-video-preview:-1\" \/>\n<link rel=\"canonical\" href=\"https:\/\/ueberlebenskunst.at\/survivalshop\/shop\/knives4-scheide-fuer-poweraccess-deluxe-multitool-von-sog\/\" \/>\n<meta property=\"og:locale\" content=\"de_DE\" \/>\n<meta property=\"og:type\" content=\"article\" \/>\n<meta property=\"og:title\" content=\"K4 G\u00fcrtelscheide f\u00fcr SOG Power Access und Power Access Deluxe\" \/>\n<meta property=\"og:description\" content=\"Mit der Knives4 Einhandg\u00fcrtelscheide kannst du dein SOG Poweraccess Deluxe Multitool schnell mit einer Hand ziehen und nach der Arbeit wieder einh\u00e4ndig zur\u00fcckstecken.\" \/>\n<meta property=\"og:url\" content=\"https:\/\/ueberlebenskunst.at\/survivalshop\/shop\/knives4-scheide-fuer-poweraccess-deluxe-multitool-von-sog\/\" \/>\n<meta property=\"og:site_name\" content=\"Reini Rossmann - Survival Shop\" \/>\n<meta property=\"article:publisher\" content=\"https:\/\/www.facebook.com\/survival24.org\/\" \/>\n<meta property=\"article:modified_time\" content=\"2025-06-26T12:31:13+00:00\" \/>\n<meta property=\"og:image\" content=\"https:\/\/ueberlebenskunst.at\/survivalshop\/wp-content\/uploads\/2022\/04\/K4_Guertelscheide_SOG_Power_Access_Deluxe_PA01_sk.jpg\" \/>\n\t<meta property=\"og:image:width\" content=\"400\" \/>\n\t<meta property=\"og:image:height\" content=\"400\" \/>\n\t<meta property=\"og:image:type\" content=\"image\/jpeg\" \/>\n<meta name=\"twitter:card\" content=\"summary_large_image\" \/>\n<meta name=\"twitter:label1\" content=\"Gesch\u00e4tzte Lesezeit\" \/>\n\t<meta name=\"twitter:data1\" content=\"3\u00a0Minuten\" \/>\n<script type=\"application\/ld+json\" class=\"yoast-schema-graph\">{\"@context\":\"https:\/\/schema.org\",\"@graph\":[{\"@type\":\"WebPage\",\"@id\":\"https:\/\/ueberlebenskunst.at\/survivalshop\/shop\/knives4-scheide-fuer-poweraccess-deluxe-multitool-von-sog\/\",\"url\":\"https:\/\/ueberlebenskunst.at\/survivalshop\/shop\/knives4-scheide-fuer-poweraccess-deluxe-multitool-von-sog\/\",\"name\":\"K4 G\u00fcrtelscheide f\u00fcr SOG Power Access und Power Access Deluxe\",\"isPartOf\":{\"@id\":\"https:\/\/ueberlebenskunst.at\/survivalshop\/#website\"},\"primaryImageOfPage\":{\"@id\":\"https:\/\/ueberlebenskunst.at\/survivalshop\/shop\/knives4-scheide-fuer-poweraccess-deluxe-multitool-von-sog\/#primaryimage\"},\"image\":{\"@id\":\"https:\/\/ueberlebenskunst.at\/survivalshop\/shop\/knives4-scheide-fuer-poweraccess-deluxe-multitool-von-sog\/#primaryimage\"},\"thumbnailUrl\":\"https:\/\/ueberlebenskunst.at\/survivalshop\/wp-content\/uploads\/2022\/04\/K4_Guertelscheide_SOG_Power_Access_Deluxe_PA01_sk.jpg\",\"datePublished\":\"2022-04-25T12:20:35+00:00\",\"dateModified\":\"2025-06-26T12:31:13+00:00\",\"description\":\"Mit der Knives4 Einhandg\u00fcrtelscheide kannst du dein SOG Poweraccess Deluxe Multitool schnell mit einer Hand ziehen und nach der Arbeit wieder einh\u00e4ndig zur\u00fcckstecken.\",\"breadcrumb\":{\"@id\":\"https:\/\/ueberlebenskunst.at\/survivalshop\/shop\/knives4-scheide-fuer-poweraccess-deluxe-multitool-von-sog\/#breadcrumb\"},\"inLanguage\":\"de\",\"potentialAction\":[{\"@type\":\"ReadAction\",\"target\":[\"https:\/\/ueberlebenskunst.at\/survivalshop\/shop\/knives4-scheide-fuer-poweraccess-deluxe-multitool-von-sog\/\"]}]},{\"@type\":\"ImageObject\",\"inLanguage\":\"de\",\"@id\":\"https:\/\/ueberlebenskunst.at\/survivalshop\/shop\/knives4-scheide-fuer-poweraccess-deluxe-multitool-von-sog\/#primaryimage\",\"url\":\"https:\/\/ueberlebenskunst.at\/survivalshop\/wp-content\/uploads\/2022\/04\/K4_Guertelscheide_SOG_Power_Access_Deluxe_PA01_sk.jpg\",\"contentUrl\":\"https:\/\/ueberlebenskunst.at\/survivalshop\/wp-content\/uploads\/2022\/04\/K4_Guertelscheide_SOG_Power_Access_Deluxe_PA01_sk.jpg\",\"width\":400,\"height\":400},{\"@type\":\"BreadcrumbList\",\"@id\":\"https:\/\/ueberlebenskunst.at\/survivalshop\/shop\/knives4-scheide-fuer-poweraccess-deluxe-multitool-von-sog\/#breadcrumb\",\"itemListElement\":[{\"@type\":\"ListItem\",\"position\":1,\"name\":\"Startseite\",\"item\":\"https:\/\/ueberlebenskunst.at\/survivalshop\/\"},{\"@type\":\"ListItem\",\"position\":2,\"name\":\"Shop\",\"item\":\"https:\/\/ueberlebenskunst.at\/survivalshop\/shop\/\"},{\"@type\":\"ListItem\",\"position\":3,\"name\":\"K4 G\u00fcrtelscheide f\u00fcr SOG Power Access und Power Access Deluxe\"}]},{\"@type\":\"WebSite\",\"@id\":\"https:\/\/ueberlebenskunst.at\/survivalshop\/#website\",\"url\":\"https:\/\/ueberlebenskunst.at\/survivalshop\/\",\"name\":\"Reini Rossmann - Survival Shop\",\"description\":\"Survival Shop f\u00fcr Survival, Bushcraft und Prepper\",\"potentialAction\":[{\"@type\":\"SearchAction\",\"target\":{\"@type\":\"EntryPoint\",\"urlTemplate\":\"https:\/\/ueberlebenskunst.at\/survivalshop\/?s={search_term_string}\"},\"query-input\":{\"@type\":\"PropertyValueSpecification\",\"valueRequired\":true,\"valueName\":\"search_term_string\"}}],\"inLanguage\":\"de\"}]}<\/script>\n<!-- \/ Yoast SEO plugin. -->","yoast_head_json":{"title":"K4 G\u00fcrtelscheide f\u00fcr SOG Power Access und Power Access Deluxe","description":"Mit der Knives4 Einhandg\u00fcrtelscheide kannst du dein SOG Poweraccess Deluxe Multitool schnell mit einer Hand ziehen und nach der Arbeit wieder einh\u00e4ndig zur\u00fcckstecken.","robots":{"index":"index","follow":"follow","max-snippet":"max-snippet:-1","max-image-preview":"max-image-preview:large","max-video-preview":"max-video-preview:-1"},"canonical":"https:\/\/ueberlebenskunst.at\/survivalshop\/shop\/knives4-scheide-fuer-poweraccess-deluxe-multitool-von-sog\/","og_locale":"de_DE","og_type":"article","og_title":"K4 G\u00fcrtelscheide f\u00fcr SOG Power Access und Power Access Deluxe","og_description":"Mit der Knives4 Einhandg\u00fcrtelscheide kannst du dein SOG Poweraccess Deluxe Multitool schnell mit einer Hand ziehen und nach der Arbeit wieder einh\u00e4ndig zur\u00fcckstecken.","og_url":"https:\/\/ueberlebenskunst.at\/survivalshop\/shop\/knives4-scheide-fuer-poweraccess-deluxe-multitool-von-sog\/","og_site_name":"Reini Rossmann - Survival Shop","article_publisher":"https:\/\/www.facebook.com\/survival24.org\/","article_modified_time":"2025-06-26T12:31:13+00:00","og_image":[{"width":400,"height":400,"url":"https:\/\/ueberlebenskunst.at\/survivalshop\/wp-content\/uploads\/2022\/04\/K4_Guertelscheide_SOG_Power_Access_Deluxe_PA01_sk.jpg","type":"image\/jpeg"}],"twitter_card":"summary_large_image","twitter_misc":{"Gesch\u00e4tzte Lesezeit":"3\u00a0Minuten"},"schema":{"@context":"https:\/\/schema.org","@graph":[{"@type":"WebPage","@id":"https:\/\/ueberlebenskunst.at\/survivalshop\/shop\/knives4-scheide-fuer-poweraccess-deluxe-multitool-von-sog\/","url":"https:\/\/ueberlebenskunst.at\/survivalshop\/shop\/knives4-scheide-fuer-poweraccess-deluxe-multitool-von-sog\/","name":"K4 G\u00fcrtelscheide f\u00fcr SOG Power Access und Power Access Deluxe","isPartOf":{"@id":"https:\/\/ueberlebenskunst.at\/survivalshop\/#website"},"primaryImageOfPage":{"@id":"https:\/\/ueberlebenskunst.at\/survivalshop\/shop\/knives4-scheide-fuer-poweraccess-deluxe-multitool-von-sog\/#primaryimage"},"image":{"@id":"https:\/\/ueberlebenskunst.at\/survivalshop\/shop\/knives4-scheide-fuer-poweraccess-deluxe-multitool-von-sog\/#primaryimage"},"thumbnailUrl":"https:\/\/ueberlebenskunst.at\/survivalshop\/wp-content\/uploads\/2022\/04\/K4_Guertelscheide_SOG_Power_Access_Deluxe_PA01_sk.jpg","datePublished":"2022-04-25T12:20:35+00:00","dateModified":"2025-06-26T12:31:13+00:00","description":"Mit der Knives4 Einhandg\u00fcrtelscheide kannst du dein SOG Poweraccess Deluxe Multitool schnell mit einer Hand ziehen und nach der Arbeit wieder einh\u00e4ndig zur\u00fcckstecken.","breadcrumb":{"@id":"https:\/\/ueberlebenskunst.at\/survivalshop\/shop\/knives4-scheide-fuer-poweraccess-deluxe-multitool-von-sog\/#breadcrumb"},"inLanguage":"de","potentialAction":[{"@type":"ReadAction","target":["https:\/\/ueberlebenskunst.at\/survivalshop\/shop\/knives4-scheide-fuer-poweraccess-deluxe-multitool-von-sog\/"]}]},{"@type":"ImageObject","inLanguage":"de","@id":"https:\/\/ueberlebenskunst.at\/survivalshop\/shop\/knives4-scheide-fuer-poweraccess-deluxe-multitool-von-sog\/#primaryimage","url":"https:\/\/ueberlebenskunst.at\/survivalshop\/wp-content\/uploads\/2022\/04\/K4_Guertelscheide_SOG_Power_Access_Deluxe_PA01_sk.jpg","contentUrl":"https:\/\/ueberlebenskunst.at\/survivalshop\/wp-content\/uploads\/2022\/04\/K4_Guertelscheide_SOG_Power_Access_Deluxe_PA01_sk.jpg","width":400,"height":400},{"@type":"BreadcrumbList","@id":"https:\/\/ueberlebenskunst.at\/survivalshop\/shop\/knives4-scheide-fuer-poweraccess-deluxe-multitool-von-sog\/#breadcrumb","itemListElement":[{"@type":"ListItem","position":1,"name":"Startseite","item":"https:\/\/ueberlebenskunst.at\/survivalshop\/"},{"@type":"ListItem","position":2,"name":"Shop","item":"https:\/\/ueberlebenskunst.at\/survivalshop\/shop\/"},{"@type":"ListItem","position":3,"name":"K4 G\u00fcrtelscheide f\u00fcr SOG Power Access und Power Access Deluxe"}]},{"@type":"WebSite","@id":"https:\/\/ueberlebenskunst.at\/survivalshop\/#website","url":"https:\/\/ueberlebenskunst.at\/survivalshop\/","name":"Reini Rossmann - Survival Shop","description":"Survival Shop f\u00fcr Survival, Bushcraft und Prepper","potentialAction":[{"@type":"SearchAction","target":{"@type":"EntryPoint","urlTemplate":"https:\/\/ueberlebenskunst.at\/survivalshop\/?s={search_term_string}"},"query-input":{"@type":"PropertyValueSpecification","valueRequired":true,"valueName":"search_term_string"}}],"inLanguage":"de"}]}},"_links":{"self":[{"href":"https:\/\/ueberlebenskunst.at\/survivalshop\/wp-json\/wp\/v2\/product\/87569","targetHints":{"allow":["GET"]}}],"collection":[{"href":"https:\/\/ueberlebenskunst.at\/survivalshop\/wp-json\/wp\/v2\/product"}],"about":[{"href":"https:\/\/ueberlebenskunst.at\/survivalshop\/wp-json\/wp\/v2\/types\/product"}],"replies":[{"embeddable":true,"href":"https:\/\/ueberlebenskunst.at\/survivalshop\/wp-json\/wp\/v2\/comments?post=87569"}],"wp:featuredmedia":[{"embeddable":true,"href":"https:\/\/ueberlebenskunst.at\/survivalshop\/wp-json\/wp\/v2\/media\/139769"}],"wp:attachment":[{"href":"https:\/\/ueberlebenskunst.at\/survivalshop\/wp-json\/wp\/v2\/media?parent=87569"}],"wp:term":[{"taxonomy":"product_brand","embeddable":true,"href":"https:\/\/ueberlebenskunst.at\/survivalshop\/wp-json\/wp\/v2\/product_brand?post=87569"},{"taxonomy":"product_cat","embeddable":true,"href":"https:\/\/ueberlebenskunst.at\/survivalshop\/wp-json\/wp\/v2\/product_cat?post=87569"},{"taxonomy":"product_tag","embeddable":true,"href":"https:\/\/ueberlebenskunst.at\/survivalshop\/wp-json\/wp\/v2\/product_tag?post=87569"}],"curies":[{"name":"wp","href":"https:\/\/api.w.org\/{rel}","templated":true}]}}