{"id":76175,"date":"2022-03-01T08:39:25","date_gmt":"2022-03-01T07:39:25","guid":{"rendered":"https:\/\/ueberlebenskunst.at\/survivalshop\/?post_type=product&#038;p=76175"},"modified":"2026-04-28T07:20:35","modified_gmt":"2026-04-28T05:20:35","slug":"stinger-ar-6-lampe-einzeln-ohne-montage","status":"publish","type":"product","link":"https:\/\/ueberlebenskunst.at\/survivalshop\/shop\/stinger-ar-6-lampe-einzeln-ohne-montage\/","title":{"rendered":"AR-6 Lampe f\u00fcr Steambow Stinger inkl. Alumontage"},"content":{"rendered":"<h3><strong>Lieferumfang:<\/strong><\/h3>\n<ul>\n<li>Universal-Montagehalterung f\u00fcr Bogensport<\/li>\n<li>taktische 300 Lumen Lampe<\/li>\n<li>passende <a href=\"https:\/\/ueberlebenskunst.at\/survivalshop\/shop\/batterie-set-cr123a\/\" target=\"_blank\" rel=\"noopener\">CR123A 3V<\/a> 1600 mAh Batterie<\/li>\n<li>alle Schrauben f\u00fcr Montage sowie Werkzeuge<\/li>\n<li>Montageanleitung<\/li>\n<\/ul>\n<h3><strong>Passt in folgende Halterungen und Systeme:<\/strong><\/h3>\n<ul>\n<li><a href=\"https:\/\/ueberlebenskunst.at\/survivalshop\/shop\/lampen-laserhalterung-fuer-steambow-stinger\/\">Universal Halterung Steambow Stinger 2<\/a><\/li>\n<\/ul>\n<p>Hinweis: Die Reini Rossmann GmbH ist eine Gesellschaft mit beschr\u00e4nkter Haftung nach \u00f6sterreichischem Recht. Du als K\u00e4ufer bist selbst daf\u00fcr verantwortlich, sicherzustellen, dass die bei uns bestellten Produkte in deinem Land gesetzlich zugelassen sind. F\u00fcr Schwierigkeiten, die dir aufgrund der rechtlichen Situation in deinem Land entstehen, \u00fcbernimmt die Reini Rossmann GmbH keine Haftung.<\/p>\n","protected":false},"excerpt":{"rendered":"<p>Lieferumfang: Universal-Montagehalterung f\u00fcr Bogensport taktische 300 Lumen Lampe passende CR123A 3V 1600 mAh Batterie alle Schrauben f\u00fcr Montage sowie Werkzeuge Montageanleitung Passt in folgende Halterungen und Systeme: Universal Halterung Steambow Stinger 2 Hinweis: Die Reini Rossmann GmbH ist eine Gesellschaft mit beschr\u00e4nkter Haftung nach \u00f6sterreichischem Recht. Du als K\u00e4ufer bist selbst daf\u00fcr verantwortlich, sicherzustellen, dass [&hellip;]<\/p>\n","protected":false},"featured_media":193367,"comment_status":"open","ping_status":"closed","template":"","meta":{"_acf_changed":false},"product_brand":[],"product_cat":[2332,1896,1894,1897,1893,1929],"product_tag":[961,975],"class_list":{"0":"post-76175","1":"product","2":"type-product","3":"status-publish","4":"has-post-thumbnail","6":"product_cat-ek-archery-revo-7","7":"product_cat-ek-archery-siege-bogensport-pfeil-kugel","8":"product_cat-ek-archery-vlad-bogensport-pfeil-kugel","9":"product_cat-man-kung-alligator-bogensport-pfeil-kugel","10":"product_cat-steambow-stinger-bogensport-pfeil-kugel","11":"product_cat-zielvorrichtung","12":"product_tag-stinger-2","13":"product_tag-stinger-2-zubehoer","15":"first","16":"instock","17":"taxable","18":"shipping-taxable","19":"purchasable","20":"product-type-simple"},"acf":[],"yoast_head":"<!-- This site is optimized with the Yoast SEO plugin v27.1.1 - https:\/\/yoast.com\/product\/yoast-seo-wordpress\/ -->\n<title>AR-6 Lampe f\u00fcr Steambow Stinger inkl. Alumontage<\/title>\n<meta name=\"description\" content=\"Diese Eigenkreation von Steambow ist eine kleine Taschenlampe mit einer Leuchtst\u00e4rke von 300 lm.Betrieben durch CR123A Batterien.\" \/>\n<meta name=\"robots\" content=\"index, follow, max-snippet:-1, max-image-preview:large, max-video-preview:-1\" \/>\n<link rel=\"canonical\" href=\"https:\/\/ueberlebenskunst.at\/survivalshop\/shop\/stinger-ar-6-lampe-einzeln-ohne-montage\/\" \/>\n<meta property=\"og:locale\" content=\"de_DE\" \/>\n<meta property=\"og:type\" content=\"article\" \/>\n<meta property=\"og:title\" content=\"AR-6 Lampe f\u00fcr Steambow Stinger inkl. Alumontage\" \/>\n<meta property=\"og:description\" content=\"Diese Eigenkreation von Steambow ist eine kleine Taschenlampe mit einer Leuchtst\u00e4rke von 300 lm.Betrieben durch CR123A Batterien.\" \/>\n<meta property=\"og:url\" content=\"https:\/\/ueberlebenskunst.at\/survivalshop\/shop\/stinger-ar-6-lampe-einzeln-ohne-montage\/\" \/>\n<meta property=\"og:site_name\" content=\"Reini Rossmann - Survival Shop\" \/>\n<meta property=\"article:publisher\" content=\"https:\/\/www.facebook.com\/survival24.org\/\" \/>\n<meta property=\"article:modified_time\" content=\"2026-04-28T05:20:35+00:00\" \/>\n<meta property=\"og:image\" content=\"https:\/\/ueberlebenskunst.at\/survivalshop\/wp-content\/uploads\/2022\/03\/LampeHalt.jpg\" \/>\n\t<meta property=\"og:image:width\" content=\"400\" \/>\n\t<meta property=\"og:image:height\" content=\"381\" \/>\n\t<meta property=\"og:image:type\" content=\"image\/jpeg\" \/>\n<meta name=\"twitter:card\" content=\"summary_large_image\" \/>\n<meta name=\"twitter:label1\" content=\"Gesch\u00e4tzte Lesezeit\" \/>\n\t<meta name=\"twitter:data1\" content=\"1\u00a0Minute\" \/>\n<script type=\"application\/ld+json\" class=\"yoast-schema-graph\">{\"@context\":\"https:\/\/schema.org\",\"@graph\":[{\"@type\":\"WebPage\",\"@id\":\"https:\/\/ueberlebenskunst.at\/survivalshop\/shop\/stinger-ar-6-lampe-einzeln-ohne-montage\/\",\"url\":\"https:\/\/ueberlebenskunst.at\/survivalshop\/shop\/stinger-ar-6-lampe-einzeln-ohne-montage\/\",\"name\":\"AR-6 Lampe f\u00fcr Steambow Stinger inkl. Alumontage\",\"isPartOf\":{\"@id\":\"https:\/\/ueberlebenskunst.at\/survivalshop\/#website\"},\"primaryImageOfPage\":{\"@id\":\"https:\/\/ueberlebenskunst.at\/survivalshop\/shop\/stinger-ar-6-lampe-einzeln-ohne-montage\/#primaryimage\"},\"image\":{\"@id\":\"https:\/\/ueberlebenskunst.at\/survivalshop\/shop\/stinger-ar-6-lampe-einzeln-ohne-montage\/#primaryimage\"},\"thumbnailUrl\":\"https:\/\/ueberlebenskunst.at\/survivalshop\/wp-content\/uploads\/2022\/03\/LampeHalt.jpg\",\"datePublished\":\"2022-03-01T07:39:25+00:00\",\"dateModified\":\"2026-04-28T05:20:35+00:00\",\"description\":\"Diese Eigenkreation von Steambow ist eine kleine Taschenlampe mit einer Leuchtst\u00e4rke von 300 lm.Betrieben durch CR123A Batterien.\",\"breadcrumb\":{\"@id\":\"https:\/\/ueberlebenskunst.at\/survivalshop\/shop\/stinger-ar-6-lampe-einzeln-ohne-montage\/#breadcrumb\"},\"inLanguage\":\"de\",\"potentialAction\":[{\"@type\":\"ReadAction\",\"target\":[\"https:\/\/ueberlebenskunst.at\/survivalshop\/shop\/stinger-ar-6-lampe-einzeln-ohne-montage\/\"]}]},{\"@type\":\"ImageObject\",\"inLanguage\":\"de\",\"@id\":\"https:\/\/ueberlebenskunst.at\/survivalshop\/shop\/stinger-ar-6-lampe-einzeln-ohne-montage\/#primaryimage\",\"url\":\"https:\/\/ueberlebenskunst.at\/survivalshop\/wp-content\/uploads\/2022\/03\/LampeHalt.jpg\",\"contentUrl\":\"https:\/\/ueberlebenskunst.at\/survivalshop\/wp-content\/uploads\/2022\/03\/LampeHalt.jpg\",\"width\":400,\"height\":381},{\"@type\":\"BreadcrumbList\",\"@id\":\"https:\/\/ueberlebenskunst.at\/survivalshop\/shop\/stinger-ar-6-lampe-einzeln-ohne-montage\/#breadcrumb\",\"itemListElement\":[{\"@type\":\"ListItem\",\"position\":1,\"name\":\"Startseite\",\"item\":\"https:\/\/ueberlebenskunst.at\/survivalshop\/\"},{\"@type\":\"ListItem\",\"position\":2,\"name\":\"Shop\",\"item\":\"https:\/\/ueberlebenskunst.at\/survivalshop\/shop\/\"},{\"@type\":\"ListItem\",\"position\":3,\"name\":\"AR-6 Lampe f\u00fcr Steambow Stinger inkl. Alumontage\"}]},{\"@type\":\"WebSite\",\"@id\":\"https:\/\/ueberlebenskunst.at\/survivalshop\/#website\",\"url\":\"https:\/\/ueberlebenskunst.at\/survivalshop\/\",\"name\":\"Reini Rossmann - Survival Shop\",\"description\":\"Survival Shop f\u00fcr Survival, Bushcraft und Prepper\",\"potentialAction\":[{\"@type\":\"SearchAction\",\"target\":{\"@type\":\"EntryPoint\",\"urlTemplate\":\"https:\/\/ueberlebenskunst.at\/survivalshop\/?s={search_term_string}\"},\"query-input\":{\"@type\":\"PropertyValueSpecification\",\"valueRequired\":true,\"valueName\":\"search_term_string\"}}],\"inLanguage\":\"de\"}]}<\/script>\n<!-- \/ Yoast SEO plugin. -->","yoast_head_json":{"title":"AR-6 Lampe f\u00fcr Steambow Stinger inkl. Alumontage","description":"Diese Eigenkreation von Steambow ist eine kleine Taschenlampe mit einer Leuchtst\u00e4rke von 300 lm.Betrieben durch CR123A Batterien.","robots":{"index":"index","follow":"follow","max-snippet":"max-snippet:-1","max-image-preview":"max-image-preview:large","max-video-preview":"max-video-preview:-1"},"canonical":"https:\/\/ueberlebenskunst.at\/survivalshop\/shop\/stinger-ar-6-lampe-einzeln-ohne-montage\/","og_locale":"de_DE","og_type":"article","og_title":"AR-6 Lampe f\u00fcr Steambow Stinger inkl. Alumontage","og_description":"Diese Eigenkreation von Steambow ist eine kleine Taschenlampe mit einer Leuchtst\u00e4rke von 300 lm.Betrieben durch CR123A Batterien.","og_url":"https:\/\/ueberlebenskunst.at\/survivalshop\/shop\/stinger-ar-6-lampe-einzeln-ohne-montage\/","og_site_name":"Reini Rossmann - Survival Shop","article_publisher":"https:\/\/www.facebook.com\/survival24.org\/","article_modified_time":"2026-04-28T05:20:35+00:00","og_image":[{"width":400,"height":381,"url":"https:\/\/ueberlebenskunst.at\/survivalshop\/wp-content\/uploads\/2022\/03\/LampeHalt.jpg","type":"image\/jpeg"}],"twitter_card":"summary_large_image","twitter_misc":{"Gesch\u00e4tzte Lesezeit":"1\u00a0Minute"},"schema":{"@context":"https:\/\/schema.org","@graph":[{"@type":"WebPage","@id":"https:\/\/ueberlebenskunst.at\/survivalshop\/shop\/stinger-ar-6-lampe-einzeln-ohne-montage\/","url":"https:\/\/ueberlebenskunst.at\/survivalshop\/shop\/stinger-ar-6-lampe-einzeln-ohne-montage\/","name":"AR-6 Lampe f\u00fcr Steambow Stinger inkl. Alumontage","isPartOf":{"@id":"https:\/\/ueberlebenskunst.at\/survivalshop\/#website"},"primaryImageOfPage":{"@id":"https:\/\/ueberlebenskunst.at\/survivalshop\/shop\/stinger-ar-6-lampe-einzeln-ohne-montage\/#primaryimage"},"image":{"@id":"https:\/\/ueberlebenskunst.at\/survivalshop\/shop\/stinger-ar-6-lampe-einzeln-ohne-montage\/#primaryimage"},"thumbnailUrl":"https:\/\/ueberlebenskunst.at\/survivalshop\/wp-content\/uploads\/2022\/03\/LampeHalt.jpg","datePublished":"2022-03-01T07:39:25+00:00","dateModified":"2026-04-28T05:20:35+00:00","description":"Diese Eigenkreation von Steambow ist eine kleine Taschenlampe mit einer Leuchtst\u00e4rke von 300 lm.Betrieben durch CR123A Batterien.","breadcrumb":{"@id":"https:\/\/ueberlebenskunst.at\/survivalshop\/shop\/stinger-ar-6-lampe-einzeln-ohne-montage\/#breadcrumb"},"inLanguage":"de","potentialAction":[{"@type":"ReadAction","target":["https:\/\/ueberlebenskunst.at\/survivalshop\/shop\/stinger-ar-6-lampe-einzeln-ohne-montage\/"]}]},{"@type":"ImageObject","inLanguage":"de","@id":"https:\/\/ueberlebenskunst.at\/survivalshop\/shop\/stinger-ar-6-lampe-einzeln-ohne-montage\/#primaryimage","url":"https:\/\/ueberlebenskunst.at\/survivalshop\/wp-content\/uploads\/2022\/03\/LampeHalt.jpg","contentUrl":"https:\/\/ueberlebenskunst.at\/survivalshop\/wp-content\/uploads\/2022\/03\/LampeHalt.jpg","width":400,"height":381},{"@type":"BreadcrumbList","@id":"https:\/\/ueberlebenskunst.at\/survivalshop\/shop\/stinger-ar-6-lampe-einzeln-ohne-montage\/#breadcrumb","itemListElement":[{"@type":"ListItem","position":1,"name":"Startseite","item":"https:\/\/ueberlebenskunst.at\/survivalshop\/"},{"@type":"ListItem","position":2,"name":"Shop","item":"https:\/\/ueberlebenskunst.at\/survivalshop\/shop\/"},{"@type":"ListItem","position":3,"name":"AR-6 Lampe f\u00fcr Steambow Stinger inkl. Alumontage"}]},{"@type":"WebSite","@id":"https:\/\/ueberlebenskunst.at\/survivalshop\/#website","url":"https:\/\/ueberlebenskunst.at\/survivalshop\/","name":"Reini Rossmann - Survival Shop","description":"Survival Shop f\u00fcr Survival, Bushcraft und Prepper","potentialAction":[{"@type":"SearchAction","target":{"@type":"EntryPoint","urlTemplate":"https:\/\/ueberlebenskunst.at\/survivalshop\/?s={search_term_string}"},"query-input":{"@type":"PropertyValueSpecification","valueRequired":true,"valueName":"search_term_string"}}],"inLanguage":"de"}]}},"_links":{"self":[{"href":"https:\/\/ueberlebenskunst.at\/survivalshop\/wp-json\/wp\/v2\/product\/76175","targetHints":{"allow":["GET"]}}],"collection":[{"href":"https:\/\/ueberlebenskunst.at\/survivalshop\/wp-json\/wp\/v2\/product"}],"about":[{"href":"https:\/\/ueberlebenskunst.at\/survivalshop\/wp-json\/wp\/v2\/types\/product"}],"replies":[{"embeddable":true,"href":"https:\/\/ueberlebenskunst.at\/survivalshop\/wp-json\/wp\/v2\/comments?post=76175"}],"wp:featuredmedia":[{"embeddable":true,"href":"https:\/\/ueberlebenskunst.at\/survivalshop\/wp-json\/wp\/v2\/media\/193367"}],"wp:attachment":[{"href":"https:\/\/ueberlebenskunst.at\/survivalshop\/wp-json\/wp\/v2\/media?parent=76175"}],"wp:term":[{"taxonomy":"product_brand","embeddable":true,"href":"https:\/\/ueberlebenskunst.at\/survivalshop\/wp-json\/wp\/v2\/product_brand?post=76175"},{"taxonomy":"product_cat","embeddable":true,"href":"https:\/\/ueberlebenskunst.at\/survivalshop\/wp-json\/wp\/v2\/product_cat?post=76175"},{"taxonomy":"product_tag","embeddable":true,"href":"https:\/\/ueberlebenskunst.at\/survivalshop\/wp-json\/wp\/v2\/product_tag?post=76175"}],"curies":[{"name":"wp","href":"https:\/\/api.w.org\/{rel}","templated":true}]}}