{"id":5458,"date":"2017-11-22T22:42:00","date_gmt":"2017-11-22T21:42:00","guid":{"rendered":"https:\/\/ueberlebenskunst.at\/survivalshop\/survivalshop\/?post_type=product&#038;p=5458"},"modified":"2026-04-27T12:52:36","modified_gmt":"2026-04-27T10:52:36","slug":"sehnen-und-schienenwachs-fuer-armbrueste","status":"publish","type":"product","link":"https:\/\/ueberlebenskunst.at\/survivalshop\/shop\/sehnen-und-schienenwachs-fuer-armbrueste\/","title":{"rendered":"Sehnen- und Schienenwachs f\u00fcr Armbr\u00fcste"},"content":{"rendered":"<p>Dieses Schienen- und Sehnenwachs ist eine Notwendigkeit. Warum?<br \/>\nWeil durch das Schie\u00dfen mit der Armbrust zwischen der Sehne und der F\u00fchrungsschiene der Armbrust einiges an Reibung entsteht. Klar gibt es auch Ersatzsehnen, die du fr\u00fcher oder sp\u00e4ter brauchen wirst. Doch mit dem Wachsen verl\u00e4ngerst du die Lebenszeit deiner Armbrust massiv.<\/p>\n<p>Was bedeutet das? Mit der Zeit wird die Sehne rissig und unbrauchbar. Die Abhilfe ist dieses Sehnen- und Schienenwachs.<br \/>\nGenau passend f\u00fcr die Survival Armbr\u00fcste hier im Survival Shop.<\/p>\n<p><strong>Lieferumfang:<\/strong> 1 St\u00fcck Sehnen- und Schienenwachs mit ca. 4,25 g Wachs<\/p>\n<p>&nbsp;<\/p>\n<p><a href=\"https:\/\/ueberlebenskunst.at\/survivalshop\/wp-content\/uploads\/2017\/11\/T32320270003RA-LUBE-WAX-_-MSDS_-ENG-2023.05.8.pdf\" target=\"_blank\" rel=\"noopener\">&gt;&gt;Download Sicherheitsdatenblatt&lt;&lt; <\/a><\/p>\n<p>&nbsp;<\/p>\n","protected":false},"excerpt":{"rendered":"<p>Dieses Schienen- und Sehnenwachs ist eine Notwendigkeit. Warum? Weil durch das Schie\u00dfen mit der Armbrust zwischen der Sehne und der F\u00fchrungsschiene der Armbrust einiges an Reibung entsteht. Klar gibt es auch Ersatzsehnen, die du fr\u00fcher oder sp\u00e4ter brauchen wirst. Doch mit dem Wachsen verl\u00e4ngerst du die Lebenszeit deiner Armbrust massiv. Was bedeutet das? Mit der [&hellip;]<\/p>\n","protected":false},"featured_media":5459,"comment_status":"open","ping_status":"closed","template":"","meta":{"_acf_changed":false},"product_brand":[],"product_cat":[1895,2332,1896,1894,2563,1897,1925,1893],"product_tag":[975],"class_list":{"0":"post-5458","1":"product","2":"type-product","3":"status-publish","4":"has-post-thumbnail","6":"product_cat-ek-archery-adder-bogensport-pfeil-kugel","7":"product_cat-ek-archery-revo-7","8":"product_cat-ek-archery-siege-bogensport-pfeil-kugel","9":"product_cat-ek-archery-vlad-bogensport-pfeil-kugel","10":"product_cat-ek-archery-vulcan","11":"product_cat-man-kung-alligator-bogensport-pfeil-kugel","12":"product_cat-sehne","13":"product_cat-steambow-stinger-bogensport-pfeil-kugel","14":"product_tag-stinger-2-zubehoer","16":"first","17":"instock","18":"sale","19":"taxable","20":"shipping-taxable","21":"purchasable","22":"product-type-simple"},"acf":[],"yoast_head":"<!-- This site is optimized with the Yoast SEO plugin v27.1.1 - https:\/\/yoast.com\/product\/yoast-seo-wordpress\/ -->\n<title>Sehnen- und Schienenwachs f\u00fcr Armbr\u00fcste<\/title>\n<meta name=\"robots\" content=\"index, follow, max-snippet:-1, max-image-preview:large, max-video-preview:-1\" \/>\n<link rel=\"canonical\" href=\"https:\/\/ueberlebenskunst.at\/survivalshop\/shop\/sehnen-und-schienenwachs-fuer-armbrueste\/\" \/>\n<meta property=\"og:locale\" content=\"de_DE\" \/>\n<meta property=\"og:type\" content=\"article\" \/>\n<meta property=\"og:title\" content=\"Sehnen- und Schienenwachs f\u00fcr Armbr\u00fcste\" \/>\n<meta property=\"og:description\" content=\"Dieses Schienen- und Sehnenwachs ist eine Notwendigkeit. Warum? Weil durch das Schie\u00dfen mit der Armbrust zwischen der Sehne und der F\u00fchrungsschiene der Armbrust einiges an Reibung entsteht. Klar gibt es auch Ersatzsehnen, die du fr\u00fcher oder sp\u00e4ter brauchen wirst. Doch mit dem Wachsen verl\u00e4ngerst du die Lebenszeit deiner Armbrust massiv. Was bedeutet das? Mit der [&hellip;]\" \/>\n<meta property=\"og:url\" content=\"https:\/\/ueberlebenskunst.at\/survivalshop\/shop\/sehnen-und-schienenwachs-fuer-armbrueste\/\" \/>\n<meta property=\"og:site_name\" content=\"Reini Rossmann - Survival Shop\" \/>\n<meta property=\"article:publisher\" content=\"https:\/\/www.facebook.com\/survival24.org\/\" \/>\n<meta property=\"article:modified_time\" content=\"2026-04-27T10:52:36+00:00\" \/>\n<meta property=\"og:image\" content=\"https:\/\/ueberlebenskunst.at\/survivalshop\/wp-content\/uploads\/2017\/11\/Armbrust-Sehnenwachs.jpg\" \/>\n\t<meta property=\"og:image:width\" content=\"1064\" \/>\n\t<meta property=\"og:image:height\" content=\"908\" \/>\n\t<meta property=\"og:image:type\" content=\"image\/jpeg\" \/>\n<meta name=\"twitter:card\" content=\"summary_large_image\" \/>\n<meta name=\"twitter:label1\" content=\"Gesch\u00e4tzte Lesezeit\" \/>\n\t<meta name=\"twitter:data1\" content=\"1\u00a0Minute\" \/>\n<script type=\"application\/ld+json\" class=\"yoast-schema-graph\">{\"@context\":\"https:\/\/schema.org\",\"@graph\":[{\"@type\":\"WebPage\",\"@id\":\"https:\/\/ueberlebenskunst.at\/survivalshop\/shop\/sehnen-und-schienenwachs-fuer-armbrueste\/\",\"url\":\"https:\/\/ueberlebenskunst.at\/survivalshop\/shop\/sehnen-und-schienenwachs-fuer-armbrueste\/\",\"name\":\"Sehnen- und Schienenwachs f\u00fcr Armbr\u00fcste\",\"isPartOf\":{\"@id\":\"https:\/\/ueberlebenskunst.at\/survivalshop\/#website\"},\"primaryImageOfPage\":{\"@id\":\"https:\/\/ueberlebenskunst.at\/survivalshop\/shop\/sehnen-und-schienenwachs-fuer-armbrueste\/#primaryimage\"},\"image\":{\"@id\":\"https:\/\/ueberlebenskunst.at\/survivalshop\/shop\/sehnen-und-schienenwachs-fuer-armbrueste\/#primaryimage\"},\"thumbnailUrl\":\"https:\/\/ueberlebenskunst.at\/survivalshop\/wp-content\/uploads\/2017\/11\/Armbrust-Sehnenwachs.jpg\",\"datePublished\":\"2017-11-22T21:42:00+00:00\",\"dateModified\":\"2026-04-27T10:52:36+00:00\",\"breadcrumb\":{\"@id\":\"https:\/\/ueberlebenskunst.at\/survivalshop\/shop\/sehnen-und-schienenwachs-fuer-armbrueste\/#breadcrumb\"},\"inLanguage\":\"de\",\"potentialAction\":[{\"@type\":\"ReadAction\",\"target\":[\"https:\/\/ueberlebenskunst.at\/survivalshop\/shop\/sehnen-und-schienenwachs-fuer-armbrueste\/\"]}]},{\"@type\":\"ImageObject\",\"inLanguage\":\"de\",\"@id\":\"https:\/\/ueberlebenskunst.at\/survivalshop\/shop\/sehnen-und-schienenwachs-fuer-armbrueste\/#primaryimage\",\"url\":\"https:\/\/ueberlebenskunst.at\/survivalshop\/wp-content\/uploads\/2017\/11\/Armbrust-Sehnenwachs.jpg\",\"contentUrl\":\"https:\/\/ueberlebenskunst.at\/survivalshop\/wp-content\/uploads\/2017\/11\/Armbrust-Sehnenwachs.jpg\",\"width\":1064,\"height\":908},{\"@type\":\"BreadcrumbList\",\"@id\":\"https:\/\/ueberlebenskunst.at\/survivalshop\/shop\/sehnen-und-schienenwachs-fuer-armbrueste\/#breadcrumb\",\"itemListElement\":[{\"@type\":\"ListItem\",\"position\":1,\"name\":\"Startseite\",\"item\":\"https:\/\/ueberlebenskunst.at\/survivalshop\/\"},{\"@type\":\"ListItem\",\"position\":2,\"name\":\"Shop\",\"item\":\"https:\/\/ueberlebenskunst.at\/survivalshop\/shop\/\"},{\"@type\":\"ListItem\",\"position\":3,\"name\":\"Sehnen- und Schienenwachs f\u00fcr Armbr\u00fcste\"}]},{\"@type\":\"WebSite\",\"@id\":\"https:\/\/ueberlebenskunst.at\/survivalshop\/#website\",\"url\":\"https:\/\/ueberlebenskunst.at\/survivalshop\/\",\"name\":\"Reini Rossmann - Survival Shop\",\"description\":\"Survival Shop f\u00fcr Survival, Bushcraft und Prepper\",\"potentialAction\":[{\"@type\":\"SearchAction\",\"target\":{\"@type\":\"EntryPoint\",\"urlTemplate\":\"https:\/\/ueberlebenskunst.at\/survivalshop\/?s={search_term_string}\"},\"query-input\":{\"@type\":\"PropertyValueSpecification\",\"valueRequired\":true,\"valueName\":\"search_term_string\"}}],\"inLanguage\":\"de\"}]}<\/script>\n<!-- \/ Yoast SEO plugin. -->","yoast_head_json":{"title":"Sehnen- und Schienenwachs f\u00fcr Armbr\u00fcste","robots":{"index":"index","follow":"follow","max-snippet":"max-snippet:-1","max-image-preview":"max-image-preview:large","max-video-preview":"max-video-preview:-1"},"canonical":"https:\/\/ueberlebenskunst.at\/survivalshop\/shop\/sehnen-und-schienenwachs-fuer-armbrueste\/","og_locale":"de_DE","og_type":"article","og_title":"Sehnen- und Schienenwachs f\u00fcr Armbr\u00fcste","og_description":"Dieses Schienen- und Sehnenwachs ist eine Notwendigkeit. Warum? Weil durch das Schie\u00dfen mit der Armbrust zwischen der Sehne und der F\u00fchrungsschiene der Armbrust einiges an Reibung entsteht. Klar gibt es auch Ersatzsehnen, die du fr\u00fcher oder sp\u00e4ter brauchen wirst. Doch mit dem Wachsen verl\u00e4ngerst du die Lebenszeit deiner Armbrust massiv. Was bedeutet das? Mit der [&hellip;]","og_url":"https:\/\/ueberlebenskunst.at\/survivalshop\/shop\/sehnen-und-schienenwachs-fuer-armbrueste\/","og_site_name":"Reini Rossmann - Survival Shop","article_publisher":"https:\/\/www.facebook.com\/survival24.org\/","article_modified_time":"2026-04-27T10:52:36+00:00","og_image":[{"width":1064,"height":908,"url":"https:\/\/ueberlebenskunst.at\/survivalshop\/wp-content\/uploads\/2017\/11\/Armbrust-Sehnenwachs.jpg","type":"image\/jpeg"}],"twitter_card":"summary_large_image","twitter_misc":{"Gesch\u00e4tzte Lesezeit":"1\u00a0Minute"},"schema":{"@context":"https:\/\/schema.org","@graph":[{"@type":"WebPage","@id":"https:\/\/ueberlebenskunst.at\/survivalshop\/shop\/sehnen-und-schienenwachs-fuer-armbrueste\/","url":"https:\/\/ueberlebenskunst.at\/survivalshop\/shop\/sehnen-und-schienenwachs-fuer-armbrueste\/","name":"Sehnen- und Schienenwachs f\u00fcr Armbr\u00fcste","isPartOf":{"@id":"https:\/\/ueberlebenskunst.at\/survivalshop\/#website"},"primaryImageOfPage":{"@id":"https:\/\/ueberlebenskunst.at\/survivalshop\/shop\/sehnen-und-schienenwachs-fuer-armbrueste\/#primaryimage"},"image":{"@id":"https:\/\/ueberlebenskunst.at\/survivalshop\/shop\/sehnen-und-schienenwachs-fuer-armbrueste\/#primaryimage"},"thumbnailUrl":"https:\/\/ueberlebenskunst.at\/survivalshop\/wp-content\/uploads\/2017\/11\/Armbrust-Sehnenwachs.jpg","datePublished":"2017-11-22T21:42:00+00:00","dateModified":"2026-04-27T10:52:36+00:00","breadcrumb":{"@id":"https:\/\/ueberlebenskunst.at\/survivalshop\/shop\/sehnen-und-schienenwachs-fuer-armbrueste\/#breadcrumb"},"inLanguage":"de","potentialAction":[{"@type":"ReadAction","target":["https:\/\/ueberlebenskunst.at\/survivalshop\/shop\/sehnen-und-schienenwachs-fuer-armbrueste\/"]}]},{"@type":"ImageObject","inLanguage":"de","@id":"https:\/\/ueberlebenskunst.at\/survivalshop\/shop\/sehnen-und-schienenwachs-fuer-armbrueste\/#primaryimage","url":"https:\/\/ueberlebenskunst.at\/survivalshop\/wp-content\/uploads\/2017\/11\/Armbrust-Sehnenwachs.jpg","contentUrl":"https:\/\/ueberlebenskunst.at\/survivalshop\/wp-content\/uploads\/2017\/11\/Armbrust-Sehnenwachs.jpg","width":1064,"height":908},{"@type":"BreadcrumbList","@id":"https:\/\/ueberlebenskunst.at\/survivalshop\/shop\/sehnen-und-schienenwachs-fuer-armbrueste\/#breadcrumb","itemListElement":[{"@type":"ListItem","position":1,"name":"Startseite","item":"https:\/\/ueberlebenskunst.at\/survivalshop\/"},{"@type":"ListItem","position":2,"name":"Shop","item":"https:\/\/ueberlebenskunst.at\/survivalshop\/shop\/"},{"@type":"ListItem","position":3,"name":"Sehnen- und Schienenwachs f\u00fcr Armbr\u00fcste"}]},{"@type":"WebSite","@id":"https:\/\/ueberlebenskunst.at\/survivalshop\/#website","url":"https:\/\/ueberlebenskunst.at\/survivalshop\/","name":"Reini Rossmann - Survival Shop","description":"Survival Shop f\u00fcr Survival, Bushcraft und Prepper","potentialAction":[{"@type":"SearchAction","target":{"@type":"EntryPoint","urlTemplate":"https:\/\/ueberlebenskunst.at\/survivalshop\/?s={search_term_string}"},"query-input":{"@type":"PropertyValueSpecification","valueRequired":true,"valueName":"search_term_string"}}],"inLanguage":"de"}]}},"_links":{"self":[{"href":"https:\/\/ueberlebenskunst.at\/survivalshop\/wp-json\/wp\/v2\/product\/5458","targetHints":{"allow":["GET"]}}],"collection":[{"href":"https:\/\/ueberlebenskunst.at\/survivalshop\/wp-json\/wp\/v2\/product"}],"about":[{"href":"https:\/\/ueberlebenskunst.at\/survivalshop\/wp-json\/wp\/v2\/types\/product"}],"replies":[{"embeddable":true,"href":"https:\/\/ueberlebenskunst.at\/survivalshop\/wp-json\/wp\/v2\/comments?post=5458"}],"wp:featuredmedia":[{"embeddable":true,"href":"https:\/\/ueberlebenskunst.at\/survivalshop\/wp-json\/wp\/v2\/media\/5459"}],"wp:attachment":[{"href":"https:\/\/ueberlebenskunst.at\/survivalshop\/wp-json\/wp\/v2\/media?parent=5458"}],"wp:term":[{"taxonomy":"product_brand","embeddable":true,"href":"https:\/\/ueberlebenskunst.at\/survivalshop\/wp-json\/wp\/v2\/product_brand?post=5458"},{"taxonomy":"product_cat","embeddable":true,"href":"https:\/\/ueberlebenskunst.at\/survivalshop\/wp-json\/wp\/v2\/product_cat?post=5458"},{"taxonomy":"product_tag","embeddable":true,"href":"https:\/\/ueberlebenskunst.at\/survivalshop\/wp-json\/wp\/v2\/product_tag?post=5458"}],"curies":[{"name":"wp","href":"https:\/\/api.w.org\/{rel}","templated":true}]}}