{"id":40071,"date":"2021-09-03T11:12:49","date_gmt":"2021-09-03T09:12:49","guid":{"rendered":"https:\/\/ueberlebenskunst.at\/survivalshop\/?post_type=product&#038;p=40071"},"modified":"2026-05-04T21:10:13","modified_gmt":"2026-05-04T19:10:13","slug":"stinger-2-compact-pistolenarmbrust-schwarz","status":"publish","type":"product","link":"https:\/\/ueberlebenskunst.at\/survivalshop\/shop\/stinger-2-compact-pistolenarmbrust-schwarz\/","title":{"rendered":"Stinger 2 &#8220;Compact&#8221; Pistolenarmbrust"},"content":{"rendered":"<h3>Stinger 2 &#8220;Compact&#8221; Repetierarmbrust-Pistole<\/h3>\n<p>Die AR-6 Stinger II \u201eCompact\u201c sollte eigentlich &#8220;Speed&#8221; hei\u00dfen, denn diese kompakte und leichte Armbrust ist ideal f\u00fcr das schnelle Schie\u00dfen auf Zimmerdistanz. Und nat\u00fcrlich verf\u00fcgt diese Pistolenarmbrust \u00fcber das 6-sch\u00fcssige Magazin.<\/p>\n<p>Die Compact-Variante ist kompatibel mit allen anderen AR- 6 Stinger 2 Varianten und kann mit entsprechendem Zubeh\u00f6r vielf\u00e4ltig umgebaut werden. Das hei\u00dft konkret kannst du die Stinger Compact in eine Stinger Tactical umbauen und umgekehrt. Das passende Umbau-Kit macht dies m\u00f6glich. Das ist ein Vorteil, der die Armbr\u00fcste von Steambow einzigartig mit maximalen Einsatzbereichen macht.<\/p>\n<p>Hergestellt aus hochwertigem Polymer, damit extrem robust, sehr zuverl\u00e4ssig und durch die pr\u00e4zise Fertigung auf Distanzen bis 25 Meter zielgenau.<\/p>\n<p>Das direkte Spannsystem ben\u00f6tigt zwar mehr Kraftaufwand als bei der \u201eTactical\u201c Variante, daf\u00fcr sind deutlich schnellere Schussfolgen m\u00f6glich.<\/p>\n<p>Der verbaute Glas\/Carbon Wurfarm mit 35 lbs Zuggewicht ist sehr effizient und erreicht trotz des relativ geringen Zuggewichts eine erstaunlich hohe Energie von 10 Joules \u2013 so viel wie die meisten Pistolenarmbr\u00fcste mit 80 lbs erreichen.<\/p>\n<p><iframe hcb-fetch-image-from=\"https:\/\/www.youtube.com\/watch?v=YlR535KSJEo\" title=\"Spielzeug? Das ist t\u00f6dlich! Schusstest mit Armbrust Stinger 2\" width=\"640\" height=\"360\" src=\"https:\/\/www.youtube.com\/embed\/YlR535KSJEo?feature=oembed\" frameborder=\"0\" allow=\"accelerometer; autoplay; clipboard-write; encrypted-media; gyroscope; picture-in-picture; web-share\" referrerpolicy=\"strict-origin-when-cross-origin\" allowfullscreen><\/iframe><\/p>\n<h3>Lieferumfang:<\/h3>\n<ul>\n<li>Repetierarmbrustpistole mit Magazin (inkl. integriertem Zubeh\u00f6rfach mit verbauter Kappe) und direktem Spannsystem<\/li>\n<li>35 lbs \u201eStinger II CQ\u201c Wurfarm<\/li>\n<li>6 Bodkinpfeile mit geh\u00e4rter Stahlspitze<\/li>\n<li>2 Sehnen<\/li>\n<li>Aufspannhilfe<\/li>\n<li>Bedienungsanleitung<\/li>\n<li>Exklusiver Zugang zur eLearning Plattform mit Anleitungsvideo zur Montage und Pflege<\/li>\n<\/ul>\n<h3><strong>Passendes Zubeh\u00f6r (extra erh\u00e4ltlich):<\/strong><\/h3>\n<ul>\n<li><a href=\"https:\/\/ueberlebenskunst.at\/survivalshop\/shop\/steambow-armbrust-rucksack\/\" target=\"_blank\" rel=\"noopener\">AR-6 Steambow Stinger 2 Armbrust Survival-Tasche oliv<\/a><\/li>\n<\/ul>\n<p><strong>Achtung: Die Armbrust kann nur an Personen \u00fcber 18 Jahre abgegeben werden. <\/strong><strong>Bitte deine Ausweiskopie beim Bestellabschluss hochladen.<\/strong><\/p>\n","protected":false},"excerpt":{"rendered":"<p>&nbsp;<\/p>\n<div class=\"moz-text-html\" lang=\"x-unicode\">\n<p>&nbsp;<\/p>\n<\/div>\n","protected":false},"featured_media":40077,"comment_status":"open","ping_status":"closed","template":"","meta":{"_acf_changed":false},"product_brand":[],"product_cat":[1893],"product_tag":[405,490,2559,956],"class_list":{"0":"post-40071","1":"product","2":"type-product","3":"status-publish","4":"has-post-thumbnail","6":"product_cat-steambow-stinger-bogensport-pfeil-kugel","7":"product_tag-armbrust","8":"product_tag-steambow","9":"product_tag-steambow-pump-action","10":"product_tag-stinger2","12":"first","13":"instock","14":"taxable","15":"shipping-taxable","16":"product-type-simple"},"acf":[],"yoast_head":"<!-- This site is optimized with the Yoast SEO plugin v27.1.1 - https:\/\/yoast.com\/product\/yoast-seo-wordpress\/ -->\n<title>Stinger 2 &quot;Compact&quot; Pistolenarmbrust<\/title>\n<meta name=\"description\" content=\"Die AR-6 Stinger II \u201eCompact\u201c ist eine leichte und kompakte Pistolenarmbrust mit einem 6-sch\u00fcssigen Magazin.\" \/>\n<meta name=\"robots\" content=\"index, follow, max-snippet:-1, max-image-preview:large, max-video-preview:-1\" \/>\n<link rel=\"canonical\" href=\"https:\/\/ueberlebenskunst.at\/survivalshop\/shop\/stinger-2-compact-pistolenarmbrust-schwarz\/\" \/>\n<meta property=\"og:locale\" content=\"de_DE\" \/>\n<meta property=\"og:type\" content=\"article\" \/>\n<meta property=\"og:title\" content=\"Stinger 2 &quot;Compact&quot; Pistolenarmbrust\" \/>\n<meta property=\"og:description\" content=\"Die AR-6 Stinger II \u201eCompact\u201c ist eine leichte und kompakte Pistolenarmbrust mit einem 6-sch\u00fcssigen Magazin.\" \/>\n<meta property=\"og:url\" content=\"https:\/\/ueberlebenskunst.at\/survivalshop\/shop\/stinger-2-compact-pistolenarmbrust-schwarz\/\" \/>\n<meta property=\"og:site_name\" content=\"Reini Rossmann - Survival Shop\" \/>\n<meta property=\"article:publisher\" content=\"https:\/\/www.facebook.com\/survival24.org\/\" \/>\n<meta property=\"article:modified_time\" content=\"2026-05-04T19:10:13+00:00\" \/>\n<meta property=\"og:image\" content=\"https:\/\/ueberlebenskunst.at\/survivalshop\/wp-content\/uploads\/2021\/09\/Stinger2Compact_414_4.jpg\" \/>\n\t<meta property=\"og:image:width\" content=\"661\" \/>\n\t<meta property=\"og:image:height\" content=\"400\" \/>\n\t<meta property=\"og:image:type\" content=\"image\/jpeg\" \/>\n<meta name=\"twitter:card\" content=\"summary_large_image\" \/>\n<meta name=\"twitter:label1\" content=\"Gesch\u00e4tzte Lesezeit\" \/>\n\t<meta name=\"twitter:data1\" content=\"2\u00a0Minuten\" \/>\n<script type=\"application\/ld+json\" class=\"yoast-schema-graph\">{\"@context\":\"https:\/\/schema.org\",\"@graph\":[{\"@type\":\"WebPage\",\"@id\":\"https:\/\/ueberlebenskunst.at\/survivalshop\/shop\/stinger-2-compact-pistolenarmbrust-schwarz\/\",\"url\":\"https:\/\/ueberlebenskunst.at\/survivalshop\/shop\/stinger-2-compact-pistolenarmbrust-schwarz\/\",\"name\":\"Stinger 2 \\\"Compact\\\" Pistolenarmbrust\",\"isPartOf\":{\"@id\":\"https:\/\/ueberlebenskunst.at\/survivalshop\/#website\"},\"primaryImageOfPage\":{\"@id\":\"https:\/\/ueberlebenskunst.at\/survivalshop\/shop\/stinger-2-compact-pistolenarmbrust-schwarz\/#primaryimage\"},\"image\":{\"@id\":\"https:\/\/ueberlebenskunst.at\/survivalshop\/shop\/stinger-2-compact-pistolenarmbrust-schwarz\/#primaryimage\"},\"thumbnailUrl\":\"https:\/\/ueberlebenskunst.at\/survivalshop\/wp-content\/uploads\/2021\/09\/Stinger2Compact_414_4.jpg\",\"datePublished\":\"2021-09-03T09:12:49+00:00\",\"dateModified\":\"2026-05-04T19:10:13+00:00\",\"description\":\"Die AR-6 Stinger II \u201eCompact\u201c ist eine leichte und kompakte Pistolenarmbrust mit einem 6-sch\u00fcssigen Magazin.\",\"breadcrumb\":{\"@id\":\"https:\/\/ueberlebenskunst.at\/survivalshop\/shop\/stinger-2-compact-pistolenarmbrust-schwarz\/#breadcrumb\"},\"inLanguage\":\"de\",\"potentialAction\":[{\"@type\":\"ReadAction\",\"target\":[\"https:\/\/ueberlebenskunst.at\/survivalshop\/shop\/stinger-2-compact-pistolenarmbrust-schwarz\/\"]}]},{\"@type\":\"ImageObject\",\"inLanguage\":\"de\",\"@id\":\"https:\/\/ueberlebenskunst.at\/survivalshop\/shop\/stinger-2-compact-pistolenarmbrust-schwarz\/#primaryimage\",\"url\":\"https:\/\/ueberlebenskunst.at\/survivalshop\/wp-content\/uploads\/2021\/09\/Stinger2Compact_414_4.jpg\",\"contentUrl\":\"https:\/\/ueberlebenskunst.at\/survivalshop\/wp-content\/uploads\/2021\/09\/Stinger2Compact_414_4.jpg\",\"width\":661,\"height\":400},{\"@type\":\"BreadcrumbList\",\"@id\":\"https:\/\/ueberlebenskunst.at\/survivalshop\/shop\/stinger-2-compact-pistolenarmbrust-schwarz\/#breadcrumb\",\"itemListElement\":[{\"@type\":\"ListItem\",\"position\":1,\"name\":\"Startseite\",\"item\":\"https:\/\/ueberlebenskunst.at\/survivalshop\/\"},{\"@type\":\"ListItem\",\"position\":2,\"name\":\"Shop\",\"item\":\"https:\/\/ueberlebenskunst.at\/survivalshop\/shop\/\"},{\"@type\":\"ListItem\",\"position\":3,\"name\":\"Stinger 2 &#8220;Compact&#8221; Pistolenarmbrust\"}]},{\"@type\":\"WebSite\",\"@id\":\"https:\/\/ueberlebenskunst.at\/survivalshop\/#website\",\"url\":\"https:\/\/ueberlebenskunst.at\/survivalshop\/\",\"name\":\"Reini Rossmann - Survival Shop\",\"description\":\"Survival Shop f\u00fcr Survival, Bushcraft und Prepper\",\"potentialAction\":[{\"@type\":\"SearchAction\",\"target\":{\"@type\":\"EntryPoint\",\"urlTemplate\":\"https:\/\/ueberlebenskunst.at\/survivalshop\/?s={search_term_string}\"},\"query-input\":{\"@type\":\"PropertyValueSpecification\",\"valueRequired\":true,\"valueName\":\"search_term_string\"}}],\"inLanguage\":\"de\"}]}<\/script>\n<!-- \/ Yoast SEO plugin. -->","yoast_head_json":{"title":"Stinger 2 \"Compact\" Pistolenarmbrust","description":"Die AR-6 Stinger II \u201eCompact\u201c ist eine leichte und kompakte Pistolenarmbrust mit einem 6-sch\u00fcssigen Magazin.","robots":{"index":"index","follow":"follow","max-snippet":"max-snippet:-1","max-image-preview":"max-image-preview:large","max-video-preview":"max-video-preview:-1"},"canonical":"https:\/\/ueberlebenskunst.at\/survivalshop\/shop\/stinger-2-compact-pistolenarmbrust-schwarz\/","og_locale":"de_DE","og_type":"article","og_title":"Stinger 2 \"Compact\" Pistolenarmbrust","og_description":"Die AR-6 Stinger II \u201eCompact\u201c ist eine leichte und kompakte Pistolenarmbrust mit einem 6-sch\u00fcssigen Magazin.","og_url":"https:\/\/ueberlebenskunst.at\/survivalshop\/shop\/stinger-2-compact-pistolenarmbrust-schwarz\/","og_site_name":"Reini Rossmann - Survival Shop","article_publisher":"https:\/\/www.facebook.com\/survival24.org\/","article_modified_time":"2026-05-04T19:10:13+00:00","og_image":[{"width":661,"height":400,"url":"https:\/\/ueberlebenskunst.at\/survivalshop\/wp-content\/uploads\/2021\/09\/Stinger2Compact_414_4.jpg","type":"image\/jpeg"}],"twitter_card":"summary_large_image","twitter_misc":{"Gesch\u00e4tzte Lesezeit":"2\u00a0Minuten"},"schema":{"@context":"https:\/\/schema.org","@graph":[{"@type":"WebPage","@id":"https:\/\/ueberlebenskunst.at\/survivalshop\/shop\/stinger-2-compact-pistolenarmbrust-schwarz\/","url":"https:\/\/ueberlebenskunst.at\/survivalshop\/shop\/stinger-2-compact-pistolenarmbrust-schwarz\/","name":"Stinger 2 \"Compact\" Pistolenarmbrust","isPartOf":{"@id":"https:\/\/ueberlebenskunst.at\/survivalshop\/#website"},"primaryImageOfPage":{"@id":"https:\/\/ueberlebenskunst.at\/survivalshop\/shop\/stinger-2-compact-pistolenarmbrust-schwarz\/#primaryimage"},"image":{"@id":"https:\/\/ueberlebenskunst.at\/survivalshop\/shop\/stinger-2-compact-pistolenarmbrust-schwarz\/#primaryimage"},"thumbnailUrl":"https:\/\/ueberlebenskunst.at\/survivalshop\/wp-content\/uploads\/2021\/09\/Stinger2Compact_414_4.jpg","datePublished":"2021-09-03T09:12:49+00:00","dateModified":"2026-05-04T19:10:13+00:00","description":"Die AR-6 Stinger II \u201eCompact\u201c ist eine leichte und kompakte Pistolenarmbrust mit einem 6-sch\u00fcssigen Magazin.","breadcrumb":{"@id":"https:\/\/ueberlebenskunst.at\/survivalshop\/shop\/stinger-2-compact-pistolenarmbrust-schwarz\/#breadcrumb"},"inLanguage":"de","potentialAction":[{"@type":"ReadAction","target":["https:\/\/ueberlebenskunst.at\/survivalshop\/shop\/stinger-2-compact-pistolenarmbrust-schwarz\/"]}]},{"@type":"ImageObject","inLanguage":"de","@id":"https:\/\/ueberlebenskunst.at\/survivalshop\/shop\/stinger-2-compact-pistolenarmbrust-schwarz\/#primaryimage","url":"https:\/\/ueberlebenskunst.at\/survivalshop\/wp-content\/uploads\/2021\/09\/Stinger2Compact_414_4.jpg","contentUrl":"https:\/\/ueberlebenskunst.at\/survivalshop\/wp-content\/uploads\/2021\/09\/Stinger2Compact_414_4.jpg","width":661,"height":400},{"@type":"BreadcrumbList","@id":"https:\/\/ueberlebenskunst.at\/survivalshop\/shop\/stinger-2-compact-pistolenarmbrust-schwarz\/#breadcrumb","itemListElement":[{"@type":"ListItem","position":1,"name":"Startseite","item":"https:\/\/ueberlebenskunst.at\/survivalshop\/"},{"@type":"ListItem","position":2,"name":"Shop","item":"https:\/\/ueberlebenskunst.at\/survivalshop\/shop\/"},{"@type":"ListItem","position":3,"name":"Stinger 2 &#8220;Compact&#8221; Pistolenarmbrust"}]},{"@type":"WebSite","@id":"https:\/\/ueberlebenskunst.at\/survivalshop\/#website","url":"https:\/\/ueberlebenskunst.at\/survivalshop\/","name":"Reini Rossmann - Survival Shop","description":"Survival Shop f\u00fcr Survival, Bushcraft und Prepper","potentialAction":[{"@type":"SearchAction","target":{"@type":"EntryPoint","urlTemplate":"https:\/\/ueberlebenskunst.at\/survivalshop\/?s={search_term_string}"},"query-input":{"@type":"PropertyValueSpecification","valueRequired":true,"valueName":"search_term_string"}}],"inLanguage":"de"}]}},"_links":{"self":[{"href":"https:\/\/ueberlebenskunst.at\/survivalshop\/wp-json\/wp\/v2\/product\/40071","targetHints":{"allow":["GET"]}}],"collection":[{"href":"https:\/\/ueberlebenskunst.at\/survivalshop\/wp-json\/wp\/v2\/product"}],"about":[{"href":"https:\/\/ueberlebenskunst.at\/survivalshop\/wp-json\/wp\/v2\/types\/product"}],"replies":[{"embeddable":true,"href":"https:\/\/ueberlebenskunst.at\/survivalshop\/wp-json\/wp\/v2\/comments?post=40071"}],"wp:featuredmedia":[{"embeddable":true,"href":"https:\/\/ueberlebenskunst.at\/survivalshop\/wp-json\/wp\/v2\/media\/40077"}],"wp:attachment":[{"href":"https:\/\/ueberlebenskunst.at\/survivalshop\/wp-json\/wp\/v2\/media?parent=40071"}],"wp:term":[{"taxonomy":"product_brand","embeddable":true,"href":"https:\/\/ueberlebenskunst.at\/survivalshop\/wp-json\/wp\/v2\/product_brand?post=40071"},{"taxonomy":"product_cat","embeddable":true,"href":"https:\/\/ueberlebenskunst.at\/survivalshop\/wp-json\/wp\/v2\/product_cat?post=40071"},{"taxonomy":"product_tag","embeddable":true,"href":"https:\/\/ueberlebenskunst.at\/survivalshop\/wp-json\/wp\/v2\/product_tag?post=40071"}],"curies":[{"name":"wp","href":"https:\/\/api.w.org\/{rel}","templated":true}]}}