{"id":3981,"date":"2016-09-19T20:09:36","date_gmt":"2016-09-19T18:09:36","guid":{"rendered":"https:\/\/ueberlebenskunst.at\/survivalshop\/survivalshop\/?post_type=product&#038;p=3981"},"modified":"2025-09-22T06:07:10","modified_gmt":"2025-09-22T04:07:10","slug":"survival-nahrung-jahres-ausbildung","status":"publish","type":"product","link":"https:\/\/ueberlebenskunst.at\/survivalshop\/shop\/survival-nahrung-jahres-ausbildung\/","title":{"rendered":"Survival-Nahrung Jahres-Ausbildung Online Kurs"},"content":{"rendered":"<div id=\"beschreibung\" class=\"container rr-section\">\n<div class=\"max-width-wrapper\">\n<h3>Beschreibung<\/h3>\n<p>Nahrung ist im klassischen Notfall Survival meist kein Thema.<br \/>\nBei Notf\u00e4llen, die nur ein paar Tage dauern, ist Nahrung in der Tat keine Notwendigkeit.<\/p>\n<p>Doch bei l\u00e4nger andauernden Survival Szenarien wird Nahrung zunehmend wichtiger. Die Wahrheit ist, dass in solchen F\u00e4llen 90 % der Zeit f\u00fcr Nahrungssuche verwendet wird.<br \/>\nIn diesem Kurs lernst du welche pflanzlichen und tierischen Nahrungsmittel dir \u00fcber den Jahresverlauf zur Verf\u00fcgung stehen.<\/p>\n<p><strong>Die Survival-Nahrung Jahres-Ausbildung besteht aus 2 Komponenten:<\/strong><br \/>\n1. Live Zoom Calls mit Reini Rossmann und seinem Trainer-Team (1x im Quartal)<br \/>\n2. Fernlehrgang-Videos (einmal im Monat bekommst du neue Videolektionen. Die Videos dauern zwischen 5 und 40 Minuten.\u00a0 Es liegt dann an dir in die Natur zu gehen und die gelernten Fertigkeiten anzuwenden.)<\/p>\n<p>Am Ende der Ausbildung, erh\u00e4ltst du ein Zertifikat zur Ausbildung.<\/p>\n<h3>F.A.Q. \u2013 h\u00e4ufige Fragen<\/h3>\n<p><strong>F: Wann startet der Kurs?<\/strong><\/p>\n<p>A: Du kannst jederzeit mit dem Kurs starten.<\/p>\n<p><strong>F: Wie lange dauert der Kurs?<\/strong><\/p>\n<p>A: Ein ganzes Jahr lang. F\u00fcr jedes Monat gibt es ein Modul mit Lektionen f\u00fcr dich.<\/p>\n<p><strong>F: F\u00fcr wen ist dieser Kurs \u2013 Anf\u00e4nger oder Fortgeschrittene?<\/strong><\/p>\n<p>A: Anf\u00e4nger werden sehr viel mitnehmen k\u00f6nnen. Wahrscheinlich wird sich eine neue Welt auftun \ud83d\ude42<br \/>\nFortgeschrittene werden nochmals Tipps bekommen, die sie weiterbringen. Meiner Meinung nach profitieren alle von dem Kurs.<\/p>\n<p><strong>F: Wie lange dauert so eine Lektion?<\/strong><\/p>\n<p>A: Die Lektionen dauern zwischen 5 und 40 Minuten. In diesen Lektionen bekommst du Wissen, welche Pflanzen und Tiere zum jeweiligen Monat zur Verf\u00fcgung stehen.<br \/>\nEs liegt dann an dir, ob du rausgehen willst und die Notnahrung selbst sammeln und verwenden willst.<\/p>\n<p><strong>F: Was ist wenn ich eine Lektion vers\u00e4ume?<\/strong><\/p>\n<p>A: Dann machst du sie entweder sp\u00e4ter oder im n\u00e4chsten Jahr nochmals. Der Vorteil ist, dass du \u201clebensl\u00e4nglich\u201d Zugriff auf die Lektionen hast. 24 Stunden und 365 Tage im Jahr\u2026<\/p>\n<\/div>\n<\/div>\n","protected":false},"excerpt":{"rendered":"<p>Begleite mich im Jahresverlauf und lerne Nahrungsquellen aus der Natur nutzen.<br \/>\n<span style=\"color: #ff0000;\"><strong>Einstieg jederzeit m\u00f6glich!<\/strong><\/span><\/p>\n","protected":false},"featured_media":3982,"comment_status":"open","ping_status":"closed","template":"","meta":{"_acf_changed":false},"product_brand":[],"product_cat":[1863,1862],"product_tag":[814,816,810,811,748,296,812,817,815,809],"class_list":{"0":"post-3981","1":"product","2":"type-product","3":"status-publish","4":"has-post-thumbnail","6":"product_cat-survival-kurse","7":"product_cat-wissen-koennen","8":"product_tag-awareness","9":"product_tag-beratungsgespraech-mit-reini","10":"product_tag-erste-hilfe","11":"product_tag-krise","12":"product_tag-nahrung","13":"product_tag-online-ausbildung","14":"product_tag-orientierung","15":"product_tag-selbstversorgung-aus-dem-garten","16":"product_tag-survival-coach","17":"product_tag-wasserkurs","19":"first","20":"instock","21":"virtual","22":"taxable","23":"product-type-simple"},"acf":[],"yoast_head":"<!-- This site is optimized with the Yoast SEO plugin v27.1.1 - https:\/\/yoast.com\/product\/yoast-seo-wordpress\/ -->\n<title>Survival-Nahrung Jahres-Ausbildung Online Kurs - Reini Rossmann - Survival Shop<\/title>\n<meta name=\"robots\" content=\"index, follow, max-snippet:-1, max-image-preview:large, max-video-preview:-1\" \/>\n<link rel=\"canonical\" href=\"https:\/\/ueberlebenskunst.at\/survivalshop\/shop\/survival-nahrung-jahres-ausbildung\/\" \/>\n<meta property=\"og:locale\" content=\"de_DE\" \/>\n<meta property=\"og:type\" content=\"article\" \/>\n<meta property=\"og:title\" content=\"Survival-Nahrung Jahres-Ausbildung Online Kurs - Reini Rossmann - Survival Shop\" \/>\n<meta property=\"og:description\" content=\"Begleite mich im Jahresverlauf und lerne Nahrungsquellen aus der Natur nutzen. Einstieg jederzeit m\u00f6glich!\" \/>\n<meta property=\"og:url\" content=\"https:\/\/ueberlebenskunst.at\/survivalshop\/shop\/survival-nahrung-jahres-ausbildung\/\" \/>\n<meta property=\"og:site_name\" content=\"Reini Rossmann - Survival Shop\" \/>\n<meta property=\"article:publisher\" content=\"https:\/\/www.facebook.com\/survival24.org\/\" \/>\n<meta property=\"article:modified_time\" content=\"2025-09-22T04:07:10+00:00\" \/>\n<meta property=\"og:image\" content=\"https:\/\/ueberlebenskunst.at\/survivalshop\/wp-content\/uploads\/2016\/09\/Bildschirmfoto-2016-09-19-um-20.07.00.png\" \/>\n\t<meta property=\"og:image:width\" content=\"525\" \/>\n\t<meta property=\"og:image:height\" content=\"428\" \/>\n\t<meta property=\"og:image:type\" content=\"image\/png\" \/>\n<meta name=\"twitter:card\" content=\"summary_large_image\" \/>\n<meta name=\"twitter:label1\" content=\"Gesch\u00e4tzte Lesezeit\" \/>\n\t<meta name=\"twitter:data1\" content=\"2\u00a0Minuten\" \/>\n<script type=\"application\/ld+json\" class=\"yoast-schema-graph\">{\"@context\":\"https:\/\/schema.org\",\"@graph\":[{\"@type\":\"WebPage\",\"@id\":\"https:\/\/ueberlebenskunst.at\/survivalshop\/shop\/survival-nahrung-jahres-ausbildung\/\",\"url\":\"https:\/\/ueberlebenskunst.at\/survivalshop\/shop\/survival-nahrung-jahres-ausbildung\/\",\"name\":\"Survival-Nahrung Jahres-Ausbildung Online Kurs - Reini Rossmann - Survival Shop\",\"isPartOf\":{\"@id\":\"https:\/\/ueberlebenskunst.at\/survivalshop\/#website\"},\"primaryImageOfPage\":{\"@id\":\"https:\/\/ueberlebenskunst.at\/survivalshop\/shop\/survival-nahrung-jahres-ausbildung\/#primaryimage\"},\"image\":{\"@id\":\"https:\/\/ueberlebenskunst.at\/survivalshop\/shop\/survival-nahrung-jahres-ausbildung\/#primaryimage\"},\"thumbnailUrl\":\"https:\/\/ueberlebenskunst.at\/survivalshop\/wp-content\/uploads\/2016\/09\/Bildschirmfoto-2016-09-19-um-20.07.00.png\",\"datePublished\":\"2016-09-19T18:09:36+00:00\",\"dateModified\":\"2025-09-22T04:07:10+00:00\",\"breadcrumb\":{\"@id\":\"https:\/\/ueberlebenskunst.at\/survivalshop\/shop\/survival-nahrung-jahres-ausbildung\/#breadcrumb\"},\"inLanguage\":\"de\",\"potentialAction\":[{\"@type\":\"ReadAction\",\"target\":[\"https:\/\/ueberlebenskunst.at\/survivalshop\/shop\/survival-nahrung-jahres-ausbildung\/\"]}]},{\"@type\":\"ImageObject\",\"inLanguage\":\"de\",\"@id\":\"https:\/\/ueberlebenskunst.at\/survivalshop\/shop\/survival-nahrung-jahres-ausbildung\/#primaryimage\",\"url\":\"https:\/\/ueberlebenskunst.at\/survivalshop\/wp-content\/uploads\/2016\/09\/Bildschirmfoto-2016-09-19-um-20.07.00.png\",\"contentUrl\":\"https:\/\/ueberlebenskunst.at\/survivalshop\/wp-content\/uploads\/2016\/09\/Bildschirmfoto-2016-09-19-um-20.07.00.png\",\"width\":525,\"height\":428},{\"@type\":\"BreadcrumbList\",\"@id\":\"https:\/\/ueberlebenskunst.at\/survivalshop\/shop\/survival-nahrung-jahres-ausbildung\/#breadcrumb\",\"itemListElement\":[{\"@type\":\"ListItem\",\"position\":1,\"name\":\"Startseite\",\"item\":\"https:\/\/ueberlebenskunst.at\/survivalshop\/\"},{\"@type\":\"ListItem\",\"position\":2,\"name\":\"Shop\",\"item\":\"https:\/\/ueberlebenskunst.at\/survivalshop\/shop\/\"},{\"@type\":\"ListItem\",\"position\":3,\"name\":\"Survival-Nahrung Jahres-Ausbildung Online Kurs\"}]},{\"@type\":\"WebSite\",\"@id\":\"https:\/\/ueberlebenskunst.at\/survivalshop\/#website\",\"url\":\"https:\/\/ueberlebenskunst.at\/survivalshop\/\",\"name\":\"Reini Rossmann - Survival Shop\",\"description\":\"Survival Shop f\u00fcr Survival, Bushcraft und Prepper\",\"potentialAction\":[{\"@type\":\"SearchAction\",\"target\":{\"@type\":\"EntryPoint\",\"urlTemplate\":\"https:\/\/ueberlebenskunst.at\/survivalshop\/?s={search_term_string}\"},\"query-input\":{\"@type\":\"PropertyValueSpecification\",\"valueRequired\":true,\"valueName\":\"search_term_string\"}}],\"inLanguage\":\"de\"}]}<\/script>\n<!-- \/ Yoast SEO plugin. -->","yoast_head_json":{"title":"Survival-Nahrung Jahres-Ausbildung Online Kurs - Reini Rossmann - Survival Shop","robots":{"index":"index","follow":"follow","max-snippet":"max-snippet:-1","max-image-preview":"max-image-preview:large","max-video-preview":"max-video-preview:-1"},"canonical":"https:\/\/ueberlebenskunst.at\/survivalshop\/shop\/survival-nahrung-jahres-ausbildung\/","og_locale":"de_DE","og_type":"article","og_title":"Survival-Nahrung Jahres-Ausbildung Online Kurs - Reini Rossmann - Survival Shop","og_description":"Begleite mich im Jahresverlauf und lerne Nahrungsquellen aus der Natur nutzen. Einstieg jederzeit m\u00f6glich!","og_url":"https:\/\/ueberlebenskunst.at\/survivalshop\/shop\/survival-nahrung-jahres-ausbildung\/","og_site_name":"Reini Rossmann - Survival Shop","article_publisher":"https:\/\/www.facebook.com\/survival24.org\/","article_modified_time":"2025-09-22T04:07:10+00:00","og_image":[{"width":525,"height":428,"url":"https:\/\/ueberlebenskunst.at\/survivalshop\/wp-content\/uploads\/2016\/09\/Bildschirmfoto-2016-09-19-um-20.07.00.png","type":"image\/png"}],"twitter_card":"summary_large_image","twitter_misc":{"Gesch\u00e4tzte Lesezeit":"2\u00a0Minuten"},"schema":{"@context":"https:\/\/schema.org","@graph":[{"@type":"WebPage","@id":"https:\/\/ueberlebenskunst.at\/survivalshop\/shop\/survival-nahrung-jahres-ausbildung\/","url":"https:\/\/ueberlebenskunst.at\/survivalshop\/shop\/survival-nahrung-jahres-ausbildung\/","name":"Survival-Nahrung Jahres-Ausbildung Online Kurs - Reini Rossmann - Survival Shop","isPartOf":{"@id":"https:\/\/ueberlebenskunst.at\/survivalshop\/#website"},"primaryImageOfPage":{"@id":"https:\/\/ueberlebenskunst.at\/survivalshop\/shop\/survival-nahrung-jahres-ausbildung\/#primaryimage"},"image":{"@id":"https:\/\/ueberlebenskunst.at\/survivalshop\/shop\/survival-nahrung-jahres-ausbildung\/#primaryimage"},"thumbnailUrl":"https:\/\/ueberlebenskunst.at\/survivalshop\/wp-content\/uploads\/2016\/09\/Bildschirmfoto-2016-09-19-um-20.07.00.png","datePublished":"2016-09-19T18:09:36+00:00","dateModified":"2025-09-22T04:07:10+00:00","breadcrumb":{"@id":"https:\/\/ueberlebenskunst.at\/survivalshop\/shop\/survival-nahrung-jahres-ausbildung\/#breadcrumb"},"inLanguage":"de","potentialAction":[{"@type":"ReadAction","target":["https:\/\/ueberlebenskunst.at\/survivalshop\/shop\/survival-nahrung-jahres-ausbildung\/"]}]},{"@type":"ImageObject","inLanguage":"de","@id":"https:\/\/ueberlebenskunst.at\/survivalshop\/shop\/survival-nahrung-jahres-ausbildung\/#primaryimage","url":"https:\/\/ueberlebenskunst.at\/survivalshop\/wp-content\/uploads\/2016\/09\/Bildschirmfoto-2016-09-19-um-20.07.00.png","contentUrl":"https:\/\/ueberlebenskunst.at\/survivalshop\/wp-content\/uploads\/2016\/09\/Bildschirmfoto-2016-09-19-um-20.07.00.png","width":525,"height":428},{"@type":"BreadcrumbList","@id":"https:\/\/ueberlebenskunst.at\/survivalshop\/shop\/survival-nahrung-jahres-ausbildung\/#breadcrumb","itemListElement":[{"@type":"ListItem","position":1,"name":"Startseite","item":"https:\/\/ueberlebenskunst.at\/survivalshop\/"},{"@type":"ListItem","position":2,"name":"Shop","item":"https:\/\/ueberlebenskunst.at\/survivalshop\/shop\/"},{"@type":"ListItem","position":3,"name":"Survival-Nahrung Jahres-Ausbildung Online Kurs"}]},{"@type":"WebSite","@id":"https:\/\/ueberlebenskunst.at\/survivalshop\/#website","url":"https:\/\/ueberlebenskunst.at\/survivalshop\/","name":"Reini Rossmann - Survival Shop","description":"Survival Shop f\u00fcr Survival, Bushcraft und Prepper","potentialAction":[{"@type":"SearchAction","target":{"@type":"EntryPoint","urlTemplate":"https:\/\/ueberlebenskunst.at\/survivalshop\/?s={search_term_string}"},"query-input":{"@type":"PropertyValueSpecification","valueRequired":true,"valueName":"search_term_string"}}],"inLanguage":"de"}]}},"_links":{"self":[{"href":"https:\/\/ueberlebenskunst.at\/survivalshop\/wp-json\/wp\/v2\/product\/3981","targetHints":{"allow":["GET"]}}],"collection":[{"href":"https:\/\/ueberlebenskunst.at\/survivalshop\/wp-json\/wp\/v2\/product"}],"about":[{"href":"https:\/\/ueberlebenskunst.at\/survivalshop\/wp-json\/wp\/v2\/types\/product"}],"replies":[{"embeddable":true,"href":"https:\/\/ueberlebenskunst.at\/survivalshop\/wp-json\/wp\/v2\/comments?post=3981"}],"wp:featuredmedia":[{"embeddable":true,"href":"https:\/\/ueberlebenskunst.at\/survivalshop\/wp-json\/wp\/v2\/media\/3982"}],"wp:attachment":[{"href":"https:\/\/ueberlebenskunst.at\/survivalshop\/wp-json\/wp\/v2\/media?parent=3981"}],"wp:term":[{"taxonomy":"product_brand","embeddable":true,"href":"https:\/\/ueberlebenskunst.at\/survivalshop\/wp-json\/wp\/v2\/product_brand?post=3981"},{"taxonomy":"product_cat","embeddable":true,"href":"https:\/\/ueberlebenskunst.at\/survivalshop\/wp-json\/wp\/v2\/product_cat?post=3981"},{"taxonomy":"product_tag","embeddable":true,"href":"https:\/\/ueberlebenskunst.at\/survivalshop\/wp-json\/wp\/v2\/product_tag?post=3981"}],"curies":[{"name":"wp","href":"https:\/\/api.w.org\/{rel}","templated":true}]}}