{"id":32372,"date":"2021-06-06T10:42:39","date_gmt":"2021-06-06T08:42:39","guid":{"rendered":"https:\/\/ueberlebenskunst.at\/survivalshop\/?post_type=product&#038;p=32372"},"modified":"2026-05-04T21:10:13","modified_gmt":"2026-05-04T19:10:13","slug":"stinger-bodkinpfeile-schwarz-set-aus-6-stueck","status":"publish","type":"product","link":"https:\/\/ueberlebenskunst.at\/survivalshop\/shop\/stinger-bodkinpfeile-schwarz-set-aus-6-stueck\/","title":{"rendered":"Stinger Bodkinpfeile schwarz &#8211; Set aus 6 St\u00fcck"},"content":{"rendered":"<p>Die Bodkinpfeile f\u00fcr die Steambow Stinger wurden f\u00fcr maximale Durchdringungskraft konzipiert.<\/p>\n<p>Mit einem Gewicht von 10,5 g pro Pfeil und einer geh\u00e4rteten, hohl geschliffenen Stahlspitze sind diese Pfeile extrem effektiv.<\/p>\n<p>Das elegante, komplett schwarze Design mit der Steambow Lasergravur runden diese Pfeile perfekt ab.<\/p>\n<p><strong>Wichtige Info: Diese sind <em>nicht<\/em> kompatibel mit der EK Archery Vlad &#8211; aufgrund der L\u00e4nge passen sie nicht ins Magazin!<\/strong><\/p>\n<p><iframe hcb-fetch-image-from=\"https:\/\/www.youtube.com\/watch?v=63yL67MVrrk\" title=\"Pistolen-Armbrust Pfeile Evolution | Sport-, Bodkins- und Jagdbolzen\" width=\"640\" height=\"360\" src=\"https:\/\/www.youtube.com\/embed\/63yL67MVrrk?feature=oembed\" frameborder=\"0\" allow=\"accelerometer; autoplay; clipboard-write; encrypted-media; gyroscope; picture-in-picture; web-share\" referrerpolicy=\"strict-origin-when-cross-origin\" allowfullscreen><\/iframe><\/p>\n<h3>Lieferumfang:<\/h3>\n<p>6 St\u00fcck Bodkinpfeile mit geh\u00e4rteter Stahlspitze.<\/p>\n<h3><strong>Passendes, separat erh\u00e4ltliches Zubeh\u00f6r:<\/strong><\/h3>\n<ul>\n<li><a href=\"https:\/\/ueberlebenskunst.at\/survivalshop\/shop\/modularer-pfeilkoecher\/\" target=\"_blank\" rel=\"noopener\">Modularer Pfeilk\u00f6cher<\/a><\/li>\n<li><a href=\"https:\/\/ueberlebenskunst.at\/survivalshop\/shop\/pfeilkocherpistolenarmbrust\/\" target=\"_blank\" rel=\"noopener\">Pfeilk\u00f6cher mit G\u00fcrtelschlaufe<\/a><\/li>\n<\/ul>\n","protected":false},"excerpt":{"rendered":"<p>Die Bodkinpfeile f\u00fcr die Steambow Stinger wurden f\u00fcr maximale Durchdringungskraft konzipiert. Mit einem Gewicht von 10,5 g pro Pfeil und einer geh\u00e4rteten, hohl geschliffenen Stahlspitze sind diese Pfeile extrem effektiv. Das elegante, komplett schwarze Design mit der Steambow Lasergravur runden diese Pfeile perfekt ab. Wichtige Info: Diese sind nicht kompatibel mit der EK Archery Vlad [&hellip;]<\/p>\n","protected":false},"featured_media":32492,"comment_status":"open","ping_status":"closed","template":"","meta":{"_acf_changed":false},"product_brand":[],"product_cat":[1919],"product_tag":[533,1287,898,826,975],"class_list":{"0":"post-32372","1":"product","2":"type-product","3":"status-publish","4":"has-post-thumbnail","6":"product_cat-steambow-pfeile-bolzen","7":"product_tag-armbrust-pfeile","8":"product_tag-bodkin","9":"product_tag-bolzen","10":"product_tag-steambow-stinger","11":"product_tag-stinger-2-zubehoer","13":"first","14":"instock","15":"taxable","16":"shipping-taxable","17":"purchasable","18":"product-type-simple"},"acf":[],"yoast_head":"<!-- This site is optimized with the Yoast SEO plugin v27.1.1 - https:\/\/yoast.com\/product\/yoast-seo-wordpress\/ -->\n<title>Bodkinpfeile schwarz f\u00fcr maximale Durchschlagkraft<\/title>\n<meta name=\"description\" content=\"Elegantes, schwarzes Design und extrem effektiv, mit einer geh\u00e4rteten, hohl geschliffenen Stahlspitze. F\u00fcr die Steambow Stinger.\" \/>\n<meta name=\"robots\" content=\"index, follow, max-snippet:-1, max-image-preview:large, max-video-preview:-1\" \/>\n<link rel=\"canonical\" href=\"https:\/\/ueberlebenskunst.at\/survivalshop\/shop\/stinger-bodkinpfeile-schwarz-set-aus-6-stueck\/\" \/>\n<meta property=\"og:locale\" content=\"de_DE\" \/>\n<meta property=\"og:type\" content=\"article\" \/>\n<meta property=\"og:title\" content=\"Bodkinpfeile schwarz f\u00fcr maximale Durchschlagkraft\" \/>\n<meta property=\"og:description\" content=\"Elegantes, schwarzes Design und extrem effektiv, mit einer geh\u00e4rteten, hohl geschliffenen Stahlspitze. F\u00fcr die Steambow Stinger.\" \/>\n<meta property=\"og:url\" content=\"https:\/\/ueberlebenskunst.at\/survivalshop\/shop\/stinger-bodkinpfeile-schwarz-set-aus-6-stueck\/\" \/>\n<meta property=\"og:site_name\" content=\"Reini Rossmann - Survival Shop\" \/>\n<meta property=\"article:publisher\" content=\"https:\/\/www.facebook.com\/survival24.org\/\" \/>\n<meta property=\"article:modified_time\" content=\"2026-05-04T19:10:13+00:00\" \/>\n<meta property=\"og:image\" content=\"https:\/\/ueberlebenskunst.at\/survivalshop\/wp-content\/uploads\/2021\/06\/Stinger-Bodkinpfeile_6658.jpg\" \/>\n\t<meta property=\"og:image:width\" content=\"620\" \/>\n\t<meta property=\"og:image:height\" content=\"350\" \/>\n\t<meta property=\"og:image:type\" content=\"image\/jpeg\" \/>\n<meta name=\"twitter:card\" content=\"summary_large_image\" \/>\n<meta name=\"twitter:label1\" content=\"Gesch\u00e4tzte Lesezeit\" \/>\n\t<meta name=\"twitter:data1\" content=\"1\u00a0Minute\" \/>\n<script type=\"application\/ld+json\" class=\"yoast-schema-graph\">{\"@context\":\"https:\/\/schema.org\",\"@graph\":[{\"@type\":\"WebPage\",\"@id\":\"https:\/\/ueberlebenskunst.at\/survivalshop\/shop\/stinger-bodkinpfeile-schwarz-set-aus-6-stueck\/\",\"url\":\"https:\/\/ueberlebenskunst.at\/survivalshop\/shop\/stinger-bodkinpfeile-schwarz-set-aus-6-stueck\/\",\"name\":\"Bodkinpfeile schwarz f\u00fcr maximale Durchschlagkraft\",\"isPartOf\":{\"@id\":\"https:\/\/ueberlebenskunst.at\/survivalshop\/#website\"},\"primaryImageOfPage\":{\"@id\":\"https:\/\/ueberlebenskunst.at\/survivalshop\/shop\/stinger-bodkinpfeile-schwarz-set-aus-6-stueck\/#primaryimage\"},\"image\":{\"@id\":\"https:\/\/ueberlebenskunst.at\/survivalshop\/shop\/stinger-bodkinpfeile-schwarz-set-aus-6-stueck\/#primaryimage\"},\"thumbnailUrl\":\"https:\/\/ueberlebenskunst.at\/survivalshop\/wp-content\/uploads\/2021\/06\/Stinger-Bodkinpfeile_6658.jpg\",\"datePublished\":\"2021-06-06T08:42:39+00:00\",\"dateModified\":\"2026-05-04T19:10:13+00:00\",\"description\":\"Elegantes, schwarzes Design und extrem effektiv, mit einer geh\u00e4rteten, hohl geschliffenen Stahlspitze. F\u00fcr die Steambow Stinger.\",\"breadcrumb\":{\"@id\":\"https:\/\/ueberlebenskunst.at\/survivalshop\/shop\/stinger-bodkinpfeile-schwarz-set-aus-6-stueck\/#breadcrumb\"},\"inLanguage\":\"de\",\"potentialAction\":[{\"@type\":\"ReadAction\",\"target\":[\"https:\/\/ueberlebenskunst.at\/survivalshop\/shop\/stinger-bodkinpfeile-schwarz-set-aus-6-stueck\/\"]}]},{\"@type\":\"ImageObject\",\"inLanguage\":\"de\",\"@id\":\"https:\/\/ueberlebenskunst.at\/survivalshop\/shop\/stinger-bodkinpfeile-schwarz-set-aus-6-stueck\/#primaryimage\",\"url\":\"https:\/\/ueberlebenskunst.at\/survivalshop\/wp-content\/uploads\/2021\/06\/Stinger-Bodkinpfeile_6658.jpg\",\"contentUrl\":\"https:\/\/ueberlebenskunst.at\/survivalshop\/wp-content\/uploads\/2021\/06\/Stinger-Bodkinpfeile_6658.jpg\",\"width\":620,\"height\":350},{\"@type\":\"BreadcrumbList\",\"@id\":\"https:\/\/ueberlebenskunst.at\/survivalshop\/shop\/stinger-bodkinpfeile-schwarz-set-aus-6-stueck\/#breadcrumb\",\"itemListElement\":[{\"@type\":\"ListItem\",\"position\":1,\"name\":\"Startseite\",\"item\":\"https:\/\/ueberlebenskunst.at\/survivalshop\/\"},{\"@type\":\"ListItem\",\"position\":2,\"name\":\"Shop\",\"item\":\"https:\/\/ueberlebenskunst.at\/survivalshop\/shop\/\"},{\"@type\":\"ListItem\",\"position\":3,\"name\":\"Stinger Bodkinpfeile schwarz &#8211; Set aus 6 St\u00fcck\"}]},{\"@type\":\"WebSite\",\"@id\":\"https:\/\/ueberlebenskunst.at\/survivalshop\/#website\",\"url\":\"https:\/\/ueberlebenskunst.at\/survivalshop\/\",\"name\":\"Reini Rossmann - Survival Shop\",\"description\":\"Survival Shop f\u00fcr Survival, Bushcraft und Prepper\",\"potentialAction\":[{\"@type\":\"SearchAction\",\"target\":{\"@type\":\"EntryPoint\",\"urlTemplate\":\"https:\/\/ueberlebenskunst.at\/survivalshop\/?s={search_term_string}\"},\"query-input\":{\"@type\":\"PropertyValueSpecification\",\"valueRequired\":true,\"valueName\":\"search_term_string\"}}],\"inLanguage\":\"de\"}]}<\/script>\n<!-- \/ Yoast SEO plugin. -->","yoast_head_json":{"title":"Bodkinpfeile schwarz f\u00fcr maximale Durchschlagkraft","description":"Elegantes, schwarzes Design und extrem effektiv, mit einer geh\u00e4rteten, hohl geschliffenen Stahlspitze. F\u00fcr die Steambow Stinger.","robots":{"index":"index","follow":"follow","max-snippet":"max-snippet:-1","max-image-preview":"max-image-preview:large","max-video-preview":"max-video-preview:-1"},"canonical":"https:\/\/ueberlebenskunst.at\/survivalshop\/shop\/stinger-bodkinpfeile-schwarz-set-aus-6-stueck\/","og_locale":"de_DE","og_type":"article","og_title":"Bodkinpfeile schwarz f\u00fcr maximale Durchschlagkraft","og_description":"Elegantes, schwarzes Design und extrem effektiv, mit einer geh\u00e4rteten, hohl geschliffenen Stahlspitze. F\u00fcr die Steambow Stinger.","og_url":"https:\/\/ueberlebenskunst.at\/survivalshop\/shop\/stinger-bodkinpfeile-schwarz-set-aus-6-stueck\/","og_site_name":"Reini Rossmann - Survival Shop","article_publisher":"https:\/\/www.facebook.com\/survival24.org\/","article_modified_time":"2026-05-04T19:10:13+00:00","og_image":[{"width":620,"height":350,"url":"https:\/\/ueberlebenskunst.at\/survivalshop\/wp-content\/uploads\/2021\/06\/Stinger-Bodkinpfeile_6658.jpg","type":"image\/jpeg"}],"twitter_card":"summary_large_image","twitter_misc":{"Gesch\u00e4tzte Lesezeit":"1\u00a0Minute"},"schema":{"@context":"https:\/\/schema.org","@graph":[{"@type":"WebPage","@id":"https:\/\/ueberlebenskunst.at\/survivalshop\/shop\/stinger-bodkinpfeile-schwarz-set-aus-6-stueck\/","url":"https:\/\/ueberlebenskunst.at\/survivalshop\/shop\/stinger-bodkinpfeile-schwarz-set-aus-6-stueck\/","name":"Bodkinpfeile schwarz f\u00fcr maximale Durchschlagkraft","isPartOf":{"@id":"https:\/\/ueberlebenskunst.at\/survivalshop\/#website"},"primaryImageOfPage":{"@id":"https:\/\/ueberlebenskunst.at\/survivalshop\/shop\/stinger-bodkinpfeile-schwarz-set-aus-6-stueck\/#primaryimage"},"image":{"@id":"https:\/\/ueberlebenskunst.at\/survivalshop\/shop\/stinger-bodkinpfeile-schwarz-set-aus-6-stueck\/#primaryimage"},"thumbnailUrl":"https:\/\/ueberlebenskunst.at\/survivalshop\/wp-content\/uploads\/2021\/06\/Stinger-Bodkinpfeile_6658.jpg","datePublished":"2021-06-06T08:42:39+00:00","dateModified":"2026-05-04T19:10:13+00:00","description":"Elegantes, schwarzes Design und extrem effektiv, mit einer geh\u00e4rteten, hohl geschliffenen Stahlspitze. F\u00fcr die Steambow Stinger.","breadcrumb":{"@id":"https:\/\/ueberlebenskunst.at\/survivalshop\/shop\/stinger-bodkinpfeile-schwarz-set-aus-6-stueck\/#breadcrumb"},"inLanguage":"de","potentialAction":[{"@type":"ReadAction","target":["https:\/\/ueberlebenskunst.at\/survivalshop\/shop\/stinger-bodkinpfeile-schwarz-set-aus-6-stueck\/"]}]},{"@type":"ImageObject","inLanguage":"de","@id":"https:\/\/ueberlebenskunst.at\/survivalshop\/shop\/stinger-bodkinpfeile-schwarz-set-aus-6-stueck\/#primaryimage","url":"https:\/\/ueberlebenskunst.at\/survivalshop\/wp-content\/uploads\/2021\/06\/Stinger-Bodkinpfeile_6658.jpg","contentUrl":"https:\/\/ueberlebenskunst.at\/survivalshop\/wp-content\/uploads\/2021\/06\/Stinger-Bodkinpfeile_6658.jpg","width":620,"height":350},{"@type":"BreadcrumbList","@id":"https:\/\/ueberlebenskunst.at\/survivalshop\/shop\/stinger-bodkinpfeile-schwarz-set-aus-6-stueck\/#breadcrumb","itemListElement":[{"@type":"ListItem","position":1,"name":"Startseite","item":"https:\/\/ueberlebenskunst.at\/survivalshop\/"},{"@type":"ListItem","position":2,"name":"Shop","item":"https:\/\/ueberlebenskunst.at\/survivalshop\/shop\/"},{"@type":"ListItem","position":3,"name":"Stinger Bodkinpfeile schwarz &#8211; Set aus 6 St\u00fcck"}]},{"@type":"WebSite","@id":"https:\/\/ueberlebenskunst.at\/survivalshop\/#website","url":"https:\/\/ueberlebenskunst.at\/survivalshop\/","name":"Reini Rossmann - Survival Shop","description":"Survival Shop f\u00fcr Survival, Bushcraft und Prepper","potentialAction":[{"@type":"SearchAction","target":{"@type":"EntryPoint","urlTemplate":"https:\/\/ueberlebenskunst.at\/survivalshop\/?s={search_term_string}"},"query-input":{"@type":"PropertyValueSpecification","valueRequired":true,"valueName":"search_term_string"}}],"inLanguage":"de"}]}},"_links":{"self":[{"href":"https:\/\/ueberlebenskunst.at\/survivalshop\/wp-json\/wp\/v2\/product\/32372","targetHints":{"allow":["GET"]}}],"collection":[{"href":"https:\/\/ueberlebenskunst.at\/survivalshop\/wp-json\/wp\/v2\/product"}],"about":[{"href":"https:\/\/ueberlebenskunst.at\/survivalshop\/wp-json\/wp\/v2\/types\/product"}],"replies":[{"embeddable":true,"href":"https:\/\/ueberlebenskunst.at\/survivalshop\/wp-json\/wp\/v2\/comments?post=32372"}],"wp:featuredmedia":[{"embeddable":true,"href":"https:\/\/ueberlebenskunst.at\/survivalshop\/wp-json\/wp\/v2\/media\/32492"}],"wp:attachment":[{"href":"https:\/\/ueberlebenskunst.at\/survivalshop\/wp-json\/wp\/v2\/media?parent=32372"}],"wp:term":[{"taxonomy":"product_brand","embeddable":true,"href":"https:\/\/ueberlebenskunst.at\/survivalshop\/wp-json\/wp\/v2\/product_brand?post=32372"},{"taxonomy":"product_cat","embeddable":true,"href":"https:\/\/ueberlebenskunst.at\/survivalshop\/wp-json\/wp\/v2\/product_cat?post=32372"},{"taxonomy":"product_tag","embeddable":true,"href":"https:\/\/ueberlebenskunst.at\/survivalshop\/wp-json\/wp\/v2\/product_tag?post=32372"}],"curies":[{"name":"wp","href":"https:\/\/api.w.org\/{rel}","templated":true}]}}