{"id":25295,"date":"2021-04-01T07:51:16","date_gmt":"2021-04-01T05:51:16","guid":{"rendered":"https:\/\/ueberlebenskunst.at\/survivalshop\/?post_type=product&#038;p=25295"},"modified":"2025-01-14T13:07:17","modified_gmt":"2025-01-14T12:07:17","slug":"rettungsdecke-in-profi-qualitaet","status":"seo-produkt","type":"product","link":"https:\/\/ueberlebenskunst.at\/survivalshop\/shop\/rettungsdecke-in-profi-qualitaet\/","title":{"rendered":"Rettungsdecke in Profi-Qualit\u00e4t gold"},"content":{"rendered":"<p>F\u00fcr die Rettungsdecke hei\u00dft es auf jeder Tour ganz klar: Dabei sein ist alles!<\/p>\n<h3>Tatonka Rettungsdecke gold<\/h3>\n<h3>Produktdaten:<\/h3>\n<ul>\n<li>d\u00fcnne, weiche, wasserundurchl\u00e4ssige Polyethylen-Folie mit Aluminium beschichtet, reflektiert k\u00f6rpereigene W\u00e4rme: bei gerade geretteten Personen lebenswichtig<\/li>\n<li>sch\u00fctzt vor Unterk\u00fchlung, N\u00e4sse oder Wind auf Outdoor-Touren<\/li>\n<li>silberne Seite nach innen drehen: W\u00e4rmung durch Reflexion der W\u00e4rmestrahlung des K\u00f6rpers<\/li>\n<li>goldene Seite nach innen drehen: Schutz vor \u00dcberhitzung<\/li>\n<li>Minimales Gewicht von 60 g, 210 x 160cm, Packma\u00df: 12 x 5 x 1,5 cm<\/li>\n<li>ideal zur Mitnahme im PKW Verbandskasten (Vorschrift in Deutschland)<\/li>\n<li>Wichtig: Person nicht einwickeln, sondern Decke wie ein Sonnenschutzsegel verwenden<\/li>\n<\/ul>\n<p>&nbsp;<\/p>\n","protected":false},"excerpt":{"rendered":"<p>Erste-Hilfe-Rettungsdecke<\/p>\n","protected":false},"featured_media":25299,"comment_status":"open","ping_status":"closed","template":"","meta":{"_acf_changed":false},"product_brand":[],"product_cat":[426],"product_tag":[885,2399,1992,793],"class_list":{"0":"post-25295","1":"product","2":"type-product","3":"status-seo-produkt","4":"has-post-thumbnail","6":"product_cat-unkategorisiert","7":"product_tag-oma-liste","8":"product_tag-rettung","9":"product_tag-rettungsdecke","10":"product_tag-unterkuehlung","12":"first","13":"outofstock","14":"taxable","15":"shipping-taxable","16":"product-type-simple"},"acf":[],"yoast_head":"<!-- This site is optimized with the Yoast SEO plugin v27.1.1 - https:\/\/yoast.com\/product\/yoast-seo-wordpress\/ -->\n<title>Rettungsdecke in Profi-Qualit\u00e4t gold gegen Unterk\u00fchlung<\/title>\n<meta name=\"description\" content=\"Polyethylen-Folie mit Aluminium. Silberne Seite nach innen: W\u00e4rmung durch Reflexion der K\u00f6rperw\u00e4rme. Goldene Seite nach innen: Schutz vor \u00dcberhitzung.\" \/>\n<meta name=\"robots\" content=\"index, follow, max-snippet:-1, max-image-preview:large, max-video-preview:-1\" \/>\n<link rel=\"canonical\" href=\"https:\/\/ueberlebenskunst.at\/survivalshop\/shop\/rettungsdecke-in-profi-qualitaet\/\" \/>\n<meta property=\"og:locale\" content=\"de_DE\" \/>\n<meta property=\"og:type\" content=\"article\" \/>\n<meta property=\"og:title\" content=\"Rettungsdecke in Profi-Qualit\u00e4t gold gegen Unterk\u00fchlung\" \/>\n<meta property=\"og:description\" content=\"Polyethylen-Folie mit Aluminium. Silberne Seite nach innen: W\u00e4rmung durch Reflexion der K\u00f6rperw\u00e4rme. Goldene Seite nach innen: Schutz vor \u00dcberhitzung.\" \/>\n<meta property=\"og:url\" content=\"https:\/\/ueberlebenskunst.at\/survivalshop\/shop\/rettungsdecke-in-profi-qualitaet\/\" \/>\n<meta property=\"og:site_name\" content=\"Reini Rossmann - Survival Shop\" \/>\n<meta property=\"article:publisher\" content=\"https:\/\/www.facebook.com\/survival24.org\/\" \/>\n<meta property=\"article:modified_time\" content=\"2025-01-14T12:07:17+00:00\" \/>\n<meta property=\"og:image\" content=\"https:\/\/ueberlebenskunst.at\/survivalshop\/wp-content\/uploads\/2021\/03\/Rettungsdecke_2.jpg\" \/>\n\t<meta property=\"og:image:width\" content=\"475\" \/>\n\t<meta property=\"og:image:height\" content=\"691\" \/>\n\t<meta property=\"og:image:type\" content=\"image\/jpeg\" \/>\n<meta name=\"twitter:card\" content=\"summary_large_image\" \/>\n<meta name=\"twitter:label1\" content=\"Gesch\u00e4tzte Lesezeit\" \/>\n\t<meta name=\"twitter:data1\" content=\"1\u00a0Minute\" \/>\n<script type=\"application\/ld+json\" class=\"yoast-schema-graph\">{\"@context\":\"https:\/\/schema.org\",\"@graph\":[{\"@type\":\"WebPage\",\"@id\":\"https:\/\/ueberlebenskunst.at\/survivalshop\/shop\/rettungsdecke-in-profi-qualitaet\/\",\"url\":\"https:\/\/ueberlebenskunst.at\/survivalshop\/shop\/rettungsdecke-in-profi-qualitaet\/\",\"name\":\"Rettungsdecke in Profi-Qualit\u00e4t gold gegen Unterk\u00fchlung\",\"isPartOf\":{\"@id\":\"https:\/\/ueberlebenskunst.at\/survivalshop\/#website\"},\"primaryImageOfPage\":{\"@id\":\"https:\/\/ueberlebenskunst.at\/survivalshop\/shop\/rettungsdecke-in-profi-qualitaet\/#primaryimage\"},\"image\":{\"@id\":\"https:\/\/ueberlebenskunst.at\/survivalshop\/shop\/rettungsdecke-in-profi-qualitaet\/#primaryimage\"},\"thumbnailUrl\":\"https:\/\/ueberlebenskunst.at\/survivalshop\/wp-content\/uploads\/2021\/03\/Rettungsdecke_2.jpg\",\"datePublished\":\"2021-04-01T05:51:16+00:00\",\"dateModified\":\"2025-01-14T12:07:17+00:00\",\"description\":\"Polyethylen-Folie mit Aluminium. Silberne Seite nach innen: W\u00e4rmung durch Reflexion der K\u00f6rperw\u00e4rme. Goldene Seite nach innen: Schutz vor \u00dcberhitzung.\",\"breadcrumb\":{\"@id\":\"https:\/\/ueberlebenskunst.at\/survivalshop\/shop\/rettungsdecke-in-profi-qualitaet\/#breadcrumb\"},\"inLanguage\":\"de\",\"potentialAction\":[{\"@type\":\"ReadAction\",\"target\":[\"https:\/\/ueberlebenskunst.at\/survivalshop\/shop\/rettungsdecke-in-profi-qualitaet\/\"]}]},{\"@type\":\"ImageObject\",\"inLanguage\":\"de\",\"@id\":\"https:\/\/ueberlebenskunst.at\/survivalshop\/shop\/rettungsdecke-in-profi-qualitaet\/#primaryimage\",\"url\":\"https:\/\/ueberlebenskunst.at\/survivalshop\/wp-content\/uploads\/2021\/03\/Rettungsdecke_2.jpg\",\"contentUrl\":\"https:\/\/ueberlebenskunst.at\/survivalshop\/wp-content\/uploads\/2021\/03\/Rettungsdecke_2.jpg\",\"width\":475,\"height\":691},{\"@type\":\"BreadcrumbList\",\"@id\":\"https:\/\/ueberlebenskunst.at\/survivalshop\/shop\/rettungsdecke-in-profi-qualitaet\/#breadcrumb\",\"itemListElement\":[{\"@type\":\"ListItem\",\"position\":1,\"name\":\"Startseite\",\"item\":\"https:\/\/ueberlebenskunst.at\/survivalshop\/\"},{\"@type\":\"ListItem\",\"position\":2,\"name\":\"Shop\",\"item\":\"https:\/\/ueberlebenskunst.at\/survivalshop\/shop\/\"},{\"@type\":\"ListItem\",\"position\":3,\"name\":\"Rettungsdecke in Profi-Qualit\u00e4t gold\"}]},{\"@type\":\"WebSite\",\"@id\":\"https:\/\/ueberlebenskunst.at\/survivalshop\/#website\",\"url\":\"https:\/\/ueberlebenskunst.at\/survivalshop\/\",\"name\":\"Reini Rossmann - Survival Shop\",\"description\":\"Survival Shop f\u00fcr Survival, Bushcraft und Prepper\",\"potentialAction\":[{\"@type\":\"SearchAction\",\"target\":{\"@type\":\"EntryPoint\",\"urlTemplate\":\"https:\/\/ueberlebenskunst.at\/survivalshop\/?s={search_term_string}\"},\"query-input\":{\"@type\":\"PropertyValueSpecification\",\"valueRequired\":true,\"valueName\":\"search_term_string\"}}],\"inLanguage\":\"de\"}]}<\/script>\n<!-- \/ Yoast SEO plugin. -->","yoast_head_json":{"title":"Rettungsdecke in Profi-Qualit\u00e4t gold gegen Unterk\u00fchlung","description":"Polyethylen-Folie mit Aluminium. Silberne Seite nach innen: W\u00e4rmung durch Reflexion der K\u00f6rperw\u00e4rme. Goldene Seite nach innen: Schutz vor \u00dcberhitzung.","robots":{"index":"index","follow":"follow","max-snippet":"max-snippet:-1","max-image-preview":"max-image-preview:large","max-video-preview":"max-video-preview:-1"},"canonical":"https:\/\/ueberlebenskunst.at\/survivalshop\/shop\/rettungsdecke-in-profi-qualitaet\/","og_locale":"de_DE","og_type":"article","og_title":"Rettungsdecke in Profi-Qualit\u00e4t gold gegen Unterk\u00fchlung","og_description":"Polyethylen-Folie mit Aluminium. Silberne Seite nach innen: W\u00e4rmung durch Reflexion der K\u00f6rperw\u00e4rme. Goldene Seite nach innen: Schutz vor \u00dcberhitzung.","og_url":"https:\/\/ueberlebenskunst.at\/survivalshop\/shop\/rettungsdecke-in-profi-qualitaet\/","og_site_name":"Reini Rossmann - Survival Shop","article_publisher":"https:\/\/www.facebook.com\/survival24.org\/","article_modified_time":"2025-01-14T12:07:17+00:00","og_image":[{"width":475,"height":691,"url":"https:\/\/ueberlebenskunst.at\/survivalshop\/wp-content\/uploads\/2021\/03\/Rettungsdecke_2.jpg","type":"image\/jpeg"}],"twitter_card":"summary_large_image","twitter_misc":{"Gesch\u00e4tzte Lesezeit":"1\u00a0Minute"},"schema":{"@context":"https:\/\/schema.org","@graph":[{"@type":"WebPage","@id":"https:\/\/ueberlebenskunst.at\/survivalshop\/shop\/rettungsdecke-in-profi-qualitaet\/","url":"https:\/\/ueberlebenskunst.at\/survivalshop\/shop\/rettungsdecke-in-profi-qualitaet\/","name":"Rettungsdecke in Profi-Qualit\u00e4t gold gegen Unterk\u00fchlung","isPartOf":{"@id":"https:\/\/ueberlebenskunst.at\/survivalshop\/#website"},"primaryImageOfPage":{"@id":"https:\/\/ueberlebenskunst.at\/survivalshop\/shop\/rettungsdecke-in-profi-qualitaet\/#primaryimage"},"image":{"@id":"https:\/\/ueberlebenskunst.at\/survivalshop\/shop\/rettungsdecke-in-profi-qualitaet\/#primaryimage"},"thumbnailUrl":"https:\/\/ueberlebenskunst.at\/survivalshop\/wp-content\/uploads\/2021\/03\/Rettungsdecke_2.jpg","datePublished":"2021-04-01T05:51:16+00:00","dateModified":"2025-01-14T12:07:17+00:00","description":"Polyethylen-Folie mit Aluminium. Silberne Seite nach innen: W\u00e4rmung durch Reflexion der K\u00f6rperw\u00e4rme. Goldene Seite nach innen: Schutz vor \u00dcberhitzung.","breadcrumb":{"@id":"https:\/\/ueberlebenskunst.at\/survivalshop\/shop\/rettungsdecke-in-profi-qualitaet\/#breadcrumb"},"inLanguage":"de","potentialAction":[{"@type":"ReadAction","target":["https:\/\/ueberlebenskunst.at\/survivalshop\/shop\/rettungsdecke-in-profi-qualitaet\/"]}]},{"@type":"ImageObject","inLanguage":"de","@id":"https:\/\/ueberlebenskunst.at\/survivalshop\/shop\/rettungsdecke-in-profi-qualitaet\/#primaryimage","url":"https:\/\/ueberlebenskunst.at\/survivalshop\/wp-content\/uploads\/2021\/03\/Rettungsdecke_2.jpg","contentUrl":"https:\/\/ueberlebenskunst.at\/survivalshop\/wp-content\/uploads\/2021\/03\/Rettungsdecke_2.jpg","width":475,"height":691},{"@type":"BreadcrumbList","@id":"https:\/\/ueberlebenskunst.at\/survivalshop\/shop\/rettungsdecke-in-profi-qualitaet\/#breadcrumb","itemListElement":[{"@type":"ListItem","position":1,"name":"Startseite","item":"https:\/\/ueberlebenskunst.at\/survivalshop\/"},{"@type":"ListItem","position":2,"name":"Shop","item":"https:\/\/ueberlebenskunst.at\/survivalshop\/shop\/"},{"@type":"ListItem","position":3,"name":"Rettungsdecke in Profi-Qualit\u00e4t gold"}]},{"@type":"WebSite","@id":"https:\/\/ueberlebenskunst.at\/survivalshop\/#website","url":"https:\/\/ueberlebenskunst.at\/survivalshop\/","name":"Reini Rossmann - Survival Shop","description":"Survival Shop f\u00fcr Survival, Bushcraft und Prepper","potentialAction":[{"@type":"SearchAction","target":{"@type":"EntryPoint","urlTemplate":"https:\/\/ueberlebenskunst.at\/survivalshop\/?s={search_term_string}"},"query-input":{"@type":"PropertyValueSpecification","valueRequired":true,"valueName":"search_term_string"}}],"inLanguage":"de"}]}},"_links":{"self":[{"href":"https:\/\/ueberlebenskunst.at\/survivalshop\/wp-json\/wp\/v2\/product\/25295","targetHints":{"allow":["GET"]}}],"collection":[{"href":"https:\/\/ueberlebenskunst.at\/survivalshop\/wp-json\/wp\/v2\/product"}],"about":[{"href":"https:\/\/ueberlebenskunst.at\/survivalshop\/wp-json\/wp\/v2\/types\/product"}],"replies":[{"embeddable":true,"href":"https:\/\/ueberlebenskunst.at\/survivalshop\/wp-json\/wp\/v2\/comments?post=25295"}],"wp:featuredmedia":[{"embeddable":true,"href":"https:\/\/ueberlebenskunst.at\/survivalshop\/wp-json\/wp\/v2\/media\/25299"}],"wp:attachment":[{"href":"https:\/\/ueberlebenskunst.at\/survivalshop\/wp-json\/wp\/v2\/media?parent=25295"}],"wp:term":[{"taxonomy":"product_brand","embeddable":true,"href":"https:\/\/ueberlebenskunst.at\/survivalshop\/wp-json\/wp\/v2\/product_brand?post=25295"},{"taxonomy":"product_cat","embeddable":true,"href":"https:\/\/ueberlebenskunst.at\/survivalshop\/wp-json\/wp\/v2\/product_cat?post=25295"},{"taxonomy":"product_tag","embeddable":true,"href":"https:\/\/ueberlebenskunst.at\/survivalshop\/wp-json\/wp\/v2\/product_tag?post=25295"}],"curies":[{"name":"wp","href":"https:\/\/api.w.org\/{rel}","templated":true}]}}