{"id":2418,"date":"2015-06-19T10:25:42","date_gmt":"2015-06-19T08:25:42","guid":{"rendered":"https:\/\/ueberlebenskunst.at\/survivalshop\/survivalshop\/?post_type=product&#038;p=2418"},"modified":"2024-09-25T07:00:46","modified_gmt":"2024-09-25T05:00:46","slug":"tt-first-aid-complete","status":"seo-produkt","type":"product","link":"https:\/\/ueberlebenskunst.at\/survivalshop\/shop\/tt-first-aid-complete\/","title":{"rendered":"TT First Aid Complete"},"content":{"rendered":"<p>Ich habe dieses Outdoor-Erste-Hilfe-Set von Tasmanian Tiger Drau\u00dfen immer dabei. Bei jedem Survival Training gibt es eine Sicherheitseinweisung genau mit diesem Paket. Doch werfen wir mal einen Blick in das\u00a0TT First Aid Complete.<\/p>\n<h3>Lieferumfang\u00a0TT First Aid Complete<\/h3>\n<ul>\n<li>1x Hansaplast Wundpflaster 50 x 6 cm<\/li>\n<li>1x Verbandp\u00e4ckchen gro\u00df\u00a0mit nicht haftender Kompresse<\/li>\n<li>1x Verbandp\u00e4ckchen mittel mit nicht haftender Kompresse<\/li>\n<li>1x Verbandtuch 60 x 80 cm<\/li>\n<li>1x Rettungsdecke 160 x 210 cm<\/li>\n<li>1x Erste-Hilfe-Outdoor-Spickzettel<\/li>\n<li>1x Checkliste<\/li>\n<li>10x Alkoholtupfer<\/li>\n<li>1x Verbandsschere gerade mit spitzer und stumpfer Seite<\/li>\n<li>1x Splitterpinzette 9 cm<\/li>\n<li>2 Paar Vinyl-Handschuhe<\/li>\n<li>1x Dreiecktuch (Viskose)<\/li>\n<li>1x Fixierpflaster 30 x 15 cm<\/li>\n<li>3x SAN Wundkompresse 10 x 10 cm<\/li>\n<li>1 Rolle Sporttape 10 m x 2,5 cm<\/li>\n<\/ul>\n<p><a href=\"https:\/\/ueberlebenskunst.at\/survivalshop\/survivalshop\/wp-content\/uploads\/2015\/06\/TT-First-Aid-Complete-Review.png\" target=\"_blank\" rel=\"noopener noreferrer\"><img decoding=\"async\" class=\"alignnone wp-image-2424 size-medium\" src=\"https:\/\/ueberlebenskunst.at\/survivalshop\/survivalshop\/wp-content\/uploads\/2015\/06\/TT-First-Aid-Complete-Review-300x224.png\" alt=\"TT First Aid Complete Review\" width=\"300\" height=\"224\" srcset=\"https:\/\/ueberlebenskunst.at\/survivalshop\/wp-content\/uploads\/2015\/06\/TT-First-Aid-Complete-Review-300x224.png 300w, https:\/\/ueberlebenskunst.at\/survivalshop\/wp-content\/uploads\/2015\/06\/TT-First-Aid-Complete-Review-600x447.png 600w, https:\/\/ueberlebenskunst.at\/survivalshop\/wp-content\/uploads\/2015\/06\/TT-First-Aid-Complete-Review-745x556.png 745w, https:\/\/ueberlebenskunst.at\/survivalshop\/wp-content\/uploads\/2015\/06\/TT-First-Aid-Complete-Review.png 873w\" sizes=\"(max-width: 300px) 100vw, 300px\" \/><\/a><\/p>\n<h3>Weitere Vorteile im \u00dcberblick<\/h3>\n<ul>\n<li>Das Erste-Hilfe-Set kann durch den umlaufenden Rei\u00dfverschluss komplett ge\u00f6ffnet werden. Du kannst es also stabil am Boden legen und hast zu allen Teilen guten Zugriff<\/li>\n<li>Genug Platz um weitere Ausr\u00fcstung wie zum Beispiel\u00a0SAM-Splint,\u00a0Israeli-Bandage oder Combat Tourniquet<\/li>\n<li>\u00dcbersichtliche Einteilung &#8211; Jedes Teil hat seinen Platz damit Du im Ernstfall keine Zeit durch Suchen verlierst<\/li>\n<li>MOLLE-Schlaufen und Riemen zum einfachen und sicheren Anbringen an Taschen, Rucks\u00e4cken und Co.<\/li>\n<li>Spritzwasser gesch\u00fctzt aber nicht wasserdicht<\/li>\n<li>Handgriff<\/li>\n<\/ul>\n<h3>Technische Daten im Detail<\/h3>\n<ul>\n<li>Gewicht ca. 550 Gramm<\/li>\n<li>Abmessungen: 18 x 12,5 x 5,5 cm<\/li>\n<li>Material: 420 HD Nylon<\/li>\n<\/ul>\n","protected":false},"excerpt":{"rendered":"<p>Wenn Du ein Erste-Hilfe-Set f\u00fcr Drau\u00dfen suchst, dann hast Du es soeben gefunden! Ausstattung f\u00fcr 7 Tagen und f\u00fcr 1 \u2013 4 Personen.<\/p>\n","protected":false},"featured_media":2419,"comment_status":"open","ping_status":"closed","template":"","meta":{"_acf_changed":false},"product_brand":[],"product_cat":[426],"product_tag":[308,199,307],"class_list":{"0":"post-2418","1":"product","2":"type-product","3":"status-seo-produkt","4":"has-post-thumbnail","6":"product_cat-unkategorisiert","7":"product_tag-erste-hilfe-pouch","8":"product_tag-tasmanian-tiger","9":"product_tag-tasmanien-tiger-first-aid","11":"first","12":"outofstock","13":"taxable","14":"shipping-taxable","15":"product-type-simple"},"acf":[],"yoast_head":"<!-- This site is optimized with the Yoast SEO plugin v27.1.1 - https:\/\/yoast.com\/product\/yoast-seo-wordpress\/ -->\n<title>TT First Aid Complete - Reini Rossmann - Survival Shop<\/title>\n<meta name=\"robots\" content=\"index, follow, max-snippet:-1, max-image-preview:large, max-video-preview:-1\" \/>\n<link rel=\"canonical\" href=\"https:\/\/ueberlebenskunst.at\/survivalshop\/shop\/tt-first-aid-complete\/\" \/>\n<meta property=\"og:locale\" content=\"de_DE\" \/>\n<meta property=\"og:type\" content=\"article\" \/>\n<meta property=\"og:title\" content=\"TT First Aid Complete - Reini Rossmann - Survival Shop\" \/>\n<meta property=\"og:description\" content=\"Wenn Du ein Erste-Hilfe-Set f\u00fcr Drau\u00dfen suchst, dann hast Du es soeben gefunden! Ausstattung f\u00fcr 7 Tagen und f\u00fcr 1 \u2013 4 Personen.\" \/>\n<meta property=\"og:url\" content=\"https:\/\/ueberlebenskunst.at\/survivalshop\/shop\/tt-first-aid-complete\/\" \/>\n<meta property=\"og:site_name\" content=\"Reini Rossmann - Survival Shop\" \/>\n<meta property=\"article:publisher\" content=\"https:\/\/www.facebook.com\/survival24.org\/\" \/>\n<meta property=\"article:modified_time\" content=\"2024-09-25T05:00:46+00:00\" \/>\n<meta property=\"og:image\" content=\"https:\/\/ueberlebenskunst.at\/survivalshop\/wp-content\/uploads\/2015\/06\/TT-First-Aid-Complete.png\" \/>\n\t<meta property=\"og:image:width\" content=\"731\" \/>\n\t<meta property=\"og:image:height\" content=\"746\" \/>\n\t<meta property=\"og:image:type\" content=\"image\/png\" \/>\n<meta name=\"twitter:card\" content=\"summary_large_image\" \/>\n<meta name=\"twitter:label1\" content=\"Gesch\u00e4tzte Lesezeit\" \/>\n\t<meta name=\"twitter:data1\" content=\"2\u00a0Minuten\" \/>\n<script type=\"application\/ld+json\" class=\"yoast-schema-graph\">{\"@context\":\"https:\/\/schema.org\",\"@graph\":[{\"@type\":\"WebPage\",\"@id\":\"https:\/\/ueberlebenskunst.at\/survivalshop\/shop\/tt-first-aid-complete\/\",\"url\":\"https:\/\/ueberlebenskunst.at\/survivalshop\/shop\/tt-first-aid-complete\/\",\"name\":\"TT First Aid Complete - Reini Rossmann - Survival Shop\",\"isPartOf\":{\"@id\":\"https:\/\/ueberlebenskunst.at\/survivalshop\/#website\"},\"primaryImageOfPage\":{\"@id\":\"https:\/\/ueberlebenskunst.at\/survivalshop\/shop\/tt-first-aid-complete\/#primaryimage\"},\"image\":{\"@id\":\"https:\/\/ueberlebenskunst.at\/survivalshop\/shop\/tt-first-aid-complete\/#primaryimage\"},\"thumbnailUrl\":\"https:\/\/ueberlebenskunst.at\/survivalshop\/wp-content\/uploads\/2015\/06\/TT-First-Aid-Complete.png\",\"datePublished\":\"2015-06-19T08:25:42+00:00\",\"dateModified\":\"2024-09-25T05:00:46+00:00\",\"breadcrumb\":{\"@id\":\"https:\/\/ueberlebenskunst.at\/survivalshop\/shop\/tt-first-aid-complete\/#breadcrumb\"},\"inLanguage\":\"de\",\"potentialAction\":[{\"@type\":\"ReadAction\",\"target\":[\"https:\/\/ueberlebenskunst.at\/survivalshop\/shop\/tt-first-aid-complete\/\"]}]},{\"@type\":\"ImageObject\",\"inLanguage\":\"de\",\"@id\":\"https:\/\/ueberlebenskunst.at\/survivalshop\/shop\/tt-first-aid-complete\/#primaryimage\",\"url\":\"https:\/\/ueberlebenskunst.at\/survivalshop\/wp-content\/uploads\/2015\/06\/TT-First-Aid-Complete.png\",\"contentUrl\":\"https:\/\/ueberlebenskunst.at\/survivalshop\/wp-content\/uploads\/2015\/06\/TT-First-Aid-Complete.png\",\"width\":731,\"height\":746},{\"@type\":\"BreadcrumbList\",\"@id\":\"https:\/\/ueberlebenskunst.at\/survivalshop\/shop\/tt-first-aid-complete\/#breadcrumb\",\"itemListElement\":[{\"@type\":\"ListItem\",\"position\":1,\"name\":\"Startseite\",\"item\":\"https:\/\/ueberlebenskunst.at\/survivalshop\/\"},{\"@type\":\"ListItem\",\"position\":2,\"name\":\"Shop\",\"item\":\"https:\/\/ueberlebenskunst.at\/survivalshop\/shop\/\"},{\"@type\":\"ListItem\",\"position\":3,\"name\":\"TT First Aid Complete\"}]},{\"@type\":\"WebSite\",\"@id\":\"https:\/\/ueberlebenskunst.at\/survivalshop\/#website\",\"url\":\"https:\/\/ueberlebenskunst.at\/survivalshop\/\",\"name\":\"Reini Rossmann - Survival Shop\",\"description\":\"Survival Shop f\u00fcr Survival, Bushcraft und Prepper\",\"potentialAction\":[{\"@type\":\"SearchAction\",\"target\":{\"@type\":\"EntryPoint\",\"urlTemplate\":\"https:\/\/ueberlebenskunst.at\/survivalshop\/?s={search_term_string}\"},\"query-input\":{\"@type\":\"PropertyValueSpecification\",\"valueRequired\":true,\"valueName\":\"search_term_string\"}}],\"inLanguage\":\"de\"}]}<\/script>\n<!-- \/ Yoast SEO plugin. -->","yoast_head_json":{"title":"TT First Aid Complete - Reini Rossmann - Survival Shop","robots":{"index":"index","follow":"follow","max-snippet":"max-snippet:-1","max-image-preview":"max-image-preview:large","max-video-preview":"max-video-preview:-1"},"canonical":"https:\/\/ueberlebenskunst.at\/survivalshop\/shop\/tt-first-aid-complete\/","og_locale":"de_DE","og_type":"article","og_title":"TT First Aid Complete - Reini Rossmann - Survival Shop","og_description":"Wenn Du ein Erste-Hilfe-Set f\u00fcr Drau\u00dfen suchst, dann hast Du es soeben gefunden! Ausstattung f\u00fcr 7 Tagen und f\u00fcr 1 \u2013 4 Personen.","og_url":"https:\/\/ueberlebenskunst.at\/survivalshop\/shop\/tt-first-aid-complete\/","og_site_name":"Reini Rossmann - Survival Shop","article_publisher":"https:\/\/www.facebook.com\/survival24.org\/","article_modified_time":"2024-09-25T05:00:46+00:00","og_image":[{"width":731,"height":746,"url":"https:\/\/ueberlebenskunst.at\/survivalshop\/wp-content\/uploads\/2015\/06\/TT-First-Aid-Complete.png","type":"image\/png"}],"twitter_card":"summary_large_image","twitter_misc":{"Gesch\u00e4tzte Lesezeit":"2\u00a0Minuten"},"schema":{"@context":"https:\/\/schema.org","@graph":[{"@type":"WebPage","@id":"https:\/\/ueberlebenskunst.at\/survivalshop\/shop\/tt-first-aid-complete\/","url":"https:\/\/ueberlebenskunst.at\/survivalshop\/shop\/tt-first-aid-complete\/","name":"TT First Aid Complete - Reini Rossmann - Survival Shop","isPartOf":{"@id":"https:\/\/ueberlebenskunst.at\/survivalshop\/#website"},"primaryImageOfPage":{"@id":"https:\/\/ueberlebenskunst.at\/survivalshop\/shop\/tt-first-aid-complete\/#primaryimage"},"image":{"@id":"https:\/\/ueberlebenskunst.at\/survivalshop\/shop\/tt-first-aid-complete\/#primaryimage"},"thumbnailUrl":"https:\/\/ueberlebenskunst.at\/survivalshop\/wp-content\/uploads\/2015\/06\/TT-First-Aid-Complete.png","datePublished":"2015-06-19T08:25:42+00:00","dateModified":"2024-09-25T05:00:46+00:00","breadcrumb":{"@id":"https:\/\/ueberlebenskunst.at\/survivalshop\/shop\/tt-first-aid-complete\/#breadcrumb"},"inLanguage":"de","potentialAction":[{"@type":"ReadAction","target":["https:\/\/ueberlebenskunst.at\/survivalshop\/shop\/tt-first-aid-complete\/"]}]},{"@type":"ImageObject","inLanguage":"de","@id":"https:\/\/ueberlebenskunst.at\/survivalshop\/shop\/tt-first-aid-complete\/#primaryimage","url":"https:\/\/ueberlebenskunst.at\/survivalshop\/wp-content\/uploads\/2015\/06\/TT-First-Aid-Complete.png","contentUrl":"https:\/\/ueberlebenskunst.at\/survivalshop\/wp-content\/uploads\/2015\/06\/TT-First-Aid-Complete.png","width":731,"height":746},{"@type":"BreadcrumbList","@id":"https:\/\/ueberlebenskunst.at\/survivalshop\/shop\/tt-first-aid-complete\/#breadcrumb","itemListElement":[{"@type":"ListItem","position":1,"name":"Startseite","item":"https:\/\/ueberlebenskunst.at\/survivalshop\/"},{"@type":"ListItem","position":2,"name":"Shop","item":"https:\/\/ueberlebenskunst.at\/survivalshop\/shop\/"},{"@type":"ListItem","position":3,"name":"TT First Aid Complete"}]},{"@type":"WebSite","@id":"https:\/\/ueberlebenskunst.at\/survivalshop\/#website","url":"https:\/\/ueberlebenskunst.at\/survivalshop\/","name":"Reini Rossmann - Survival Shop","description":"Survival Shop f\u00fcr Survival, Bushcraft und Prepper","potentialAction":[{"@type":"SearchAction","target":{"@type":"EntryPoint","urlTemplate":"https:\/\/ueberlebenskunst.at\/survivalshop\/?s={search_term_string}"},"query-input":{"@type":"PropertyValueSpecification","valueRequired":true,"valueName":"search_term_string"}}],"inLanguage":"de"}]}},"_links":{"self":[{"href":"https:\/\/ueberlebenskunst.at\/survivalshop\/wp-json\/wp\/v2\/product\/2418","targetHints":{"allow":["GET"]}}],"collection":[{"href":"https:\/\/ueberlebenskunst.at\/survivalshop\/wp-json\/wp\/v2\/product"}],"about":[{"href":"https:\/\/ueberlebenskunst.at\/survivalshop\/wp-json\/wp\/v2\/types\/product"}],"replies":[{"embeddable":true,"href":"https:\/\/ueberlebenskunst.at\/survivalshop\/wp-json\/wp\/v2\/comments?post=2418"}],"wp:featuredmedia":[{"embeddable":true,"href":"https:\/\/ueberlebenskunst.at\/survivalshop\/wp-json\/wp\/v2\/media\/2419"}],"wp:attachment":[{"href":"https:\/\/ueberlebenskunst.at\/survivalshop\/wp-json\/wp\/v2\/media?parent=2418"}],"wp:term":[{"taxonomy":"product_brand","embeddable":true,"href":"https:\/\/ueberlebenskunst.at\/survivalshop\/wp-json\/wp\/v2\/product_brand?post=2418"},{"taxonomy":"product_cat","embeddable":true,"href":"https:\/\/ueberlebenskunst.at\/survivalshop\/wp-json\/wp\/v2\/product_cat?post=2418"},{"taxonomy":"product_tag","embeddable":true,"href":"https:\/\/ueberlebenskunst.at\/survivalshop\/wp-json\/wp\/v2\/product_tag?post=2418"}],"curies":[{"name":"wp","href":"https:\/\/api.w.org\/{rel}","templated":true}]}}