{"id":23512,"date":"2021-03-02T13:05:42","date_gmt":"2021-03-02T11:05:42","guid":{"rendered":"https:\/\/ueberlebenskunst.at\/survivalshop\/?post_type=product&#038;p=23512"},"modified":"2024-03-20T19:09:18","modified_gmt":"2024-03-20T18:09:18","slug":"schokokuchen-mit-schokostueckchen-300g","status":"seo-produkt","type":"product","link":"https:\/\/ueberlebenskunst.at\/survivalshop\/shop\/schokokuchen-mit-schokostueckchen-300g\/","title":{"rendered":"Dosenkuchen 300g &#8211; Schokokuchen 10 Jahre haltbar"},"content":{"rendered":"<p><iframe hcb-fetch-image-from=\"https:\/\/www.youtube.com\/watch?v=FRAwpNXcQcg\" title=\"Kuchen aus der Dose - 10 Jahre haltbar?! | Krisen Survival Nahrung im Vorrat\" width=\"640\" height=\"360\" src=\"https:\/\/www.youtube.com\/embed\/FRAwpNXcQcg?feature=oembed\" frameborder=\"0\" allow=\"accelerometer; autoplay; clipboard-write; encrypted-media; gyroscope; picture-in-picture; web-share\" referrerpolicy=\"strict-origin-when-cross-origin\" allowfullscreen><\/iframe><\/p>\n<p>Hier ist die s\u00fc\u00dfe Variante\u00a0zum\u00a0 <a href=\"https:\/\/ueberlebenskunst.at\/survivalshop\/shop\/trekn-eat-vollkornbrot\/\" target=\"_blank\" rel=\"noopener\">Vollkorn Dosenbrot.<\/a><\/p>\n<p>Du hast Hei\u00dfhunger auf S\u00fc\u00dfes&#8230; Aufrei\u00dfen und genie\u00dfen.<\/p>\n<h3>Schokokuchen mit Schokost\u00fcckchen 300g<\/h3>\n<h3>Produktdaten:<\/h3>\n<ul>\n<li>Energiereicher, schmackhafter Kuchen wird zubereitet aus Zucker, Vollei, Raps\u00f6l, Wasser, Weizenst\u00e4rke, verfeinert mit Schokoladedrops. Weiters aus modifizierter St\u00e4rke, Weizenmehl, Milch, Kokosfett, Kakaopulver, Backtriebmittel, Emulgator (Mono- und Diglyceride von<br \/>\nSpeises\u00e4uren), Speisesalz jodiert, Glukosesirup, Reisst\u00e4rke, Stabilisatoren (Xanthan)<\/li>\n<li>fix fertiger Genuss<\/li>\n<li>Nach dem \u00d6ffnen aus der Dose nehmen und innerhalb von 3 Tagen verzehren.<\/li>\n<li>Pro 100g 1829kJ \/ 438kcal<\/li>\n<li>Trocken lagern, gesch\u00fctzt vor K\u00e4lte und Hitze<\/li>\n<li>Haltbar 10 Jahre ab Produktionsdatum<\/li>\n<li>Hergestellt in \u00d6sterreich<\/li>\n<li>Lieferant f\u00fcr das \u00d6sterreichische Bundesheer<\/li>\n<\/ul>\n<p>&nbsp;<\/p>\n<div class=\"margin\">\n<div class=\"s-12 m-7 l-8\">\n<p class=\"text-size-20 margin-bottom-50 text-dark\">\n<\/div>\n<\/div>\n","protected":false},"excerpt":{"rendered":"<p>Schmackhafter, genussfertiger Kuchen mit Schokolade<\/p>\n","protected":false},"featured_media":23513,"comment_status":"open","ping_status":"closed","template":"","meta":{"_acf_changed":false},"product_brand":[],"product_cat":[426],"product_tag":[742,314,724],"class_list":{"0":"post-23512","1":"product","2":"type-product","3":"status-seo-produkt","4":"has-post-thumbnail","6":"product_cat-unkategorisiert","7":"product_tag-dosennahrung","8":"product_tag-oebh-bundesheer","9":"product_tag-suessspeisen","11":"first","12":"outofstock","13":"taxable","14":"shipping-taxable","15":"product-type-simple"},"acf":[],"yoast_head":"<!-- This site is optimized with the Yoast SEO plugin v27.1.1 - https:\/\/yoast.com\/product\/yoast-seo-wordpress\/ -->\n<title>Dosenkuchen 300g - Schokokuchen 10 Jahre haltbar: genussfertiger Energiespender<\/title>\n<meta name=\"description\" content=\"Diese schokoladige K\u00f6stlichkeit ist mit einem Handgriff bereit um dir den Tag Outdoor zu vers\u00fc\u00dfen. Liefert rasch Energie und ist lang haltbar.\" \/>\n<meta name=\"robots\" content=\"index, follow, max-snippet:-1, max-image-preview:large, max-video-preview:-1\" \/>\n<link rel=\"canonical\" href=\"https:\/\/ueberlebenskunst.at\/survivalshop\/shop\/schokokuchen-mit-schokostueckchen-300g\/\" \/>\n<meta property=\"og:locale\" content=\"de_DE\" \/>\n<meta property=\"og:type\" content=\"article\" \/>\n<meta property=\"og:title\" content=\"Dosenkuchen 300g - Schokokuchen 10 Jahre haltbar: genussfertiger Energiespender\" \/>\n<meta property=\"og:description\" content=\"Diese schokoladige K\u00f6stlichkeit ist mit einem Handgriff bereit um dir den Tag Outdoor zu vers\u00fc\u00dfen. Liefert rasch Energie und ist lang haltbar.\" \/>\n<meta property=\"og:url\" content=\"https:\/\/ueberlebenskunst.at\/survivalshop\/shop\/schokokuchen-mit-schokostueckchen-300g\/\" \/>\n<meta property=\"og:site_name\" content=\"Reini Rossmann - Survival Shop\" \/>\n<meta property=\"article:publisher\" content=\"https:\/\/www.facebook.com\/survival24.org\/\" \/>\n<meta property=\"article:modified_time\" content=\"2024-03-20T18:09:18+00:00\" \/>\n<meta property=\"og:image\" content=\"https:\/\/ueberlebenskunst.at\/survivalshop\/wp-content\/uploads\/2021\/03\/Schokokuchen-mit-Schokostueckchen.jpg\" \/>\n\t<meta property=\"og:image:width\" content=\"445\" \/>\n\t<meta property=\"og:image:height\" content=\"324\" \/>\n\t<meta property=\"og:image:type\" content=\"image\/jpeg\" \/>\n<meta name=\"twitter:card\" content=\"summary_large_image\" \/>\n<meta name=\"twitter:label1\" content=\"Gesch\u00e4tzte Lesezeit\" \/>\n\t<meta name=\"twitter:data1\" content=\"1\u00a0Minute\" \/>\n<script type=\"application\/ld+json\" class=\"yoast-schema-graph\">{\"@context\":\"https:\/\/schema.org\",\"@graph\":[{\"@type\":\"WebPage\",\"@id\":\"https:\/\/ueberlebenskunst.at\/survivalshop\/shop\/schokokuchen-mit-schokostueckchen-300g\/\",\"url\":\"https:\/\/ueberlebenskunst.at\/survivalshop\/shop\/schokokuchen-mit-schokostueckchen-300g\/\",\"name\":\"Dosenkuchen 300g - Schokokuchen 10 Jahre haltbar: genussfertiger Energiespender\",\"isPartOf\":{\"@id\":\"https:\/\/ueberlebenskunst.at\/survivalshop\/#website\"},\"primaryImageOfPage\":{\"@id\":\"https:\/\/ueberlebenskunst.at\/survivalshop\/shop\/schokokuchen-mit-schokostueckchen-300g\/#primaryimage\"},\"image\":{\"@id\":\"https:\/\/ueberlebenskunst.at\/survivalshop\/shop\/schokokuchen-mit-schokostueckchen-300g\/#primaryimage\"},\"thumbnailUrl\":\"https:\/\/ueberlebenskunst.at\/survivalshop\/wp-content\/uploads\/2021\/03\/Schokokuchen-mit-Schokostueckchen.jpg\",\"datePublished\":\"2021-03-02T11:05:42+00:00\",\"dateModified\":\"2024-03-20T18:09:18+00:00\",\"description\":\"Diese schokoladige K\u00f6stlichkeit ist mit einem Handgriff bereit um dir den Tag Outdoor zu vers\u00fc\u00dfen. Liefert rasch Energie und ist lang haltbar.\",\"breadcrumb\":{\"@id\":\"https:\/\/ueberlebenskunst.at\/survivalshop\/shop\/schokokuchen-mit-schokostueckchen-300g\/#breadcrumb\"},\"inLanguage\":\"de\",\"potentialAction\":[{\"@type\":\"ReadAction\",\"target\":[\"https:\/\/ueberlebenskunst.at\/survivalshop\/shop\/schokokuchen-mit-schokostueckchen-300g\/\"]}]},{\"@type\":\"ImageObject\",\"inLanguage\":\"de\",\"@id\":\"https:\/\/ueberlebenskunst.at\/survivalshop\/shop\/schokokuchen-mit-schokostueckchen-300g\/#primaryimage\",\"url\":\"https:\/\/ueberlebenskunst.at\/survivalshop\/wp-content\/uploads\/2021\/03\/Schokokuchen-mit-Schokostueckchen.jpg\",\"contentUrl\":\"https:\/\/ueberlebenskunst.at\/survivalshop\/wp-content\/uploads\/2021\/03\/Schokokuchen-mit-Schokostueckchen.jpg\",\"width\":445,\"height\":324},{\"@type\":\"BreadcrumbList\",\"@id\":\"https:\/\/ueberlebenskunst.at\/survivalshop\/shop\/schokokuchen-mit-schokostueckchen-300g\/#breadcrumb\",\"itemListElement\":[{\"@type\":\"ListItem\",\"position\":1,\"name\":\"Startseite\",\"item\":\"https:\/\/ueberlebenskunst.at\/survivalshop\/\"},{\"@type\":\"ListItem\",\"position\":2,\"name\":\"Shop\",\"item\":\"https:\/\/ueberlebenskunst.at\/survivalshop\/shop\/\"},{\"@type\":\"ListItem\",\"position\":3,\"name\":\"Dosenkuchen 300g &#8211; Schokokuchen 10 Jahre haltbar\"}]},{\"@type\":\"WebSite\",\"@id\":\"https:\/\/ueberlebenskunst.at\/survivalshop\/#website\",\"url\":\"https:\/\/ueberlebenskunst.at\/survivalshop\/\",\"name\":\"Reini Rossmann - Survival Shop\",\"description\":\"Survival Shop f\u00fcr Survival, Bushcraft und Prepper\",\"potentialAction\":[{\"@type\":\"SearchAction\",\"target\":{\"@type\":\"EntryPoint\",\"urlTemplate\":\"https:\/\/ueberlebenskunst.at\/survivalshop\/?s={search_term_string}\"},\"query-input\":{\"@type\":\"PropertyValueSpecification\",\"valueRequired\":true,\"valueName\":\"search_term_string\"}}],\"inLanguage\":\"de\"}]}<\/script>\n<!-- \/ Yoast SEO plugin. -->","yoast_head_json":{"title":"Dosenkuchen 300g - Schokokuchen 10 Jahre haltbar: genussfertiger Energiespender","description":"Diese schokoladige K\u00f6stlichkeit ist mit einem Handgriff bereit um dir den Tag Outdoor zu vers\u00fc\u00dfen. Liefert rasch Energie und ist lang haltbar.","robots":{"index":"index","follow":"follow","max-snippet":"max-snippet:-1","max-image-preview":"max-image-preview:large","max-video-preview":"max-video-preview:-1"},"canonical":"https:\/\/ueberlebenskunst.at\/survivalshop\/shop\/schokokuchen-mit-schokostueckchen-300g\/","og_locale":"de_DE","og_type":"article","og_title":"Dosenkuchen 300g - Schokokuchen 10 Jahre haltbar: genussfertiger Energiespender","og_description":"Diese schokoladige K\u00f6stlichkeit ist mit einem Handgriff bereit um dir den Tag Outdoor zu vers\u00fc\u00dfen. Liefert rasch Energie und ist lang haltbar.","og_url":"https:\/\/ueberlebenskunst.at\/survivalshop\/shop\/schokokuchen-mit-schokostueckchen-300g\/","og_site_name":"Reini Rossmann - Survival Shop","article_publisher":"https:\/\/www.facebook.com\/survival24.org\/","article_modified_time":"2024-03-20T18:09:18+00:00","og_image":[{"width":445,"height":324,"url":"https:\/\/ueberlebenskunst.at\/survivalshop\/wp-content\/uploads\/2021\/03\/Schokokuchen-mit-Schokostueckchen.jpg","type":"image\/jpeg"}],"twitter_card":"summary_large_image","twitter_misc":{"Gesch\u00e4tzte Lesezeit":"1\u00a0Minute"},"schema":{"@context":"https:\/\/schema.org","@graph":[{"@type":"WebPage","@id":"https:\/\/ueberlebenskunst.at\/survivalshop\/shop\/schokokuchen-mit-schokostueckchen-300g\/","url":"https:\/\/ueberlebenskunst.at\/survivalshop\/shop\/schokokuchen-mit-schokostueckchen-300g\/","name":"Dosenkuchen 300g - Schokokuchen 10 Jahre haltbar: genussfertiger Energiespender","isPartOf":{"@id":"https:\/\/ueberlebenskunst.at\/survivalshop\/#website"},"primaryImageOfPage":{"@id":"https:\/\/ueberlebenskunst.at\/survivalshop\/shop\/schokokuchen-mit-schokostueckchen-300g\/#primaryimage"},"image":{"@id":"https:\/\/ueberlebenskunst.at\/survivalshop\/shop\/schokokuchen-mit-schokostueckchen-300g\/#primaryimage"},"thumbnailUrl":"https:\/\/ueberlebenskunst.at\/survivalshop\/wp-content\/uploads\/2021\/03\/Schokokuchen-mit-Schokostueckchen.jpg","datePublished":"2021-03-02T11:05:42+00:00","dateModified":"2024-03-20T18:09:18+00:00","description":"Diese schokoladige K\u00f6stlichkeit ist mit einem Handgriff bereit um dir den Tag Outdoor zu vers\u00fc\u00dfen. Liefert rasch Energie und ist lang haltbar.","breadcrumb":{"@id":"https:\/\/ueberlebenskunst.at\/survivalshop\/shop\/schokokuchen-mit-schokostueckchen-300g\/#breadcrumb"},"inLanguage":"de","potentialAction":[{"@type":"ReadAction","target":["https:\/\/ueberlebenskunst.at\/survivalshop\/shop\/schokokuchen-mit-schokostueckchen-300g\/"]}]},{"@type":"ImageObject","inLanguage":"de","@id":"https:\/\/ueberlebenskunst.at\/survivalshop\/shop\/schokokuchen-mit-schokostueckchen-300g\/#primaryimage","url":"https:\/\/ueberlebenskunst.at\/survivalshop\/wp-content\/uploads\/2021\/03\/Schokokuchen-mit-Schokostueckchen.jpg","contentUrl":"https:\/\/ueberlebenskunst.at\/survivalshop\/wp-content\/uploads\/2021\/03\/Schokokuchen-mit-Schokostueckchen.jpg","width":445,"height":324},{"@type":"BreadcrumbList","@id":"https:\/\/ueberlebenskunst.at\/survivalshop\/shop\/schokokuchen-mit-schokostueckchen-300g\/#breadcrumb","itemListElement":[{"@type":"ListItem","position":1,"name":"Startseite","item":"https:\/\/ueberlebenskunst.at\/survivalshop\/"},{"@type":"ListItem","position":2,"name":"Shop","item":"https:\/\/ueberlebenskunst.at\/survivalshop\/shop\/"},{"@type":"ListItem","position":3,"name":"Dosenkuchen 300g &#8211; Schokokuchen 10 Jahre haltbar"}]},{"@type":"WebSite","@id":"https:\/\/ueberlebenskunst.at\/survivalshop\/#website","url":"https:\/\/ueberlebenskunst.at\/survivalshop\/","name":"Reini Rossmann - Survival Shop","description":"Survival Shop f\u00fcr Survival, Bushcraft und Prepper","potentialAction":[{"@type":"SearchAction","target":{"@type":"EntryPoint","urlTemplate":"https:\/\/ueberlebenskunst.at\/survivalshop\/?s={search_term_string}"},"query-input":{"@type":"PropertyValueSpecification","valueRequired":true,"valueName":"search_term_string"}}],"inLanguage":"de"}]}},"_links":{"self":[{"href":"https:\/\/ueberlebenskunst.at\/survivalshop\/wp-json\/wp\/v2\/product\/23512","targetHints":{"allow":["GET"]}}],"collection":[{"href":"https:\/\/ueberlebenskunst.at\/survivalshop\/wp-json\/wp\/v2\/product"}],"about":[{"href":"https:\/\/ueberlebenskunst.at\/survivalshop\/wp-json\/wp\/v2\/types\/product"}],"replies":[{"embeddable":true,"href":"https:\/\/ueberlebenskunst.at\/survivalshop\/wp-json\/wp\/v2\/comments?post=23512"}],"wp:featuredmedia":[{"embeddable":true,"href":"https:\/\/ueberlebenskunst.at\/survivalshop\/wp-json\/wp\/v2\/media\/23513"}],"wp:attachment":[{"href":"https:\/\/ueberlebenskunst.at\/survivalshop\/wp-json\/wp\/v2\/media?parent=23512"}],"wp:term":[{"taxonomy":"product_brand","embeddable":true,"href":"https:\/\/ueberlebenskunst.at\/survivalshop\/wp-json\/wp\/v2\/product_brand?post=23512"},{"taxonomy":"product_cat","embeddable":true,"href":"https:\/\/ueberlebenskunst.at\/survivalshop\/wp-json\/wp\/v2\/product_cat?post=23512"},{"taxonomy":"product_tag","embeddable":true,"href":"https:\/\/ueberlebenskunst.at\/survivalshop\/wp-json\/wp\/v2\/product_tag?post=23512"}],"curies":[{"name":"wp","href":"https:\/\/api.w.org\/{rel}","templated":true}]}}