{"id":21607,"date":"2021-02-06T12:08:33","date_gmt":"2021-02-06T10:08:33","guid":{"rendered":"https:\/\/ueberlebenskunst.at\/survivalshop\/survivalshop\/?post_type=product&#038;p=21607"},"modified":"2024-03-20T19:18:06","modified_gmt":"2024-03-20T18:18:06","slug":"tt-wp-backpack-liner-wasserdichter-schutzsack","status":"seo-produkt","type":"product","link":"https:\/\/ueberlebenskunst.at\/survivalshop\/shop\/tt-wp-backpack-liner-wasserdichter-schutzsack\/","title":{"rendered":"TT WP Backpack Liner &#8211; wasserdichter Schutzsack"},"content":{"rendered":"<p>Der TT WP Backpack Liner ist durch den Rollverschluss wasserdicht bis zu einer Wassers\u00e4ule von 10.000mm und in 3 Gr\u00f6\u00dfen verf\u00fcgbar:<\/p>\n<h3>TT WP Backpack Liner 8Liter:<\/h3>\n<ul>\n<li>Abmessungen: D=19cm x H=30cm<\/li>\n<li>Volumen: 8Liter<\/li>\n<li>Gewicht: 55g<\/li>\n<li>Farbe: stone grey<\/li>\n<li>Material: T-Cover Tex PRO<\/li>\n<\/ul>\n<h3>TT WP Backpack Liner 20Liter:<\/h3>\n<ul>\n<li>Abmessungen: D=25cm x H=40cm<\/li>\n<li>Volumen: 20Liter<\/li>\n<li>Gewicht: 75g<\/li>\n<li>Farbe: black<\/li>\n<li>Material: T-Cover Tex PRO<\/li>\n<\/ul>\n<h3>TT WP Backpack Liner 40Liter:<\/h3>\n<ul>\n<li>Abmessungen: D=28cm x H=56cm<\/li>\n<li>Volumen: 40Liter<\/li>\n<li>Gewicht: 85g<\/li>\n<li>Farbe: coyote brown<\/li>\n<li>Material: T-Cover Tex PRO<\/li>\n<\/ul>\n","protected":false},"excerpt":{"rendered":"<p>Der TT WP Backpack Liner ist durch den Rollverschluss wasserdicht bis zu einer Wassers\u00e4ule von 10.000mm und in 3 Gr\u00f6\u00dfen verf\u00fcgbar: TT WP Backpack Liner 8Liter: Abmessungen: D=19cm x H=30cm Volumen: 8Liter Gewicht: 55g Farbe: stone grey Material: T-Cover Tex PRO TT WP Backpack Liner 20Liter: Abmessungen: D=25cm x H=40cm Volumen: 20Liter Gewicht: 75g Farbe: [&hellip;]<\/p>\n","protected":false},"featured_media":21609,"comment_status":"open","ping_status":"closed","template":"","meta":{"_acf_changed":false},"product_brand":[],"product_cat":[426],"product_tag":[199,264],"class_list":{"0":"post-21607","1":"product","2":"type-product","3":"status-seo-produkt","4":"has-post-thumbnail","6":"product_cat-unkategorisiert","7":"product_tag-tasmanian-tiger","8":"product_tag-wasserdicht","9":"pa_farbe-black-20l","10":"pa_farbe-coyote-brown-40l","11":"pa_farbe-stone-grey-8l","13":"first","14":"outofstock","15":"taxable","16":"shipping-taxable","17":"product-type-variable","18":"has-default-attributes"},"acf":[],"yoast_head":"<!-- This site is optimized with the Yoast SEO plugin v27.1.1 - https:\/\/yoast.com\/product\/yoast-seo-wordpress\/ -->\n<title>TT WP Backpack Liner - wasserdichter Schutzsack<\/title>\n<meta name=\"description\" content=\"Den TT WP Backpack Liner ist duch den Rollverschluss wasserdicht bis zu 10.000mm Wassers\u00e4ule und ist in 3 praktischen Gr\u00f6\u00dfen verf\u00fcgbar\" \/>\n<meta name=\"robots\" content=\"index, follow, max-snippet:-1, max-image-preview:large, max-video-preview:-1\" \/>\n<link rel=\"canonical\" href=\"https:\/\/ueberlebenskunst.at\/survivalshop\/shop\/tt-wp-backpack-liner-wasserdichter-schutzsack\/\" \/>\n<meta property=\"og:locale\" content=\"de_DE\" \/>\n<meta property=\"og:type\" content=\"article\" \/>\n<meta property=\"og:title\" content=\"TT WP Backpack Liner - wasserdichter Schutzsack\" \/>\n<meta property=\"og:description\" content=\"Den TT WP Backpack Liner ist duch den Rollverschluss wasserdicht bis zu 10.000mm Wassers\u00e4ule und ist in 3 praktischen Gr\u00f6\u00dfen verf\u00fcgbar\" \/>\n<meta property=\"og:url\" content=\"https:\/\/ueberlebenskunst.at\/survivalshop\/shop\/tt-wp-backpack-liner-wasserdichter-schutzsack\/\" \/>\n<meta property=\"og:site_name\" content=\"Reini Rossmann - Survival Shop\" \/>\n<meta property=\"article:publisher\" content=\"https:\/\/www.facebook.com\/survival24.org\/\" \/>\n<meta property=\"article:modified_time\" content=\"2024-03-20T18:18:06+00:00\" \/>\n<meta property=\"og:image\" content=\"https:\/\/ueberlebenskunst.at\/survivalshop\/wp-content\/uploads\/2021\/01\/7319040a.jpg\" \/>\n\t<meta property=\"og:image:width\" content=\"500\" \/>\n\t<meta property=\"og:image:height\" content=\"500\" \/>\n\t<meta property=\"og:image:type\" content=\"image\/jpeg\" \/>\n<meta name=\"twitter:card\" content=\"summary_large_image\" \/>\n<meta name=\"twitter:label1\" content=\"Gesch\u00e4tzte Lesezeit\" \/>\n\t<meta name=\"twitter:data1\" content=\"1\u00a0Minute\" \/>\n<script type=\"application\/ld+json\" class=\"yoast-schema-graph\">{\"@context\":\"https:\/\/schema.org\",\"@graph\":[{\"@type\":\"WebPage\",\"@id\":\"https:\/\/ueberlebenskunst.at\/survivalshop\/shop\/tt-wp-backpack-liner-wasserdichter-schutzsack\/\",\"url\":\"https:\/\/ueberlebenskunst.at\/survivalshop\/shop\/tt-wp-backpack-liner-wasserdichter-schutzsack\/\",\"name\":\"TT WP Backpack Liner - wasserdichter Schutzsack\",\"isPartOf\":{\"@id\":\"https:\/\/ueberlebenskunst.at\/survivalshop\/#website\"},\"primaryImageOfPage\":{\"@id\":\"https:\/\/ueberlebenskunst.at\/survivalshop\/shop\/tt-wp-backpack-liner-wasserdichter-schutzsack\/#primaryimage\"},\"image\":{\"@id\":\"https:\/\/ueberlebenskunst.at\/survivalshop\/shop\/tt-wp-backpack-liner-wasserdichter-schutzsack\/#primaryimage\"},\"thumbnailUrl\":\"https:\/\/ueberlebenskunst.at\/survivalshop\/wp-content\/uploads\/2021\/01\/7319040a.jpg\",\"datePublished\":\"2021-02-06T10:08:33+00:00\",\"dateModified\":\"2024-03-20T18:18:06+00:00\",\"description\":\"Den TT WP Backpack Liner ist duch den Rollverschluss wasserdicht bis zu 10.000mm Wassers\u00e4ule und ist in 3 praktischen Gr\u00f6\u00dfen verf\u00fcgbar\",\"breadcrumb\":{\"@id\":\"https:\/\/ueberlebenskunst.at\/survivalshop\/shop\/tt-wp-backpack-liner-wasserdichter-schutzsack\/#breadcrumb\"},\"inLanguage\":\"de\",\"potentialAction\":[{\"@type\":\"ReadAction\",\"target\":[\"https:\/\/ueberlebenskunst.at\/survivalshop\/shop\/tt-wp-backpack-liner-wasserdichter-schutzsack\/\"]}]},{\"@type\":\"ImageObject\",\"inLanguage\":\"de\",\"@id\":\"https:\/\/ueberlebenskunst.at\/survivalshop\/shop\/tt-wp-backpack-liner-wasserdichter-schutzsack\/#primaryimage\",\"url\":\"https:\/\/ueberlebenskunst.at\/survivalshop\/wp-content\/uploads\/2021\/01\/7319040a.jpg\",\"contentUrl\":\"https:\/\/ueberlebenskunst.at\/survivalshop\/wp-content\/uploads\/2021\/01\/7319040a.jpg\",\"width\":500,\"height\":500},{\"@type\":\"BreadcrumbList\",\"@id\":\"https:\/\/ueberlebenskunst.at\/survivalshop\/shop\/tt-wp-backpack-liner-wasserdichter-schutzsack\/#breadcrumb\",\"itemListElement\":[{\"@type\":\"ListItem\",\"position\":1,\"name\":\"Startseite\",\"item\":\"https:\/\/ueberlebenskunst.at\/survivalshop\/\"},{\"@type\":\"ListItem\",\"position\":2,\"name\":\"Shop\",\"item\":\"https:\/\/ueberlebenskunst.at\/survivalshop\/shop\/\"},{\"@type\":\"ListItem\",\"position\":3,\"name\":\"TT WP Backpack Liner &#8211; wasserdichter Schutzsack\"}]},{\"@type\":\"WebSite\",\"@id\":\"https:\/\/ueberlebenskunst.at\/survivalshop\/#website\",\"url\":\"https:\/\/ueberlebenskunst.at\/survivalshop\/\",\"name\":\"Reini Rossmann - Survival Shop\",\"description\":\"Survival Shop f\u00fcr Survival, Bushcraft und Prepper\",\"potentialAction\":[{\"@type\":\"SearchAction\",\"target\":{\"@type\":\"EntryPoint\",\"urlTemplate\":\"https:\/\/ueberlebenskunst.at\/survivalshop\/?s={search_term_string}\"},\"query-input\":{\"@type\":\"PropertyValueSpecification\",\"valueRequired\":true,\"valueName\":\"search_term_string\"}}],\"inLanguage\":\"de\"}]}<\/script>\n<!-- \/ Yoast SEO plugin. -->","yoast_head_json":{"title":"TT WP Backpack Liner - wasserdichter Schutzsack","description":"Den TT WP Backpack Liner ist duch den Rollverschluss wasserdicht bis zu 10.000mm Wassers\u00e4ule und ist in 3 praktischen Gr\u00f6\u00dfen verf\u00fcgbar","robots":{"index":"index","follow":"follow","max-snippet":"max-snippet:-1","max-image-preview":"max-image-preview:large","max-video-preview":"max-video-preview:-1"},"canonical":"https:\/\/ueberlebenskunst.at\/survivalshop\/shop\/tt-wp-backpack-liner-wasserdichter-schutzsack\/","og_locale":"de_DE","og_type":"article","og_title":"TT WP Backpack Liner - wasserdichter Schutzsack","og_description":"Den TT WP Backpack Liner ist duch den Rollverschluss wasserdicht bis zu 10.000mm Wassers\u00e4ule und ist in 3 praktischen Gr\u00f6\u00dfen verf\u00fcgbar","og_url":"https:\/\/ueberlebenskunst.at\/survivalshop\/shop\/tt-wp-backpack-liner-wasserdichter-schutzsack\/","og_site_name":"Reini Rossmann - Survival Shop","article_publisher":"https:\/\/www.facebook.com\/survival24.org\/","article_modified_time":"2024-03-20T18:18:06+00:00","og_image":[{"width":500,"height":500,"url":"https:\/\/ueberlebenskunst.at\/survivalshop\/wp-content\/uploads\/2021\/01\/7319040a.jpg","type":"image\/jpeg"}],"twitter_card":"summary_large_image","twitter_misc":{"Gesch\u00e4tzte Lesezeit":"1\u00a0Minute"},"schema":{"@context":"https:\/\/schema.org","@graph":[{"@type":"WebPage","@id":"https:\/\/ueberlebenskunst.at\/survivalshop\/shop\/tt-wp-backpack-liner-wasserdichter-schutzsack\/","url":"https:\/\/ueberlebenskunst.at\/survivalshop\/shop\/tt-wp-backpack-liner-wasserdichter-schutzsack\/","name":"TT WP Backpack Liner - wasserdichter Schutzsack","isPartOf":{"@id":"https:\/\/ueberlebenskunst.at\/survivalshop\/#website"},"primaryImageOfPage":{"@id":"https:\/\/ueberlebenskunst.at\/survivalshop\/shop\/tt-wp-backpack-liner-wasserdichter-schutzsack\/#primaryimage"},"image":{"@id":"https:\/\/ueberlebenskunst.at\/survivalshop\/shop\/tt-wp-backpack-liner-wasserdichter-schutzsack\/#primaryimage"},"thumbnailUrl":"https:\/\/ueberlebenskunst.at\/survivalshop\/wp-content\/uploads\/2021\/01\/7319040a.jpg","datePublished":"2021-02-06T10:08:33+00:00","dateModified":"2024-03-20T18:18:06+00:00","description":"Den TT WP Backpack Liner ist duch den Rollverschluss wasserdicht bis zu 10.000mm Wassers\u00e4ule und ist in 3 praktischen Gr\u00f6\u00dfen verf\u00fcgbar","breadcrumb":{"@id":"https:\/\/ueberlebenskunst.at\/survivalshop\/shop\/tt-wp-backpack-liner-wasserdichter-schutzsack\/#breadcrumb"},"inLanguage":"de","potentialAction":[{"@type":"ReadAction","target":["https:\/\/ueberlebenskunst.at\/survivalshop\/shop\/tt-wp-backpack-liner-wasserdichter-schutzsack\/"]}]},{"@type":"ImageObject","inLanguage":"de","@id":"https:\/\/ueberlebenskunst.at\/survivalshop\/shop\/tt-wp-backpack-liner-wasserdichter-schutzsack\/#primaryimage","url":"https:\/\/ueberlebenskunst.at\/survivalshop\/wp-content\/uploads\/2021\/01\/7319040a.jpg","contentUrl":"https:\/\/ueberlebenskunst.at\/survivalshop\/wp-content\/uploads\/2021\/01\/7319040a.jpg","width":500,"height":500},{"@type":"BreadcrumbList","@id":"https:\/\/ueberlebenskunst.at\/survivalshop\/shop\/tt-wp-backpack-liner-wasserdichter-schutzsack\/#breadcrumb","itemListElement":[{"@type":"ListItem","position":1,"name":"Startseite","item":"https:\/\/ueberlebenskunst.at\/survivalshop\/"},{"@type":"ListItem","position":2,"name":"Shop","item":"https:\/\/ueberlebenskunst.at\/survivalshop\/shop\/"},{"@type":"ListItem","position":3,"name":"TT WP Backpack Liner &#8211; wasserdichter Schutzsack"}]},{"@type":"WebSite","@id":"https:\/\/ueberlebenskunst.at\/survivalshop\/#website","url":"https:\/\/ueberlebenskunst.at\/survivalshop\/","name":"Reini Rossmann - Survival Shop","description":"Survival Shop f\u00fcr Survival, Bushcraft und Prepper","potentialAction":[{"@type":"SearchAction","target":{"@type":"EntryPoint","urlTemplate":"https:\/\/ueberlebenskunst.at\/survivalshop\/?s={search_term_string}"},"query-input":{"@type":"PropertyValueSpecification","valueRequired":true,"valueName":"search_term_string"}}],"inLanguage":"de"}]}},"_links":{"self":[{"href":"https:\/\/ueberlebenskunst.at\/survivalshop\/wp-json\/wp\/v2\/product\/21607","targetHints":{"allow":["GET"]}}],"collection":[{"href":"https:\/\/ueberlebenskunst.at\/survivalshop\/wp-json\/wp\/v2\/product"}],"about":[{"href":"https:\/\/ueberlebenskunst.at\/survivalshop\/wp-json\/wp\/v2\/types\/product"}],"replies":[{"embeddable":true,"href":"https:\/\/ueberlebenskunst.at\/survivalshop\/wp-json\/wp\/v2\/comments?post=21607"}],"wp:featuredmedia":[{"embeddable":true,"href":"https:\/\/ueberlebenskunst.at\/survivalshop\/wp-json\/wp\/v2\/media\/21609"}],"wp:attachment":[{"href":"https:\/\/ueberlebenskunst.at\/survivalshop\/wp-json\/wp\/v2\/media?parent=21607"}],"wp:term":[{"taxonomy":"product_brand","embeddable":true,"href":"https:\/\/ueberlebenskunst.at\/survivalshop\/wp-json\/wp\/v2\/product_brand?post=21607"},{"taxonomy":"product_cat","embeddable":true,"href":"https:\/\/ueberlebenskunst.at\/survivalshop\/wp-json\/wp\/v2\/product_cat?post=21607"},{"taxonomy":"product_tag","embeddable":true,"href":"https:\/\/ueberlebenskunst.at\/survivalshop\/wp-json\/wp\/v2\/product_tag?post=21607"}],"curies":[{"name":"wp","href":"https:\/\/api.w.org\/{rel}","templated":true}]}}