{"id":21465,"date":"2021-01-15T11:30:07","date_gmt":"2021-01-15T09:30:07","guid":{"rendered":"https:\/\/ueberlebenskunst.at\/survivalshop\/survivalshop\/?post_type=product&#038;p=21465"},"modified":"2024-03-20T19:25:03","modified_gmt":"2024-03-20T18:25:03","slug":"tt-dump-pouch-mk-ii-faltbarer-abwurfsack","status":"seo-produkt","type":"product","link":"https:\/\/ueberlebenskunst.at\/survivalshop\/shop\/tt-dump-pouch-mk-ii-faltbarer-abwurfsack\/","title":{"rendered":"TT Dump Pouch MK II &#8211; faltbarer Abwurfsack"},"content":{"rendered":"<p>Der TT Dump Pouch MK II\u00a0 ist ein faltbarer Abwurfsack f\u00fcr Einhandbedienung. Die R\u00fcckseite ist ausgef\u00fchrt mit Molle-Reserve System. Der Kordelzug mit Stopper sorgt f\u00fcr einen guten Verschluss.<\/p>\n<ul>\n<li>Abmessungen: 32 cm x 21 cm x 9 cm (aufgefaltet)<\/li>\n<li>Gewicht: 130 g<\/li>\n<li>Material: ORDURA\u00ae 700 den, 420 HD Nylon<\/li>\n<\/ul>\n","protected":false},"excerpt":{"rendered":"<p>Der TT Dump Pouch MK II\u00a0 ist ein faltbarer Abwurfsack f\u00fcr Einhandbedienung. Die R\u00fcckseite ist ausgef\u00fchrt mit Molle-Reserve System. Der Kordelzug mit Stopper sorgt f\u00fcr einen guten Verschluss. Abmessungen: 32 cm x 21 cm x 9 cm (aufgefaltet) Gewicht: 130 g Material: ORDURA\u00ae 700 den, 420 HD Nylon<\/p>\n","protected":false},"featured_media":21467,"comment_status":"open","ping_status":"closed","template":"","meta":{"_acf_changed":false},"product_brand":[],"product_cat":[426],"product_tag":[644,199],"class_list":{"0":"post-21465","1":"product","2":"type-product","3":"status-seo-produkt","4":"has-post-thumbnail","6":"product_cat-unkategorisiert","7":"product_tag-molle","8":"product_tag-tasmanian-tiger","9":"pa_farbe-black","10":"pa_farbe-coyote-brown","11":"pa_farbe-olive","13":"first","14":"outofstock","15":"taxable","16":"shipping-taxable","17":"product-type-variable","18":"has-default-attributes"},"acf":[],"yoast_head":"<!-- This site is optimized with the Yoast SEO plugin v27.1.1 - https:\/\/yoast.com\/product\/yoast-seo-wordpress\/ -->\n<title>TT Dump Pouch MK II - faltbarer Abwurfsack<\/title>\n<meta name=\"description\" content=\"Der TT Dump Pouch MK II\u00a0 ist ein faltbarer Abwurfsack f\u00fcr Einhandbedienung und Molle Reserve System und Kordelzug f\u00fcr guten Verschluss\" \/>\n<meta name=\"robots\" content=\"index, follow, max-snippet:-1, max-image-preview:large, max-video-preview:-1\" \/>\n<link rel=\"canonical\" href=\"https:\/\/ueberlebenskunst.at\/survivalshop\/shop\/tt-dump-pouch-mk-ii-faltbarer-abwurfsack\/\" \/>\n<meta property=\"og:locale\" content=\"de_DE\" \/>\n<meta property=\"og:type\" content=\"article\" \/>\n<meta property=\"og:title\" content=\"TT Dump Pouch MK II - faltbarer Abwurfsack\" \/>\n<meta property=\"og:description\" content=\"Der TT Dump Pouch MK II\u00a0 ist ein faltbarer Abwurfsack f\u00fcr Einhandbedienung und Molle Reserve System und Kordelzug f\u00fcr guten Verschluss\" \/>\n<meta property=\"og:url\" content=\"https:\/\/ueberlebenskunst.at\/survivalshop\/shop\/tt-dump-pouch-mk-ii-faltbarer-abwurfsack\/\" \/>\n<meta property=\"og:site_name\" content=\"Reini Rossmann - Survival Shop\" \/>\n<meta property=\"article:publisher\" content=\"https:\/\/www.facebook.com\/survival24.org\/\" \/>\n<meta property=\"article:modified_time\" content=\"2024-03-20T18:25:03+00:00\" \/>\n<meta property=\"og:image\" content=\"https:\/\/ueberlebenskunst.at\/survivalshop\/wp-content\/uploads\/2021\/01\/7280331a.jpg\" \/>\n\t<meta property=\"og:image:width\" content=\"500\" \/>\n\t<meta property=\"og:image:height\" content=\"500\" \/>\n\t<meta property=\"og:image:type\" content=\"image\/jpeg\" \/>\n<meta name=\"twitter:card\" content=\"summary_large_image\" \/>\n<meta name=\"twitter:label1\" content=\"Gesch\u00e4tzte Lesezeit\" \/>\n\t<meta name=\"twitter:data1\" content=\"1\u00a0Minute\" \/>\n<script type=\"application\/ld+json\" class=\"yoast-schema-graph\">{\"@context\":\"https:\/\/schema.org\",\"@graph\":[{\"@type\":\"WebPage\",\"@id\":\"https:\/\/ueberlebenskunst.at\/survivalshop\/shop\/tt-dump-pouch-mk-ii-faltbarer-abwurfsack\/\",\"url\":\"https:\/\/ueberlebenskunst.at\/survivalshop\/shop\/tt-dump-pouch-mk-ii-faltbarer-abwurfsack\/\",\"name\":\"TT Dump Pouch MK II - faltbarer Abwurfsack\",\"isPartOf\":{\"@id\":\"https:\/\/ueberlebenskunst.at\/survivalshop\/#website\"},\"primaryImageOfPage\":{\"@id\":\"https:\/\/ueberlebenskunst.at\/survivalshop\/shop\/tt-dump-pouch-mk-ii-faltbarer-abwurfsack\/#primaryimage\"},\"image\":{\"@id\":\"https:\/\/ueberlebenskunst.at\/survivalshop\/shop\/tt-dump-pouch-mk-ii-faltbarer-abwurfsack\/#primaryimage\"},\"thumbnailUrl\":\"https:\/\/ueberlebenskunst.at\/survivalshop\/wp-content\/uploads\/2021\/01\/7280331a.jpg\",\"datePublished\":\"2021-01-15T09:30:07+00:00\",\"dateModified\":\"2024-03-20T18:25:03+00:00\",\"description\":\"Der TT Dump Pouch MK II\u00a0 ist ein faltbarer Abwurfsack f\u00fcr Einhandbedienung und Molle Reserve System und Kordelzug f\u00fcr guten Verschluss\",\"breadcrumb\":{\"@id\":\"https:\/\/ueberlebenskunst.at\/survivalshop\/shop\/tt-dump-pouch-mk-ii-faltbarer-abwurfsack\/#breadcrumb\"},\"inLanguage\":\"de\",\"potentialAction\":[{\"@type\":\"ReadAction\",\"target\":[\"https:\/\/ueberlebenskunst.at\/survivalshop\/shop\/tt-dump-pouch-mk-ii-faltbarer-abwurfsack\/\"]}]},{\"@type\":\"ImageObject\",\"inLanguage\":\"de\",\"@id\":\"https:\/\/ueberlebenskunst.at\/survivalshop\/shop\/tt-dump-pouch-mk-ii-faltbarer-abwurfsack\/#primaryimage\",\"url\":\"https:\/\/ueberlebenskunst.at\/survivalshop\/wp-content\/uploads\/2021\/01\/7280331a.jpg\",\"contentUrl\":\"https:\/\/ueberlebenskunst.at\/survivalshop\/wp-content\/uploads\/2021\/01\/7280331a.jpg\",\"width\":500,\"height\":500},{\"@type\":\"BreadcrumbList\",\"@id\":\"https:\/\/ueberlebenskunst.at\/survivalshop\/shop\/tt-dump-pouch-mk-ii-faltbarer-abwurfsack\/#breadcrumb\",\"itemListElement\":[{\"@type\":\"ListItem\",\"position\":1,\"name\":\"Startseite\",\"item\":\"https:\/\/ueberlebenskunst.at\/survivalshop\/\"},{\"@type\":\"ListItem\",\"position\":2,\"name\":\"Shop\",\"item\":\"https:\/\/ueberlebenskunst.at\/survivalshop\/shop\/\"},{\"@type\":\"ListItem\",\"position\":3,\"name\":\"TT Dump Pouch MK II &#8211; faltbarer Abwurfsack\"}]},{\"@type\":\"WebSite\",\"@id\":\"https:\/\/ueberlebenskunst.at\/survivalshop\/#website\",\"url\":\"https:\/\/ueberlebenskunst.at\/survivalshop\/\",\"name\":\"Reini Rossmann - Survival Shop\",\"description\":\"Survival Shop f\u00fcr Survival, Bushcraft und Prepper\",\"potentialAction\":[{\"@type\":\"SearchAction\",\"target\":{\"@type\":\"EntryPoint\",\"urlTemplate\":\"https:\/\/ueberlebenskunst.at\/survivalshop\/?s={search_term_string}\"},\"query-input\":{\"@type\":\"PropertyValueSpecification\",\"valueRequired\":true,\"valueName\":\"search_term_string\"}}],\"inLanguage\":\"de\"}]}<\/script>\n<!-- \/ Yoast SEO plugin. -->","yoast_head_json":{"title":"TT Dump Pouch MK II - faltbarer Abwurfsack","description":"Der TT Dump Pouch MK II\u00a0 ist ein faltbarer Abwurfsack f\u00fcr Einhandbedienung und Molle Reserve System und Kordelzug f\u00fcr guten Verschluss","robots":{"index":"index","follow":"follow","max-snippet":"max-snippet:-1","max-image-preview":"max-image-preview:large","max-video-preview":"max-video-preview:-1"},"canonical":"https:\/\/ueberlebenskunst.at\/survivalshop\/shop\/tt-dump-pouch-mk-ii-faltbarer-abwurfsack\/","og_locale":"de_DE","og_type":"article","og_title":"TT Dump Pouch MK II - faltbarer Abwurfsack","og_description":"Der TT Dump Pouch MK II\u00a0 ist ein faltbarer Abwurfsack f\u00fcr Einhandbedienung und Molle Reserve System und Kordelzug f\u00fcr guten Verschluss","og_url":"https:\/\/ueberlebenskunst.at\/survivalshop\/shop\/tt-dump-pouch-mk-ii-faltbarer-abwurfsack\/","og_site_name":"Reini Rossmann - Survival Shop","article_publisher":"https:\/\/www.facebook.com\/survival24.org\/","article_modified_time":"2024-03-20T18:25:03+00:00","og_image":[{"width":500,"height":500,"url":"https:\/\/ueberlebenskunst.at\/survivalshop\/wp-content\/uploads\/2021\/01\/7280331a.jpg","type":"image\/jpeg"}],"twitter_card":"summary_large_image","twitter_misc":{"Gesch\u00e4tzte Lesezeit":"1\u00a0Minute"},"schema":{"@context":"https:\/\/schema.org","@graph":[{"@type":"WebPage","@id":"https:\/\/ueberlebenskunst.at\/survivalshop\/shop\/tt-dump-pouch-mk-ii-faltbarer-abwurfsack\/","url":"https:\/\/ueberlebenskunst.at\/survivalshop\/shop\/tt-dump-pouch-mk-ii-faltbarer-abwurfsack\/","name":"TT Dump Pouch MK II - faltbarer Abwurfsack","isPartOf":{"@id":"https:\/\/ueberlebenskunst.at\/survivalshop\/#website"},"primaryImageOfPage":{"@id":"https:\/\/ueberlebenskunst.at\/survivalshop\/shop\/tt-dump-pouch-mk-ii-faltbarer-abwurfsack\/#primaryimage"},"image":{"@id":"https:\/\/ueberlebenskunst.at\/survivalshop\/shop\/tt-dump-pouch-mk-ii-faltbarer-abwurfsack\/#primaryimage"},"thumbnailUrl":"https:\/\/ueberlebenskunst.at\/survivalshop\/wp-content\/uploads\/2021\/01\/7280331a.jpg","datePublished":"2021-01-15T09:30:07+00:00","dateModified":"2024-03-20T18:25:03+00:00","description":"Der TT Dump Pouch MK II\u00a0 ist ein faltbarer Abwurfsack f\u00fcr Einhandbedienung und Molle Reserve System und Kordelzug f\u00fcr guten Verschluss","breadcrumb":{"@id":"https:\/\/ueberlebenskunst.at\/survivalshop\/shop\/tt-dump-pouch-mk-ii-faltbarer-abwurfsack\/#breadcrumb"},"inLanguage":"de","potentialAction":[{"@type":"ReadAction","target":["https:\/\/ueberlebenskunst.at\/survivalshop\/shop\/tt-dump-pouch-mk-ii-faltbarer-abwurfsack\/"]}]},{"@type":"ImageObject","inLanguage":"de","@id":"https:\/\/ueberlebenskunst.at\/survivalshop\/shop\/tt-dump-pouch-mk-ii-faltbarer-abwurfsack\/#primaryimage","url":"https:\/\/ueberlebenskunst.at\/survivalshop\/wp-content\/uploads\/2021\/01\/7280331a.jpg","contentUrl":"https:\/\/ueberlebenskunst.at\/survivalshop\/wp-content\/uploads\/2021\/01\/7280331a.jpg","width":500,"height":500},{"@type":"BreadcrumbList","@id":"https:\/\/ueberlebenskunst.at\/survivalshop\/shop\/tt-dump-pouch-mk-ii-faltbarer-abwurfsack\/#breadcrumb","itemListElement":[{"@type":"ListItem","position":1,"name":"Startseite","item":"https:\/\/ueberlebenskunst.at\/survivalshop\/"},{"@type":"ListItem","position":2,"name":"Shop","item":"https:\/\/ueberlebenskunst.at\/survivalshop\/shop\/"},{"@type":"ListItem","position":3,"name":"TT Dump Pouch MK II &#8211; faltbarer Abwurfsack"}]},{"@type":"WebSite","@id":"https:\/\/ueberlebenskunst.at\/survivalshop\/#website","url":"https:\/\/ueberlebenskunst.at\/survivalshop\/","name":"Reini Rossmann - Survival Shop","description":"Survival Shop f\u00fcr Survival, Bushcraft und Prepper","potentialAction":[{"@type":"SearchAction","target":{"@type":"EntryPoint","urlTemplate":"https:\/\/ueberlebenskunst.at\/survivalshop\/?s={search_term_string}"},"query-input":{"@type":"PropertyValueSpecification","valueRequired":true,"valueName":"search_term_string"}}],"inLanguage":"de"}]}},"_links":{"self":[{"href":"https:\/\/ueberlebenskunst.at\/survivalshop\/wp-json\/wp\/v2\/product\/21465","targetHints":{"allow":["GET"]}}],"collection":[{"href":"https:\/\/ueberlebenskunst.at\/survivalshop\/wp-json\/wp\/v2\/product"}],"about":[{"href":"https:\/\/ueberlebenskunst.at\/survivalshop\/wp-json\/wp\/v2\/types\/product"}],"replies":[{"embeddable":true,"href":"https:\/\/ueberlebenskunst.at\/survivalshop\/wp-json\/wp\/v2\/comments?post=21465"}],"wp:featuredmedia":[{"embeddable":true,"href":"https:\/\/ueberlebenskunst.at\/survivalshop\/wp-json\/wp\/v2\/media\/21467"}],"wp:attachment":[{"href":"https:\/\/ueberlebenskunst.at\/survivalshop\/wp-json\/wp\/v2\/media?parent=21465"}],"wp:term":[{"taxonomy":"product_brand","embeddable":true,"href":"https:\/\/ueberlebenskunst.at\/survivalshop\/wp-json\/wp\/v2\/product_brand?post=21465"},{"taxonomy":"product_cat","embeddable":true,"href":"https:\/\/ueberlebenskunst.at\/survivalshop\/wp-json\/wp\/v2\/product_cat?post=21465"},{"taxonomy":"product_tag","embeddable":true,"href":"https:\/\/ueberlebenskunst.at\/survivalshop\/wp-json\/wp\/v2\/product_tag?post=21465"}],"curies":[{"name":"wp","href":"https:\/\/api.w.org\/{rel}","templated":true}]}}