{"id":204663,"date":"2026-02-20T08:47:41","date_gmt":"2026-02-20T07:47:41","guid":{"rendered":"https:\/\/ueberlebenskunst.at\/survivalshop\/?post_type=product&#038;p=204663"},"modified":"2026-04-17T23:43:22","modified_gmt":"2026-04-17T21:43:22","slug":"steambow-zielfernrohr-432","status":"publish","type":"product","link":"https:\/\/ueberlebenskunst.at\/survivalshop\/shop\/steambow-zielfernrohr-432\/","title":{"rendered":"Steambow Zielfernrohr 4*32"},"content":{"rendered":"<p>Passendes Zielfernrohr mit fixer Vergr\u00f6\u00dferung 4*32 mit Mil-Dot-Absehen. Damit erh\u00f6hst du die Reichweite deiner Steambow Stinger auf ca. 40 Meter.<\/p>\n<p>Im Lieferumfang sind die passenden Montage-Basen mit dabei.<\/p>\n<p><strong>Die Picatinny-Schiene zur Montage am Magazindeckel ist im Lieferumfang NICHT enthalten. <\/strong><strong>Diese kannst du extra bestellen: <a href=\"https:\/\/ueberlebenskunst.at\/survivalshop\/shop\/deckel-picatinny-fuer-steambow-stinger\/\" target=\"_blank\" rel=\"noopener\">Picatinny-Schiene<\/a>.<\/strong><\/p>\n","protected":false},"excerpt":{"rendered":"<p>Passendes Zielfernrohr mit fixer Vergr\u00f6\u00dferung 4*32 mit Mil-Dot-Absehen. Damit erh\u00f6hst du die Reichweite deiner Steambow Stinger auf ca. 40 Meter. Im Lieferumfang sind die passenden Montage-Basen mit dabei. Die Picatinny-Schiene zur Montage am Magazindeckel ist im Lieferumfang NICHT enthalten. Diese kannst du extra bestellen: Picatinny-Schiene.<\/p>\n","protected":false},"featured_media":35851,"comment_status":"open","ping_status":"closed","template":"","meta":{"_acf_changed":false},"product_brand":[],"product_cat":[1893,1929],"product_tag":[],"class_list":{"0":"post-204663","1":"product","2":"type-product","3":"status-publish","4":"has-post-thumbnail","6":"product_cat-steambow-stinger-bogensport-pfeil-kugel","7":"product_cat-zielvorrichtung","9":"first","10":"instock","11":"taxable","12":"shipping-taxable","13":"purchasable","14":"product-type-simple"},"acf":[],"yoast_head":"<!-- This site is optimized with the Yoast SEO plugin v27.1.1 - https:\/\/yoast.com\/product\/yoast-seo-wordpress\/ -->\n<title>Steambow Zielfernrohr 4*32<\/title>\n<meta name=\"description\" content=\"Passendes Zielfernrohr mit fixer Vergr\u00f6\u00dferung 4*32 mit Mil-Dot-Absehen. Damit erh\u00f6hst Du die Reichweite deiner Steambow Stinger auf ca. 40 Meter.\" \/>\n<meta name=\"robots\" content=\"index, follow, max-snippet:-1, max-image-preview:large, max-video-preview:-1\" \/>\n<link rel=\"canonical\" href=\"https:\/\/ueberlebenskunst.at\/survivalshop\/shop\/steambow-zielfernrohr-432\/\" \/>\n<meta property=\"og:locale\" content=\"de_DE\" \/>\n<meta property=\"og:type\" content=\"article\" \/>\n<meta property=\"og:title\" content=\"Steambow Zielfernrohr 4*32\" \/>\n<meta property=\"og:description\" content=\"Passendes Zielfernrohr mit fixer Vergr\u00f6\u00dferung 4*32 mit Mil-Dot-Absehen. Damit erh\u00f6hst Du die Reichweite deiner Steambow Stinger auf ca. 40 Meter.\" \/>\n<meta property=\"og:url\" content=\"https:\/\/ueberlebenskunst.at\/survivalshop\/shop\/steambow-zielfernrohr-432\/\" \/>\n<meta property=\"og:site_name\" content=\"Reini Rossmann - Survival Shop\" \/>\n<meta property=\"article:publisher\" content=\"https:\/\/www.facebook.com\/survival24.org\/\" \/>\n<meta property=\"article:modified_time\" content=\"2026-04-17T21:43:22+00:00\" \/>\n<meta property=\"og:image\" content=\"https:\/\/ueberlebenskunst.at\/survivalshop\/wp-content\/uploads\/2021\/07\/Zielfernrohr-Steambow.jpg\" \/>\n\t<meta property=\"og:image:width\" content=\"1350\" \/>\n\t<meta property=\"og:image:height\" content=\"1370\" \/>\n\t<meta property=\"og:image:type\" content=\"image\/jpeg\" \/>\n<meta name=\"twitter:card\" content=\"summary_large_image\" \/>\n<meta name=\"twitter:label1\" content=\"Gesch\u00e4tzte Lesezeit\" \/>\n\t<meta name=\"twitter:data1\" content=\"1\u00a0Minute\" \/>\n<script type=\"application\/ld+json\" class=\"yoast-schema-graph\">{\"@context\":\"https:\/\/schema.org\",\"@graph\":[{\"@type\":\"WebPage\",\"@id\":\"https:\/\/ueberlebenskunst.at\/survivalshop\/shop\/steambow-zielfernrohr-432\/\",\"url\":\"https:\/\/ueberlebenskunst.at\/survivalshop\/shop\/steambow-zielfernrohr-432\/\",\"name\":\"Steambow Zielfernrohr 4*32\",\"isPartOf\":{\"@id\":\"https:\/\/ueberlebenskunst.at\/survivalshop\/#website\"},\"primaryImageOfPage\":{\"@id\":\"https:\/\/ueberlebenskunst.at\/survivalshop\/shop\/steambow-zielfernrohr-432\/#primaryimage\"},\"image\":{\"@id\":\"https:\/\/ueberlebenskunst.at\/survivalshop\/shop\/steambow-zielfernrohr-432\/#primaryimage\"},\"thumbnailUrl\":\"https:\/\/ueberlebenskunst.at\/survivalshop\/wp-content\/uploads\/2021\/07\/Zielfernrohr-Steambow.jpg\",\"datePublished\":\"2026-02-20T07:47:41+00:00\",\"dateModified\":\"2026-04-17T21:43:22+00:00\",\"description\":\"Passendes Zielfernrohr mit fixer Vergr\u00f6\u00dferung 4*32 mit Mil-Dot-Absehen. Damit erh\u00f6hst Du die Reichweite deiner Steambow Stinger auf ca. 40 Meter.\",\"breadcrumb\":{\"@id\":\"https:\/\/ueberlebenskunst.at\/survivalshop\/shop\/steambow-zielfernrohr-432\/#breadcrumb\"},\"inLanguage\":\"de\",\"potentialAction\":[{\"@type\":\"ReadAction\",\"target\":[\"https:\/\/ueberlebenskunst.at\/survivalshop\/shop\/steambow-zielfernrohr-432\/\"]}]},{\"@type\":\"ImageObject\",\"inLanguage\":\"de\",\"@id\":\"https:\/\/ueberlebenskunst.at\/survivalshop\/shop\/steambow-zielfernrohr-432\/#primaryimage\",\"url\":\"https:\/\/ueberlebenskunst.at\/survivalshop\/wp-content\/uploads\/2021\/07\/Zielfernrohr-Steambow.jpg\",\"contentUrl\":\"https:\/\/ueberlebenskunst.at\/survivalshop\/wp-content\/uploads\/2021\/07\/Zielfernrohr-Steambow.jpg\",\"width\":1350,\"height\":1370},{\"@type\":\"BreadcrumbList\",\"@id\":\"https:\/\/ueberlebenskunst.at\/survivalshop\/shop\/steambow-zielfernrohr-432\/#breadcrumb\",\"itemListElement\":[{\"@type\":\"ListItem\",\"position\":1,\"name\":\"Startseite\",\"item\":\"https:\/\/ueberlebenskunst.at\/survivalshop\/\"},{\"@type\":\"ListItem\",\"position\":2,\"name\":\"Shop\",\"item\":\"https:\/\/ueberlebenskunst.at\/survivalshop\/shop\/\"},{\"@type\":\"ListItem\",\"position\":3,\"name\":\"Steambow Zielfernrohr 4*32\"}]},{\"@type\":\"WebSite\",\"@id\":\"https:\/\/ueberlebenskunst.at\/survivalshop\/#website\",\"url\":\"https:\/\/ueberlebenskunst.at\/survivalshop\/\",\"name\":\"Reini Rossmann - Survival Shop\",\"description\":\"Survival Shop f\u00fcr Survival, Bushcraft und Prepper\",\"potentialAction\":[{\"@type\":\"SearchAction\",\"target\":{\"@type\":\"EntryPoint\",\"urlTemplate\":\"https:\/\/ueberlebenskunst.at\/survivalshop\/?s={search_term_string}\"},\"query-input\":{\"@type\":\"PropertyValueSpecification\",\"valueRequired\":true,\"valueName\":\"search_term_string\"}}],\"inLanguage\":\"de\"}]}<\/script>\n<!-- \/ Yoast SEO plugin. -->","yoast_head_json":{"title":"Steambow Zielfernrohr 4*32","description":"Passendes Zielfernrohr mit fixer Vergr\u00f6\u00dferung 4*32 mit Mil-Dot-Absehen. Damit erh\u00f6hst Du die Reichweite deiner Steambow Stinger auf ca. 40 Meter.","robots":{"index":"index","follow":"follow","max-snippet":"max-snippet:-1","max-image-preview":"max-image-preview:large","max-video-preview":"max-video-preview:-1"},"canonical":"https:\/\/ueberlebenskunst.at\/survivalshop\/shop\/steambow-zielfernrohr-432\/","og_locale":"de_DE","og_type":"article","og_title":"Steambow Zielfernrohr 4*32","og_description":"Passendes Zielfernrohr mit fixer Vergr\u00f6\u00dferung 4*32 mit Mil-Dot-Absehen. Damit erh\u00f6hst Du die Reichweite deiner Steambow Stinger auf ca. 40 Meter.","og_url":"https:\/\/ueberlebenskunst.at\/survivalshop\/shop\/steambow-zielfernrohr-432\/","og_site_name":"Reini Rossmann - Survival Shop","article_publisher":"https:\/\/www.facebook.com\/survival24.org\/","article_modified_time":"2026-04-17T21:43:22+00:00","og_image":[{"width":1350,"height":1370,"url":"https:\/\/ueberlebenskunst.at\/survivalshop\/wp-content\/uploads\/2021\/07\/Zielfernrohr-Steambow.jpg","type":"image\/jpeg"}],"twitter_card":"summary_large_image","twitter_misc":{"Gesch\u00e4tzte Lesezeit":"1\u00a0Minute"},"schema":{"@context":"https:\/\/schema.org","@graph":[{"@type":"WebPage","@id":"https:\/\/ueberlebenskunst.at\/survivalshop\/shop\/steambow-zielfernrohr-432\/","url":"https:\/\/ueberlebenskunst.at\/survivalshop\/shop\/steambow-zielfernrohr-432\/","name":"Steambow Zielfernrohr 4*32","isPartOf":{"@id":"https:\/\/ueberlebenskunst.at\/survivalshop\/#website"},"primaryImageOfPage":{"@id":"https:\/\/ueberlebenskunst.at\/survivalshop\/shop\/steambow-zielfernrohr-432\/#primaryimage"},"image":{"@id":"https:\/\/ueberlebenskunst.at\/survivalshop\/shop\/steambow-zielfernrohr-432\/#primaryimage"},"thumbnailUrl":"https:\/\/ueberlebenskunst.at\/survivalshop\/wp-content\/uploads\/2021\/07\/Zielfernrohr-Steambow.jpg","datePublished":"2026-02-20T07:47:41+00:00","dateModified":"2026-04-17T21:43:22+00:00","description":"Passendes Zielfernrohr mit fixer Vergr\u00f6\u00dferung 4*32 mit Mil-Dot-Absehen. Damit erh\u00f6hst Du die Reichweite deiner Steambow Stinger auf ca. 40 Meter.","breadcrumb":{"@id":"https:\/\/ueberlebenskunst.at\/survivalshop\/shop\/steambow-zielfernrohr-432\/#breadcrumb"},"inLanguage":"de","potentialAction":[{"@type":"ReadAction","target":["https:\/\/ueberlebenskunst.at\/survivalshop\/shop\/steambow-zielfernrohr-432\/"]}]},{"@type":"ImageObject","inLanguage":"de","@id":"https:\/\/ueberlebenskunst.at\/survivalshop\/shop\/steambow-zielfernrohr-432\/#primaryimage","url":"https:\/\/ueberlebenskunst.at\/survivalshop\/wp-content\/uploads\/2021\/07\/Zielfernrohr-Steambow.jpg","contentUrl":"https:\/\/ueberlebenskunst.at\/survivalshop\/wp-content\/uploads\/2021\/07\/Zielfernrohr-Steambow.jpg","width":1350,"height":1370},{"@type":"BreadcrumbList","@id":"https:\/\/ueberlebenskunst.at\/survivalshop\/shop\/steambow-zielfernrohr-432\/#breadcrumb","itemListElement":[{"@type":"ListItem","position":1,"name":"Startseite","item":"https:\/\/ueberlebenskunst.at\/survivalshop\/"},{"@type":"ListItem","position":2,"name":"Shop","item":"https:\/\/ueberlebenskunst.at\/survivalshop\/shop\/"},{"@type":"ListItem","position":3,"name":"Steambow Zielfernrohr 4*32"}]},{"@type":"WebSite","@id":"https:\/\/ueberlebenskunst.at\/survivalshop\/#website","url":"https:\/\/ueberlebenskunst.at\/survivalshop\/","name":"Reini Rossmann - Survival Shop","description":"Survival Shop f\u00fcr Survival, Bushcraft und Prepper","potentialAction":[{"@type":"SearchAction","target":{"@type":"EntryPoint","urlTemplate":"https:\/\/ueberlebenskunst.at\/survivalshop\/?s={search_term_string}"},"query-input":{"@type":"PropertyValueSpecification","valueRequired":true,"valueName":"search_term_string"}}],"inLanguage":"de"}]}},"_links":{"self":[{"href":"https:\/\/ueberlebenskunst.at\/survivalshop\/wp-json\/wp\/v2\/product\/204663","targetHints":{"allow":["GET"]}}],"collection":[{"href":"https:\/\/ueberlebenskunst.at\/survivalshop\/wp-json\/wp\/v2\/product"}],"about":[{"href":"https:\/\/ueberlebenskunst.at\/survivalshop\/wp-json\/wp\/v2\/types\/product"}],"replies":[{"embeddable":true,"href":"https:\/\/ueberlebenskunst.at\/survivalshop\/wp-json\/wp\/v2\/comments?post=204663"}],"wp:featuredmedia":[{"embeddable":true,"href":"https:\/\/ueberlebenskunst.at\/survivalshop\/wp-json\/wp\/v2\/media\/35851"}],"wp:attachment":[{"href":"https:\/\/ueberlebenskunst.at\/survivalshop\/wp-json\/wp\/v2\/media?parent=204663"}],"wp:term":[{"taxonomy":"product_brand","embeddable":true,"href":"https:\/\/ueberlebenskunst.at\/survivalshop\/wp-json\/wp\/v2\/product_brand?post=204663"},{"taxonomy":"product_cat","embeddable":true,"href":"https:\/\/ueberlebenskunst.at\/survivalshop\/wp-json\/wp\/v2\/product_cat?post=204663"},{"taxonomy":"product_tag","embeddable":true,"href":"https:\/\/ueberlebenskunst.at\/survivalshop\/wp-json\/wp\/v2\/product_tag?post=204663"}],"curies":[{"name":"wp","href":"https:\/\/api.w.org\/{rel}","templated":true}]}}