{"id":190361,"date":"2025-05-14T08:33:33","date_gmt":"2025-05-14T06:33:33","guid":{"rendered":"https:\/\/ueberlebenskunst.at\/survivalshop\/?post_type=product&#038;p=190361"},"modified":"2026-05-07T22:27:30","modified_gmt":"2026-05-07T20:27:30","slug":"b-ware-k4-feuerstahl-mit-flexicordb-ware-k4-feuerstahl-mit-paracord","status":"publish","type":"product","link":"https:\/\/ueberlebenskunst.at\/survivalshop\/shop\/b-ware-k4-feuerstahl-mit-flexicordb-ware-k4-feuerstahl-mit-paracord\/","title":{"rendered":"B-Ware Feuerstahl mit Flexicord"},"content":{"rendered":"<p>B-Ware bedeutet, dass das Produkt Unsch\u00f6nheiten, Besch\u00e4digungen am Feuerstahl aufweist, eben nicht perfekt ist. Diese Unsch\u00f6nheiten w\u00fcrdest du aber nach mehrmaligen Benutzen des Feuerstahls ohnehin nicht mehr merken. Bitte nur dann kaufen, wenn dir bewusst ist, dass du keine 100%ige A-Ware bekommst. Bitte die Produktbeschreibung GENAU lesen, um alle eventuellen Besch\u00e4digungen, Gebrauchsspuren und Nachteile zu erkennen.<\/p>\n<h3><strong>Lieferumfang: <\/strong><\/h3>\n<ul>\n<li>1 St\u00fcck<\/li>\n<\/ul>\n<h3><strong>Produktdaten:<\/strong><\/h3>\n<ul>\n<li>Feuerstahl: 8 mm Durchmesser x ca. 10 cm L\u00e4nge (inkl. Griff)<\/li>\n<\/ul>\n","protected":false},"excerpt":{"rendered":"<p>B-Ware bedeutet, dass das Produkt Unsch\u00f6nheiten, Besch\u00e4digungen am Feuerstahl aufweist, eben nicht perfekt ist. Diese Unsch\u00f6nheiten w\u00fcrdest du aber nach mehrmaligen Benutzen des Feuerstahls ohnehin nicht mehr merken. Bitte nur dann kaufen, wenn dir bewusst ist, dass du keine 100%ige A-Ware bekommst. Bitte die Produktbeschreibung GENAU lesen, um alle eventuellen Besch\u00e4digungen, Gebrauchsspuren und Nachteile zu [&hellip;]<\/p>\n","protected":false},"featured_media":190419,"comment_status":"open","ping_status":"closed","template":"","meta":{"_acf_changed":false},"product_brand":[],"product_cat":[2352],"product_tag":[236],"class_list":{"0":"post-190361","1":"product","2":"type-product","3":"status-publish","4":"has-post-thumbnail","6":"product_cat-b-ware","7":"product_tag-feuerstahl","9":"first","10":"instock","11":"sale","12":"taxable","13":"shipping-taxable","14":"purchasable","15":"product-type-simple"},"acf":[],"yoast_head":"<!-- This site is optimized with the Yoast SEO plugin v27.1.1 - https:\/\/yoast.com\/product\/yoast-seo-wordpress\/ -->\n<title>B-Ware Feuerstahl mit Flexicord<\/title>\n<meta name=\"robots\" content=\"index, follow, max-snippet:-1, max-image-preview:large, max-video-preview:-1\" \/>\n<link rel=\"canonical\" href=\"https:\/\/ueberlebenskunst.at\/survivalshop\/shop\/b-ware-k4-feuerstahl-mit-flexicordb-ware-k4-feuerstahl-mit-paracord\/\" \/>\n<meta property=\"og:locale\" content=\"de_DE\" \/>\n<meta property=\"og:type\" content=\"article\" \/>\n<meta property=\"og:title\" content=\"B-Ware Feuerstahl mit Flexicord\" \/>\n<meta property=\"og:description\" content=\"B-Ware bedeutet, dass das Produkt Unsch\u00f6nheiten, Besch\u00e4digungen am Feuerstahl aufweist, eben nicht perfekt ist. Diese Unsch\u00f6nheiten w\u00fcrdest du aber nach mehrmaligen Benutzen des Feuerstahls ohnehin nicht mehr merken. Bitte nur dann kaufen, wenn dir bewusst ist, dass du keine 100%ige A-Ware bekommst. Bitte die Produktbeschreibung GENAU lesen, um alle eventuellen Besch\u00e4digungen, Gebrauchsspuren und Nachteile zu [&hellip;]\" \/>\n<meta property=\"og:url\" content=\"https:\/\/ueberlebenskunst.at\/survivalshop\/shop\/b-ware-k4-feuerstahl-mit-flexicordb-ware-k4-feuerstahl-mit-paracord\/\" \/>\n<meta property=\"og:site_name\" content=\"Reini Rossmann - Survival Shop\" \/>\n<meta property=\"article:publisher\" content=\"https:\/\/www.facebook.com\/survival24.org\/\" \/>\n<meta property=\"article:modified_time\" content=\"2026-05-07T20:27:30+00:00\" \/>\n<meta property=\"og:image\" content=\"https:\/\/ueberlebenskunst.at\/survivalshop\/wp-content\/uploads\/2025\/05\/Feuerstahl-1.jpg\" \/>\n\t<meta property=\"og:image:width\" content=\"395\" \/>\n\t<meta property=\"og:image:height\" content=\"480\" \/>\n\t<meta property=\"og:image:type\" content=\"image\/jpeg\" \/>\n<meta name=\"twitter:card\" content=\"summary_large_image\" \/>\n<meta name=\"twitter:label1\" content=\"Gesch\u00e4tzte Lesezeit\" \/>\n\t<meta name=\"twitter:data1\" content=\"1\u00a0Minute\" \/>\n<script type=\"application\/ld+json\" class=\"yoast-schema-graph\">{\"@context\":\"https:\/\/schema.org\",\"@graph\":[{\"@type\":\"WebPage\",\"@id\":\"https:\/\/ueberlebenskunst.at\/survivalshop\/shop\/b-ware-k4-feuerstahl-mit-flexicordb-ware-k4-feuerstahl-mit-paracord\/\",\"url\":\"https:\/\/ueberlebenskunst.at\/survivalshop\/shop\/b-ware-k4-feuerstahl-mit-flexicordb-ware-k4-feuerstahl-mit-paracord\/\",\"name\":\"B-Ware Feuerstahl mit Flexicord\",\"isPartOf\":{\"@id\":\"https:\/\/ueberlebenskunst.at\/survivalshop\/#website\"},\"primaryImageOfPage\":{\"@id\":\"https:\/\/ueberlebenskunst.at\/survivalshop\/shop\/b-ware-k4-feuerstahl-mit-flexicordb-ware-k4-feuerstahl-mit-paracord\/#primaryimage\"},\"image\":{\"@id\":\"https:\/\/ueberlebenskunst.at\/survivalshop\/shop\/b-ware-k4-feuerstahl-mit-flexicordb-ware-k4-feuerstahl-mit-paracord\/#primaryimage\"},\"thumbnailUrl\":\"https:\/\/ueberlebenskunst.at\/survivalshop\/wp-content\/uploads\/2025\/05\/Feuerstahl-1.jpg\",\"datePublished\":\"2025-05-14T06:33:33+00:00\",\"dateModified\":\"2026-05-07T20:27:30+00:00\",\"breadcrumb\":{\"@id\":\"https:\/\/ueberlebenskunst.at\/survivalshop\/shop\/b-ware-k4-feuerstahl-mit-flexicordb-ware-k4-feuerstahl-mit-paracord\/#breadcrumb\"},\"inLanguage\":\"de\",\"potentialAction\":[{\"@type\":\"ReadAction\",\"target\":[\"https:\/\/ueberlebenskunst.at\/survivalshop\/shop\/b-ware-k4-feuerstahl-mit-flexicordb-ware-k4-feuerstahl-mit-paracord\/\"]}]},{\"@type\":\"ImageObject\",\"inLanguage\":\"de\",\"@id\":\"https:\/\/ueberlebenskunst.at\/survivalshop\/shop\/b-ware-k4-feuerstahl-mit-flexicordb-ware-k4-feuerstahl-mit-paracord\/#primaryimage\",\"url\":\"https:\/\/ueberlebenskunst.at\/survivalshop\/wp-content\/uploads\/2025\/05\/Feuerstahl-1.jpg\",\"contentUrl\":\"https:\/\/ueberlebenskunst.at\/survivalshop\/wp-content\/uploads\/2025\/05\/Feuerstahl-1.jpg\",\"width\":395,\"height\":480},{\"@type\":\"BreadcrumbList\",\"@id\":\"https:\/\/ueberlebenskunst.at\/survivalshop\/shop\/b-ware-k4-feuerstahl-mit-flexicordb-ware-k4-feuerstahl-mit-paracord\/#breadcrumb\",\"itemListElement\":[{\"@type\":\"ListItem\",\"position\":1,\"name\":\"Startseite\",\"item\":\"https:\/\/ueberlebenskunst.at\/survivalshop\/\"},{\"@type\":\"ListItem\",\"position\":2,\"name\":\"Shop\",\"item\":\"https:\/\/ueberlebenskunst.at\/survivalshop\/shop\/\"},{\"@type\":\"ListItem\",\"position\":3,\"name\":\"B-Ware Feuerstahl mit Flexicord\"}]},{\"@type\":\"WebSite\",\"@id\":\"https:\/\/ueberlebenskunst.at\/survivalshop\/#website\",\"url\":\"https:\/\/ueberlebenskunst.at\/survivalshop\/\",\"name\":\"Reini Rossmann - Survival Shop\",\"description\":\"Survival Shop f\u00fcr Survival, Bushcraft und Prepper\",\"potentialAction\":[{\"@type\":\"SearchAction\",\"target\":{\"@type\":\"EntryPoint\",\"urlTemplate\":\"https:\/\/ueberlebenskunst.at\/survivalshop\/?s={search_term_string}\"},\"query-input\":{\"@type\":\"PropertyValueSpecification\",\"valueRequired\":true,\"valueName\":\"search_term_string\"}}],\"inLanguage\":\"de\"}]}<\/script>\n<!-- \/ Yoast SEO plugin. -->","yoast_head_json":{"title":"B-Ware Feuerstahl mit Flexicord","robots":{"index":"index","follow":"follow","max-snippet":"max-snippet:-1","max-image-preview":"max-image-preview:large","max-video-preview":"max-video-preview:-1"},"canonical":"https:\/\/ueberlebenskunst.at\/survivalshop\/shop\/b-ware-k4-feuerstahl-mit-flexicordb-ware-k4-feuerstahl-mit-paracord\/","og_locale":"de_DE","og_type":"article","og_title":"B-Ware Feuerstahl mit Flexicord","og_description":"B-Ware bedeutet, dass das Produkt Unsch\u00f6nheiten, Besch\u00e4digungen am Feuerstahl aufweist, eben nicht perfekt ist. Diese Unsch\u00f6nheiten w\u00fcrdest du aber nach mehrmaligen Benutzen des Feuerstahls ohnehin nicht mehr merken. Bitte nur dann kaufen, wenn dir bewusst ist, dass du keine 100%ige A-Ware bekommst. Bitte die Produktbeschreibung GENAU lesen, um alle eventuellen Besch\u00e4digungen, Gebrauchsspuren und Nachteile zu [&hellip;]","og_url":"https:\/\/ueberlebenskunst.at\/survivalshop\/shop\/b-ware-k4-feuerstahl-mit-flexicordb-ware-k4-feuerstahl-mit-paracord\/","og_site_name":"Reini Rossmann - Survival Shop","article_publisher":"https:\/\/www.facebook.com\/survival24.org\/","article_modified_time":"2026-05-07T20:27:30+00:00","og_image":[{"width":395,"height":480,"url":"https:\/\/ueberlebenskunst.at\/survivalshop\/wp-content\/uploads\/2025\/05\/Feuerstahl-1.jpg","type":"image\/jpeg"}],"twitter_card":"summary_large_image","twitter_misc":{"Gesch\u00e4tzte Lesezeit":"1\u00a0Minute"},"schema":{"@context":"https:\/\/schema.org","@graph":[{"@type":"WebPage","@id":"https:\/\/ueberlebenskunst.at\/survivalshop\/shop\/b-ware-k4-feuerstahl-mit-flexicordb-ware-k4-feuerstahl-mit-paracord\/","url":"https:\/\/ueberlebenskunst.at\/survivalshop\/shop\/b-ware-k4-feuerstahl-mit-flexicordb-ware-k4-feuerstahl-mit-paracord\/","name":"B-Ware Feuerstahl mit Flexicord","isPartOf":{"@id":"https:\/\/ueberlebenskunst.at\/survivalshop\/#website"},"primaryImageOfPage":{"@id":"https:\/\/ueberlebenskunst.at\/survivalshop\/shop\/b-ware-k4-feuerstahl-mit-flexicordb-ware-k4-feuerstahl-mit-paracord\/#primaryimage"},"image":{"@id":"https:\/\/ueberlebenskunst.at\/survivalshop\/shop\/b-ware-k4-feuerstahl-mit-flexicordb-ware-k4-feuerstahl-mit-paracord\/#primaryimage"},"thumbnailUrl":"https:\/\/ueberlebenskunst.at\/survivalshop\/wp-content\/uploads\/2025\/05\/Feuerstahl-1.jpg","datePublished":"2025-05-14T06:33:33+00:00","dateModified":"2026-05-07T20:27:30+00:00","breadcrumb":{"@id":"https:\/\/ueberlebenskunst.at\/survivalshop\/shop\/b-ware-k4-feuerstahl-mit-flexicordb-ware-k4-feuerstahl-mit-paracord\/#breadcrumb"},"inLanguage":"de","potentialAction":[{"@type":"ReadAction","target":["https:\/\/ueberlebenskunst.at\/survivalshop\/shop\/b-ware-k4-feuerstahl-mit-flexicordb-ware-k4-feuerstahl-mit-paracord\/"]}]},{"@type":"ImageObject","inLanguage":"de","@id":"https:\/\/ueberlebenskunst.at\/survivalshop\/shop\/b-ware-k4-feuerstahl-mit-flexicordb-ware-k4-feuerstahl-mit-paracord\/#primaryimage","url":"https:\/\/ueberlebenskunst.at\/survivalshop\/wp-content\/uploads\/2025\/05\/Feuerstahl-1.jpg","contentUrl":"https:\/\/ueberlebenskunst.at\/survivalshop\/wp-content\/uploads\/2025\/05\/Feuerstahl-1.jpg","width":395,"height":480},{"@type":"BreadcrumbList","@id":"https:\/\/ueberlebenskunst.at\/survivalshop\/shop\/b-ware-k4-feuerstahl-mit-flexicordb-ware-k4-feuerstahl-mit-paracord\/#breadcrumb","itemListElement":[{"@type":"ListItem","position":1,"name":"Startseite","item":"https:\/\/ueberlebenskunst.at\/survivalshop\/"},{"@type":"ListItem","position":2,"name":"Shop","item":"https:\/\/ueberlebenskunst.at\/survivalshop\/shop\/"},{"@type":"ListItem","position":3,"name":"B-Ware Feuerstahl mit Flexicord"}]},{"@type":"WebSite","@id":"https:\/\/ueberlebenskunst.at\/survivalshop\/#website","url":"https:\/\/ueberlebenskunst.at\/survivalshop\/","name":"Reini Rossmann - Survival Shop","description":"Survival Shop f\u00fcr Survival, Bushcraft und Prepper","potentialAction":[{"@type":"SearchAction","target":{"@type":"EntryPoint","urlTemplate":"https:\/\/ueberlebenskunst.at\/survivalshop\/?s={search_term_string}"},"query-input":{"@type":"PropertyValueSpecification","valueRequired":true,"valueName":"search_term_string"}}],"inLanguage":"de"}]}},"_links":{"self":[{"href":"https:\/\/ueberlebenskunst.at\/survivalshop\/wp-json\/wp\/v2\/product\/190361","targetHints":{"allow":["GET"]}}],"collection":[{"href":"https:\/\/ueberlebenskunst.at\/survivalshop\/wp-json\/wp\/v2\/product"}],"about":[{"href":"https:\/\/ueberlebenskunst.at\/survivalshop\/wp-json\/wp\/v2\/types\/product"}],"replies":[{"embeddable":true,"href":"https:\/\/ueberlebenskunst.at\/survivalshop\/wp-json\/wp\/v2\/comments?post=190361"}],"wp:featuredmedia":[{"embeddable":true,"href":"https:\/\/ueberlebenskunst.at\/survivalshop\/wp-json\/wp\/v2\/media\/190419"}],"wp:attachment":[{"href":"https:\/\/ueberlebenskunst.at\/survivalshop\/wp-json\/wp\/v2\/media?parent=190361"}],"wp:term":[{"taxonomy":"product_brand","embeddable":true,"href":"https:\/\/ueberlebenskunst.at\/survivalshop\/wp-json\/wp\/v2\/product_brand?post=190361"},{"taxonomy":"product_cat","embeddable":true,"href":"https:\/\/ueberlebenskunst.at\/survivalshop\/wp-json\/wp\/v2\/product_cat?post=190361"},{"taxonomy":"product_tag","embeddable":true,"href":"https:\/\/ueberlebenskunst.at\/survivalshop\/wp-json\/wp\/v2\/product_tag?post=190361"}],"curies":[{"name":"wp","href":"https:\/\/api.w.org\/{rel}","templated":true}]}}