{"id":18795,"date":"2020-11-02T22:30:41","date_gmt":"2020-11-02T20:30:41","guid":{"rendered":"https:\/\/ueberlebenskunst.at\/survivalshop\/survivalshop\/?post_type=product&#038;p=18795"},"modified":"2024-03-21T07:35:03","modified_gmt":"2024-03-21T06:35:03","slug":"sure-fire-aviator-red","status":"seo-produkt","type":"product","link":"https:\/\/ueberlebenskunst.at\/survivalshop\/shop\/sure-fire-aviator-red\/","title":{"rendered":"SureFire Aviator Red"},"content":{"rendered":"<p><iframe hcb-fetch-image-from=\"https:\/\/www.youtube.com\/watch?v=v_hkknaM7NI\" title=\"Die teuerste EDC Taschenlampe der Welt? | EDC Ausr\u00fcstung SureFire Aviator Red\" width=\"640\" height=\"360\" src=\"https:\/\/www.youtube.com\/embed\/v_hkknaM7NI?feature=oembed\" frameborder=\"0\" allow=\"accelerometer; autoplay; clipboard-write; encrypted-media; gyroscope; picture-in-picture; web-share\" referrerpolicy=\"strict-origin-when-cross-origin\" allowfullscreen><\/iframe><\/p>\n<p>Die Sure Fire Aviator Red ist eine handliche Taschlampe mit wei\u00dfem Licht mit maximal 250lumen\u00a0 und zus\u00e4tzlichem roten Licht f\u00fcr die Nacht. Der gut und gleichm\u00e4\u00dfig geb\u00fcndelte Lichtstrahl leuchtet bis zu 140Meter weit. Die Farbe des Lichtes kann duch verdrehen einer W\u00e4hlscheibe\/ring eingestellt werden. Das Rote LED Licht ist ideal zum lesen von<a href=\"https:\/\/ueberlebenskunst.at\/survivalshop\/shop\/tt-kartentasche-map-pouch\/\" target=\"_blank\" rel=\"noopener noreferrer\"> topografischen Karten<\/a>, vorallem in der Nacht.<\/p>\n<p>Die Sure Fire Aviator Red ist\u00a0 durch O-Ring und Dichtung wetterfest und Wasserdicht gefertigt.<\/p>\n<p>Gewicht: 88g<br \/>\nL\u00e4nge 10,6cm<br \/>\nLichtst\u00e4rke: 200Lumen<br \/>\n<a href=\"https:\/\/ueberlebenskunst.at\/survivalshop\/shop\/batterie-set-cr123a\/\" target=\"_blank\" rel=\"noopener noreferrer\">Stromversorgung: CR123A Batterie<\/a><br \/>\nLeuchtdauer: 90min bei maximaler Leistung<br \/>\nMaterial Geh\u00e4use: Aluminium<br \/>\nWasserdich: IPX7<\/p>\n","protected":false},"excerpt":{"rendered":"<p>Die Sure Fire Aviator Red ist eine handliche Taschlampe mit wei\u00dfem Licht mit maximal 250lumen\u00a0 und zus\u00e4tzlichem roten Licht f\u00fcr die Nacht. Der gut und gleichm\u00e4\u00dfig geb\u00fcndelte Lichtstrahl leuchtet bis zu 140Meter weit. Die Farbe des Lichtes kann duch verdrehen einer W\u00e4hlscheibe\/ring eingestellt werden. Das Rote LED Licht ist ideal zum lesen von topografischen Karten, [&hellip;]<\/p>\n","protected":false},"featured_media":18774,"comment_status":"open","ping_status":"closed","template":"","meta":{"_acf_changed":false},"product_brand":[],"product_cat":[426],"product_tag":[342,677,633,676],"class_list":{"0":"post-18795","1":"product","2":"type-product","3":"status-seo-produkt","4":"has-post-thumbnail","6":"product_cat-unkategorisiert","7":"product_tag-led-lampe","8":"product_tag-made-in-america","9":"product_tag-rotlicht","10":"product_tag-surefire","12":"first","13":"outofstock","14":"taxable","15":"shipping-taxable","16":"product-type-simple"},"acf":[],"yoast_head":"<!-- This site is optimized with the Yoast SEO plugin v27.1.1 - https:\/\/yoast.com\/product\/yoast-seo-wordpress\/ -->\n<title>SureFire Aviator Red mit wei\u00dfem und rotem LED Licht<\/title>\n<meta name=\"description\" content=\"Die Sure Fire Aviator Red ist ideal um auch bei Nacht topografische Karten lesen zu k\u00f6nnen und trotzdem die Nachtsichtigkeit zu behalten.\" \/>\n<meta name=\"robots\" content=\"index, follow, max-snippet:-1, max-image-preview:large, max-video-preview:-1\" \/>\n<link rel=\"canonical\" href=\"https:\/\/ueberlebenskunst.at\/survivalshop\/shop\/sure-fire-aviator-red\/\" \/>\n<meta property=\"og:locale\" content=\"de_DE\" \/>\n<meta property=\"og:type\" content=\"article\" \/>\n<meta property=\"og:title\" content=\"SureFire Aviator Red mit wei\u00dfem und rotem LED Licht\" \/>\n<meta property=\"og:description\" content=\"Die Sure Fire Aviator Red ist ideal um auch bei Nacht topografische Karten lesen zu k\u00f6nnen und trotzdem die Nachtsichtigkeit zu behalten.\" \/>\n<meta property=\"og:url\" content=\"https:\/\/ueberlebenskunst.at\/survivalshop\/shop\/sure-fire-aviator-red\/\" \/>\n<meta property=\"og:site_name\" content=\"Reini Rossmann - Survival Shop\" \/>\n<meta property=\"article:publisher\" content=\"https:\/\/www.facebook.com\/survival24.org\/\" \/>\n<meta property=\"article:modified_time\" content=\"2024-03-21T06:35:03+00:00\" \/>\n<meta property=\"og:image\" content=\"https:\/\/ueberlebenskunst.at\/survivalshop\/wp-content\/uploads\/2020\/11\/AB02-09SF005_2.jpg\" \/>\n\t<meta property=\"og:image:width\" content=\"600\" \/>\n\t<meta property=\"og:image:height\" content=\"447\" \/>\n\t<meta property=\"og:image:type\" content=\"image\/jpeg\" \/>\n<meta name=\"twitter:card\" content=\"summary_large_image\" \/>\n<meta name=\"twitter:label1\" content=\"Gesch\u00e4tzte Lesezeit\" \/>\n\t<meta name=\"twitter:data1\" content=\"1\u00a0Minute\" \/>\n<script type=\"application\/ld+json\" class=\"yoast-schema-graph\">{\"@context\":\"https:\/\/schema.org\",\"@graph\":[{\"@type\":\"WebPage\",\"@id\":\"https:\/\/ueberlebenskunst.at\/survivalshop\/shop\/sure-fire-aviator-red\/\",\"url\":\"https:\/\/ueberlebenskunst.at\/survivalshop\/shop\/sure-fire-aviator-red\/\",\"name\":\"SureFire Aviator Red mit wei\u00dfem und rotem LED Licht\",\"isPartOf\":{\"@id\":\"https:\/\/ueberlebenskunst.at\/survivalshop\/#website\"},\"primaryImageOfPage\":{\"@id\":\"https:\/\/ueberlebenskunst.at\/survivalshop\/shop\/sure-fire-aviator-red\/#primaryimage\"},\"image\":{\"@id\":\"https:\/\/ueberlebenskunst.at\/survivalshop\/shop\/sure-fire-aviator-red\/#primaryimage\"},\"thumbnailUrl\":\"https:\/\/ueberlebenskunst.at\/survivalshop\/wp-content\/uploads\/2020\/11\/AB02-09SF005_2.jpg\",\"datePublished\":\"2020-11-02T20:30:41+00:00\",\"dateModified\":\"2024-03-21T06:35:03+00:00\",\"description\":\"Die Sure Fire Aviator Red ist ideal um auch bei Nacht topografische Karten lesen zu k\u00f6nnen und trotzdem die Nachtsichtigkeit zu behalten.\",\"breadcrumb\":{\"@id\":\"https:\/\/ueberlebenskunst.at\/survivalshop\/shop\/sure-fire-aviator-red\/#breadcrumb\"},\"inLanguage\":\"de\",\"potentialAction\":[{\"@type\":\"ReadAction\",\"target\":[\"https:\/\/ueberlebenskunst.at\/survivalshop\/shop\/sure-fire-aviator-red\/\"]}]},{\"@type\":\"ImageObject\",\"inLanguage\":\"de\",\"@id\":\"https:\/\/ueberlebenskunst.at\/survivalshop\/shop\/sure-fire-aviator-red\/#primaryimage\",\"url\":\"https:\/\/ueberlebenskunst.at\/survivalshop\/wp-content\/uploads\/2020\/11\/AB02-09SF005_2.jpg\",\"contentUrl\":\"https:\/\/ueberlebenskunst.at\/survivalshop\/wp-content\/uploads\/2020\/11\/AB02-09SF005_2.jpg\",\"width\":600,\"height\":447},{\"@type\":\"BreadcrumbList\",\"@id\":\"https:\/\/ueberlebenskunst.at\/survivalshop\/shop\/sure-fire-aviator-red\/#breadcrumb\",\"itemListElement\":[{\"@type\":\"ListItem\",\"position\":1,\"name\":\"Startseite\",\"item\":\"https:\/\/ueberlebenskunst.at\/survivalshop\/\"},{\"@type\":\"ListItem\",\"position\":2,\"name\":\"Shop\",\"item\":\"https:\/\/ueberlebenskunst.at\/survivalshop\/shop\/\"},{\"@type\":\"ListItem\",\"position\":3,\"name\":\"SureFire Aviator Red\"}]},{\"@type\":\"WebSite\",\"@id\":\"https:\/\/ueberlebenskunst.at\/survivalshop\/#website\",\"url\":\"https:\/\/ueberlebenskunst.at\/survivalshop\/\",\"name\":\"Reini Rossmann - Survival Shop\",\"description\":\"Survival Shop f\u00fcr Survival, Bushcraft und Prepper\",\"potentialAction\":[{\"@type\":\"SearchAction\",\"target\":{\"@type\":\"EntryPoint\",\"urlTemplate\":\"https:\/\/ueberlebenskunst.at\/survivalshop\/?s={search_term_string}\"},\"query-input\":{\"@type\":\"PropertyValueSpecification\",\"valueRequired\":true,\"valueName\":\"search_term_string\"}}],\"inLanguage\":\"de\"}]}<\/script>\n<!-- \/ Yoast SEO plugin. -->","yoast_head_json":{"title":"SureFire Aviator Red mit wei\u00dfem und rotem LED Licht","description":"Die Sure Fire Aviator Red ist ideal um auch bei Nacht topografische Karten lesen zu k\u00f6nnen und trotzdem die Nachtsichtigkeit zu behalten.","robots":{"index":"index","follow":"follow","max-snippet":"max-snippet:-1","max-image-preview":"max-image-preview:large","max-video-preview":"max-video-preview:-1"},"canonical":"https:\/\/ueberlebenskunst.at\/survivalshop\/shop\/sure-fire-aviator-red\/","og_locale":"de_DE","og_type":"article","og_title":"SureFire Aviator Red mit wei\u00dfem und rotem LED Licht","og_description":"Die Sure Fire Aviator Red ist ideal um auch bei Nacht topografische Karten lesen zu k\u00f6nnen und trotzdem die Nachtsichtigkeit zu behalten.","og_url":"https:\/\/ueberlebenskunst.at\/survivalshop\/shop\/sure-fire-aviator-red\/","og_site_name":"Reini Rossmann - Survival Shop","article_publisher":"https:\/\/www.facebook.com\/survival24.org\/","article_modified_time":"2024-03-21T06:35:03+00:00","og_image":[{"width":600,"height":447,"url":"https:\/\/ueberlebenskunst.at\/survivalshop\/wp-content\/uploads\/2020\/11\/AB02-09SF005_2.jpg","type":"image\/jpeg"}],"twitter_card":"summary_large_image","twitter_misc":{"Gesch\u00e4tzte Lesezeit":"1\u00a0Minute"},"schema":{"@context":"https:\/\/schema.org","@graph":[{"@type":"WebPage","@id":"https:\/\/ueberlebenskunst.at\/survivalshop\/shop\/sure-fire-aviator-red\/","url":"https:\/\/ueberlebenskunst.at\/survivalshop\/shop\/sure-fire-aviator-red\/","name":"SureFire Aviator Red mit wei\u00dfem und rotem LED Licht","isPartOf":{"@id":"https:\/\/ueberlebenskunst.at\/survivalshop\/#website"},"primaryImageOfPage":{"@id":"https:\/\/ueberlebenskunst.at\/survivalshop\/shop\/sure-fire-aviator-red\/#primaryimage"},"image":{"@id":"https:\/\/ueberlebenskunst.at\/survivalshop\/shop\/sure-fire-aviator-red\/#primaryimage"},"thumbnailUrl":"https:\/\/ueberlebenskunst.at\/survivalshop\/wp-content\/uploads\/2020\/11\/AB02-09SF005_2.jpg","datePublished":"2020-11-02T20:30:41+00:00","dateModified":"2024-03-21T06:35:03+00:00","description":"Die Sure Fire Aviator Red ist ideal um auch bei Nacht topografische Karten lesen zu k\u00f6nnen und trotzdem die Nachtsichtigkeit zu behalten.","breadcrumb":{"@id":"https:\/\/ueberlebenskunst.at\/survivalshop\/shop\/sure-fire-aviator-red\/#breadcrumb"},"inLanguage":"de","potentialAction":[{"@type":"ReadAction","target":["https:\/\/ueberlebenskunst.at\/survivalshop\/shop\/sure-fire-aviator-red\/"]}]},{"@type":"ImageObject","inLanguage":"de","@id":"https:\/\/ueberlebenskunst.at\/survivalshop\/shop\/sure-fire-aviator-red\/#primaryimage","url":"https:\/\/ueberlebenskunst.at\/survivalshop\/wp-content\/uploads\/2020\/11\/AB02-09SF005_2.jpg","contentUrl":"https:\/\/ueberlebenskunst.at\/survivalshop\/wp-content\/uploads\/2020\/11\/AB02-09SF005_2.jpg","width":600,"height":447},{"@type":"BreadcrumbList","@id":"https:\/\/ueberlebenskunst.at\/survivalshop\/shop\/sure-fire-aviator-red\/#breadcrumb","itemListElement":[{"@type":"ListItem","position":1,"name":"Startseite","item":"https:\/\/ueberlebenskunst.at\/survivalshop\/"},{"@type":"ListItem","position":2,"name":"Shop","item":"https:\/\/ueberlebenskunst.at\/survivalshop\/shop\/"},{"@type":"ListItem","position":3,"name":"SureFire Aviator Red"}]},{"@type":"WebSite","@id":"https:\/\/ueberlebenskunst.at\/survivalshop\/#website","url":"https:\/\/ueberlebenskunst.at\/survivalshop\/","name":"Reini Rossmann - Survival Shop","description":"Survival Shop f\u00fcr Survival, Bushcraft und Prepper","potentialAction":[{"@type":"SearchAction","target":{"@type":"EntryPoint","urlTemplate":"https:\/\/ueberlebenskunst.at\/survivalshop\/?s={search_term_string}"},"query-input":{"@type":"PropertyValueSpecification","valueRequired":true,"valueName":"search_term_string"}}],"inLanguage":"de"}]}},"_links":{"self":[{"href":"https:\/\/ueberlebenskunst.at\/survivalshop\/wp-json\/wp\/v2\/product\/18795","targetHints":{"allow":["GET"]}}],"collection":[{"href":"https:\/\/ueberlebenskunst.at\/survivalshop\/wp-json\/wp\/v2\/product"}],"about":[{"href":"https:\/\/ueberlebenskunst.at\/survivalshop\/wp-json\/wp\/v2\/types\/product"}],"replies":[{"embeddable":true,"href":"https:\/\/ueberlebenskunst.at\/survivalshop\/wp-json\/wp\/v2\/comments?post=18795"}],"wp:featuredmedia":[{"embeddable":true,"href":"https:\/\/ueberlebenskunst.at\/survivalshop\/wp-json\/wp\/v2\/media\/18774"}],"wp:attachment":[{"href":"https:\/\/ueberlebenskunst.at\/survivalshop\/wp-json\/wp\/v2\/media?parent=18795"}],"wp:term":[{"taxonomy":"product_brand","embeddable":true,"href":"https:\/\/ueberlebenskunst.at\/survivalshop\/wp-json\/wp\/v2\/product_brand?post=18795"},{"taxonomy":"product_cat","embeddable":true,"href":"https:\/\/ueberlebenskunst.at\/survivalshop\/wp-json\/wp\/v2\/product_cat?post=18795"},{"taxonomy":"product_tag","embeddable":true,"href":"https:\/\/ueberlebenskunst.at\/survivalshop\/wp-json\/wp\/v2\/product_tag?post=18795"}],"curies":[{"name":"wp","href":"https:\/\/api.w.org\/{rel}","templated":true}]}}