{"id":183913,"date":"2025-02-10T06:48:09","date_gmt":"2025-02-10T05:48:09","guid":{"rendered":"https:\/\/ueberlebenskunst.at\/survivalshop\/?post_type=product&#038;p=183913"},"modified":"2026-04-06T20:54:44","modified_gmt":"2026-04-06T18:54:44","slug":"karabiner-halterung-fuer-wasp","status":"publish","type":"product","link":"https:\/\/ueberlebenskunst.at\/survivalshop\/shop\/karabiner-halterung-fuer-wasp\/","title":{"rendered":"Karabiner"},"content":{"rendered":"<p>Befestige einen Karabiner als Halterung f\u00fcr das neue <a href=\"https:\/\/ueberlebenskunst.at\/survivalshop\/shop\/k4-wasp-edc-messer\/\" target=\"_blank\" rel=\"noopener\">K4 EDC Messer &#8211; WASP<\/a>.<\/p>\n<p>Ein EDC-Messer mit einem Karabiner zu befestigen ist nicht nur praktisch, sondern auch unglaublich vielseitig. Ob am Rucksack, G\u00fcrtel, Hosenbund oder an einer Schlaufe \u2013 dein Messer ist immer griffbereit, wenn du es brauchst. Kein l\u00e4stiges Suchen in der Tasche, kein Herumkramen, wenn es schnell gehen muss. Der Karabiner sorgt daf\u00fcr, dass das Messer sicher befestigt ist, aber mit einem Handgriff gel\u00f6st werden kann. Ideal f\u00fcr Outdoor-Abenteuer.<\/p>\n<h2>Lieferumfang:<\/h2>\n<ul>\n<li>1 St\u00fcck Karabiner<br \/>\n(Auf den Bildern gezeigtes, optionales Zubeh\u00f6r ist nicht im Lieferumfang enthalten.)<\/li>\n<\/ul>\n<h3>Passt auf:<\/h3>\n<ul>\n<li>Kydexscheiden mit Nieten- Innendurchmesser von ca. 6 mm<\/li>\n<\/ul>\n<h3>Passendes Zubeh\u00f6r (extra erh\u00e4ltlich):<\/h3>\n<ul>\n<li><a href=\"https:\/\/ueberlebenskunst.at\/survivalshop\/shop\/quick-draw-messerscheide-fuer-k4-wasp-edc-messer\/\" target=\"_blank\" rel=\"noopener\">Quick Draw Messerscheide f\u00fcr K4 Wasp EDC Messer<\/a><\/li>\n<li><a href=\"https:\/\/ueberlebenskunst.at\/survivalshop\/shop\/spark-bead-mit-mini-feuerstahl-wasp-edition\/\" target=\"_blank\" rel=\"noopener\">Spark Bead mit Mini Feuerstahl \u2013 Wasp Edition<\/a><\/li>\n<li><a href=\"https:\/\/ueberlebenskunst.at\/survivalshop\/shop\/fan-bead-wasp-edition\/\" target=\"_blank\" rel=\"noopener\">Fan Bead \u2013 Wasp Edition<\/a><\/li>\n<\/ul>\n<p><a href=\"https:\/\/ueberlebenskunst.at\/survivalshop\/wp-content\/uploads\/2021\/11\/Logo_Kinder.png\"><img decoding=\"async\" class=\"alignnone size-medium wp-image-179571\" src=\"https:\/\/ueberlebenskunst.at\/survivalshop\/wp-content\/uploads\/2021\/11\/Logo_Kinder-300x126.png\" alt=\"\" width=\"300\" height=\"126\" srcset=\"https:\/\/ueberlebenskunst.at\/survivalshop\/wp-content\/uploads\/2021\/11\/Logo_Kinder-300x126.png 300w, https:\/\/ueberlebenskunst.at\/survivalshop\/wp-content\/uploads\/2021\/11\/Logo_Kinder-64x27.png 64w, https:\/\/ueberlebenskunst.at\/survivalshop\/wp-content\/uploads\/2021\/11\/Logo_Kinder.png 401w\" sizes=\"(max-width: 300px) 100vw, 300px\" \/><\/a><\/p>\n","protected":false},"excerpt":{"rendered":"<p>Befestige einen Karabiner als Halterung f\u00fcr das neue K4 EDC Messer &#8211; WASP. Ein EDC-Messer mit einem Karabiner zu befestigen ist nicht nur praktisch, sondern auch unglaublich vielseitig. Ob am Rucksack, G\u00fcrtel, Hosenbund oder an einer Schlaufe \u2013 dein Messer ist immer griffbereit, wenn du es brauchst. Kein l\u00e4stiges Suchen in der Tasche, kein Herumkramen, [&hellip;]<\/p>\n","protected":false},"featured_media":184059,"comment_status":"open","ping_status":"closed","template":"","meta":{"_acf_changed":false},"product_brand":[],"product_cat":[1101,1949],"product_tag":[286,2457],"class_list":{"0":"post-183913","1":"product","2":"type-product","3":"status-publish","4":"has-post-thumbnail","6":"product_cat-ausruestung","7":"product_cat-zubehoer","8":"product_tag-karabiner","9":"product_tag-wasp","11":"first","12":"instock","13":"taxable","14":"shipping-taxable","15":"purchasable","16":"product-type-simple"},"acf":[],"yoast_head":"<!-- This site is optimized with the Yoast SEO plugin v27.1.1 - https:\/\/yoast.com\/product\/yoast-seo-wordpress\/ -->\n<title>Karabiner - Reini Rossmann - Survival Shop<\/title>\n<meta name=\"robots\" content=\"index, follow, max-snippet:-1, max-image-preview:large, max-video-preview:-1\" \/>\n<link rel=\"canonical\" href=\"https:\/\/ueberlebenskunst.at\/survivalshop\/shop\/karabiner-halterung-fuer-wasp\/\" \/>\n<meta property=\"og:locale\" content=\"de_DE\" \/>\n<meta property=\"og:type\" content=\"article\" \/>\n<meta property=\"og:title\" content=\"Karabiner - Reini Rossmann - Survival Shop\" \/>\n<meta property=\"og:description\" content=\"Befestige einen Karabiner als Halterung f\u00fcr das neue K4 EDC Messer &#8211; WASP. Ein EDC-Messer mit einem Karabiner zu befestigen ist nicht nur praktisch, sondern auch unglaublich vielseitig. Ob am Rucksack, G\u00fcrtel, Hosenbund oder an einer Schlaufe \u2013 dein Messer ist immer griffbereit, wenn du es brauchst. Kein l\u00e4stiges Suchen in der Tasche, kein Herumkramen, [&hellip;]\" \/>\n<meta property=\"og:url\" content=\"https:\/\/ueberlebenskunst.at\/survivalshop\/shop\/karabiner-halterung-fuer-wasp\/\" \/>\n<meta property=\"og:site_name\" content=\"Reini Rossmann - Survival Shop\" \/>\n<meta property=\"article:publisher\" content=\"https:\/\/www.facebook.com\/survival24.org\/\" \/>\n<meta property=\"article:modified_time\" content=\"2026-04-06T18:54:44+00:00\" \/>\n<meta property=\"og:image\" content=\"https:\/\/ueberlebenskunst.at\/survivalshop\/wp-content\/uploads\/2025\/02\/Karabiner_sk.jpg\" \/>\n\t<meta property=\"og:image:width\" content=\"400\" \/>\n\t<meta property=\"og:image:height\" content=\"400\" \/>\n\t<meta property=\"og:image:type\" content=\"image\/jpeg\" \/>\n<meta name=\"twitter:card\" content=\"summary_large_image\" \/>\n<meta name=\"twitter:label1\" content=\"Gesch\u00e4tzte Lesezeit\" \/>\n\t<meta name=\"twitter:data1\" content=\"2\u00a0Minuten\" \/>\n<script type=\"application\/ld+json\" class=\"yoast-schema-graph\">{\"@context\":\"https:\/\/schema.org\",\"@graph\":[{\"@type\":\"WebPage\",\"@id\":\"https:\/\/ueberlebenskunst.at\/survivalshop\/shop\/karabiner-halterung-fuer-wasp\/\",\"url\":\"https:\/\/ueberlebenskunst.at\/survivalshop\/shop\/karabiner-halterung-fuer-wasp\/\",\"name\":\"Karabiner - Reini Rossmann - Survival Shop\",\"isPartOf\":{\"@id\":\"https:\/\/ueberlebenskunst.at\/survivalshop\/#website\"},\"primaryImageOfPage\":{\"@id\":\"https:\/\/ueberlebenskunst.at\/survivalshop\/shop\/karabiner-halterung-fuer-wasp\/#primaryimage\"},\"image\":{\"@id\":\"https:\/\/ueberlebenskunst.at\/survivalshop\/shop\/karabiner-halterung-fuer-wasp\/#primaryimage\"},\"thumbnailUrl\":\"https:\/\/ueberlebenskunst.at\/survivalshop\/wp-content\/uploads\/2025\/02\/Karabiner_sk.jpg\",\"datePublished\":\"2025-02-10T05:48:09+00:00\",\"dateModified\":\"2026-04-06T18:54:44+00:00\",\"breadcrumb\":{\"@id\":\"https:\/\/ueberlebenskunst.at\/survivalshop\/shop\/karabiner-halterung-fuer-wasp\/#breadcrumb\"},\"inLanguage\":\"de\",\"potentialAction\":[{\"@type\":\"ReadAction\",\"target\":[\"https:\/\/ueberlebenskunst.at\/survivalshop\/shop\/karabiner-halterung-fuer-wasp\/\"]}]},{\"@type\":\"ImageObject\",\"inLanguage\":\"de\",\"@id\":\"https:\/\/ueberlebenskunst.at\/survivalshop\/shop\/karabiner-halterung-fuer-wasp\/#primaryimage\",\"url\":\"https:\/\/ueberlebenskunst.at\/survivalshop\/wp-content\/uploads\/2025\/02\/Karabiner_sk.jpg\",\"contentUrl\":\"https:\/\/ueberlebenskunst.at\/survivalshop\/wp-content\/uploads\/2025\/02\/Karabiner_sk.jpg\",\"width\":400,\"height\":400},{\"@type\":\"BreadcrumbList\",\"@id\":\"https:\/\/ueberlebenskunst.at\/survivalshop\/shop\/karabiner-halterung-fuer-wasp\/#breadcrumb\",\"itemListElement\":[{\"@type\":\"ListItem\",\"position\":1,\"name\":\"Startseite\",\"item\":\"https:\/\/ueberlebenskunst.at\/survivalshop\/\"},{\"@type\":\"ListItem\",\"position\":2,\"name\":\"Shop\",\"item\":\"https:\/\/ueberlebenskunst.at\/survivalshop\/shop\/\"},{\"@type\":\"ListItem\",\"position\":3,\"name\":\"Karabiner\"}]},{\"@type\":\"WebSite\",\"@id\":\"https:\/\/ueberlebenskunst.at\/survivalshop\/#website\",\"url\":\"https:\/\/ueberlebenskunst.at\/survivalshop\/\",\"name\":\"Reini Rossmann - Survival Shop\",\"description\":\"Survival Shop f\u00fcr Survival, Bushcraft und Prepper\",\"potentialAction\":[{\"@type\":\"SearchAction\",\"target\":{\"@type\":\"EntryPoint\",\"urlTemplate\":\"https:\/\/ueberlebenskunst.at\/survivalshop\/?s={search_term_string}\"},\"query-input\":{\"@type\":\"PropertyValueSpecification\",\"valueRequired\":true,\"valueName\":\"search_term_string\"}}],\"inLanguage\":\"de\"}]}<\/script>\n<!-- \/ Yoast SEO plugin. -->","yoast_head_json":{"title":"Karabiner - Reini Rossmann - Survival Shop","robots":{"index":"index","follow":"follow","max-snippet":"max-snippet:-1","max-image-preview":"max-image-preview:large","max-video-preview":"max-video-preview:-1"},"canonical":"https:\/\/ueberlebenskunst.at\/survivalshop\/shop\/karabiner-halterung-fuer-wasp\/","og_locale":"de_DE","og_type":"article","og_title":"Karabiner - Reini Rossmann - Survival Shop","og_description":"Befestige einen Karabiner als Halterung f\u00fcr das neue K4 EDC Messer &#8211; WASP. Ein EDC-Messer mit einem Karabiner zu befestigen ist nicht nur praktisch, sondern auch unglaublich vielseitig. Ob am Rucksack, G\u00fcrtel, Hosenbund oder an einer Schlaufe \u2013 dein Messer ist immer griffbereit, wenn du es brauchst. Kein l\u00e4stiges Suchen in der Tasche, kein Herumkramen, [&hellip;]","og_url":"https:\/\/ueberlebenskunst.at\/survivalshop\/shop\/karabiner-halterung-fuer-wasp\/","og_site_name":"Reini Rossmann - Survival Shop","article_publisher":"https:\/\/www.facebook.com\/survival24.org\/","article_modified_time":"2026-04-06T18:54:44+00:00","og_image":[{"width":400,"height":400,"url":"https:\/\/ueberlebenskunst.at\/survivalshop\/wp-content\/uploads\/2025\/02\/Karabiner_sk.jpg","type":"image\/jpeg"}],"twitter_card":"summary_large_image","twitter_misc":{"Gesch\u00e4tzte Lesezeit":"2\u00a0Minuten"},"schema":{"@context":"https:\/\/schema.org","@graph":[{"@type":"WebPage","@id":"https:\/\/ueberlebenskunst.at\/survivalshop\/shop\/karabiner-halterung-fuer-wasp\/","url":"https:\/\/ueberlebenskunst.at\/survivalshop\/shop\/karabiner-halterung-fuer-wasp\/","name":"Karabiner - Reini Rossmann - Survival Shop","isPartOf":{"@id":"https:\/\/ueberlebenskunst.at\/survivalshop\/#website"},"primaryImageOfPage":{"@id":"https:\/\/ueberlebenskunst.at\/survivalshop\/shop\/karabiner-halterung-fuer-wasp\/#primaryimage"},"image":{"@id":"https:\/\/ueberlebenskunst.at\/survivalshop\/shop\/karabiner-halterung-fuer-wasp\/#primaryimage"},"thumbnailUrl":"https:\/\/ueberlebenskunst.at\/survivalshop\/wp-content\/uploads\/2025\/02\/Karabiner_sk.jpg","datePublished":"2025-02-10T05:48:09+00:00","dateModified":"2026-04-06T18:54:44+00:00","breadcrumb":{"@id":"https:\/\/ueberlebenskunst.at\/survivalshop\/shop\/karabiner-halterung-fuer-wasp\/#breadcrumb"},"inLanguage":"de","potentialAction":[{"@type":"ReadAction","target":["https:\/\/ueberlebenskunst.at\/survivalshop\/shop\/karabiner-halterung-fuer-wasp\/"]}]},{"@type":"ImageObject","inLanguage":"de","@id":"https:\/\/ueberlebenskunst.at\/survivalshop\/shop\/karabiner-halterung-fuer-wasp\/#primaryimage","url":"https:\/\/ueberlebenskunst.at\/survivalshop\/wp-content\/uploads\/2025\/02\/Karabiner_sk.jpg","contentUrl":"https:\/\/ueberlebenskunst.at\/survivalshop\/wp-content\/uploads\/2025\/02\/Karabiner_sk.jpg","width":400,"height":400},{"@type":"BreadcrumbList","@id":"https:\/\/ueberlebenskunst.at\/survivalshop\/shop\/karabiner-halterung-fuer-wasp\/#breadcrumb","itemListElement":[{"@type":"ListItem","position":1,"name":"Startseite","item":"https:\/\/ueberlebenskunst.at\/survivalshop\/"},{"@type":"ListItem","position":2,"name":"Shop","item":"https:\/\/ueberlebenskunst.at\/survivalshop\/shop\/"},{"@type":"ListItem","position":3,"name":"Karabiner"}]},{"@type":"WebSite","@id":"https:\/\/ueberlebenskunst.at\/survivalshop\/#website","url":"https:\/\/ueberlebenskunst.at\/survivalshop\/","name":"Reini Rossmann - Survival Shop","description":"Survival Shop f\u00fcr Survival, Bushcraft und Prepper","potentialAction":[{"@type":"SearchAction","target":{"@type":"EntryPoint","urlTemplate":"https:\/\/ueberlebenskunst.at\/survivalshop\/?s={search_term_string}"},"query-input":{"@type":"PropertyValueSpecification","valueRequired":true,"valueName":"search_term_string"}}],"inLanguage":"de"}]}},"_links":{"self":[{"href":"https:\/\/ueberlebenskunst.at\/survivalshop\/wp-json\/wp\/v2\/product\/183913","targetHints":{"allow":["GET"]}}],"collection":[{"href":"https:\/\/ueberlebenskunst.at\/survivalshop\/wp-json\/wp\/v2\/product"}],"about":[{"href":"https:\/\/ueberlebenskunst.at\/survivalshop\/wp-json\/wp\/v2\/types\/product"}],"replies":[{"embeddable":true,"href":"https:\/\/ueberlebenskunst.at\/survivalshop\/wp-json\/wp\/v2\/comments?post=183913"}],"wp:featuredmedia":[{"embeddable":true,"href":"https:\/\/ueberlebenskunst.at\/survivalshop\/wp-json\/wp\/v2\/media\/184059"}],"wp:attachment":[{"href":"https:\/\/ueberlebenskunst.at\/survivalshop\/wp-json\/wp\/v2\/media?parent=183913"}],"wp:term":[{"taxonomy":"product_brand","embeddable":true,"href":"https:\/\/ueberlebenskunst.at\/survivalshop\/wp-json\/wp\/v2\/product_brand?post=183913"},{"taxonomy":"product_cat","embeddable":true,"href":"https:\/\/ueberlebenskunst.at\/survivalshop\/wp-json\/wp\/v2\/product_cat?post=183913"},{"taxonomy":"product_tag","embeddable":true,"href":"https:\/\/ueberlebenskunst.at\/survivalshop\/wp-json\/wp\/v2\/product_tag?post=183913"}],"curies":[{"name":"wp","href":"https:\/\/api.w.org\/{rel}","templated":true}]}}