{"id":17886,"date":"2020-10-14T21:55:10","date_gmt":"2020-10-14T19:55:10","guid":{"rendered":"https:\/\/ueberlebenskunst.at\/survivalshop\/survivalshop\/?post_type=product&#038;p=17886"},"modified":"2024-03-21T07:55:27","modified_gmt":"2024-03-21T06:55:27","slug":"signalpfeiefe-tactical-molle","status":"seo-produkt","type":"product","link":"https:\/\/ueberlebenskunst.at\/survivalshop\/shop\/signalpfeiefe-tactical-molle\/","title":{"rendered":"Signalpfeife Tactical Molle 2Stk"},"content":{"rendered":"<p>Die Tactical Signalpfeife passt mit ihrem Klipp an der Unterseite\u00a0 auf die Schlaufen von Molle- Systemen wie z.B bei\u00a0 dem <a href=\"https:\/\/ueberlebenskunst.at\/survivalshop\/shop\/tt-modular-pack-45-plus\/\" target=\"_blank\" rel=\"noopener noreferrer\">Molle Modular Pack<\/a> und kann auch \u00fcber die kurze Kordel befestigt werden.<br \/>\n<span class=\"main\">Die kurze Kordel kann bei Bedarf einfach durch ein l\u00e4ngeres <a href=\"https:\/\/ueberlebenskunst.at\/survivalshop\/shop\/paracord-leine-30-meter\/\" target=\"_blank\" rel=\"noopener noreferrer\">Band<\/a> ausgetauscht werden.<\/span> Die Pfeife ist entsprechend der <span class=\"main\">EN ISO 12402-8<\/span> &#8211; Schwimmausr\u00fcstung ausgelegt.<br \/>\nGeliefert werden 2Stk\/Blister.<\/p>\n<h3>Technische Daten:<\/h3>\n<p><span class=\"main\">Material Pfeife: Polyoxymethylen<br \/>\nMaterial Kordel: 100% Nylon<br \/>\nAbmessungen: 7 x 2 cm<br \/>\nGewicht: 9 g<\/span><\/p>\n<p>&nbsp;<\/p>\n<p><a href=\"https:\/\/ueberlebenskunst.at\/survivalshop\/survivalshop\/wp-content\/uploads\/2020\/10\/AB03_16328602_2795_Bild2-e1602704543526.jpg\" target=\"_blank\" rel=\"noopener noreferrer\"><img decoding=\"async\" class=\"alignnone wp-image-17887 \" src=\"https:\/\/ueberlebenskunst.at\/survivalshop\/survivalshop\/wp-content\/uploads\/2020\/10\/AB03_16328602_2795_Bild2-e1602704543526-300x189.jpg\" alt=\"\" width=\"302\" height=\"190\" srcset=\"https:\/\/ueberlebenskunst.at\/survivalshop\/wp-content\/uploads\/2020\/10\/AB03_16328602_2795_Bild2-e1602704543526-300x189.jpg 300w, https:\/\/ueberlebenskunst.at\/survivalshop\/wp-content\/uploads\/2020\/10\/AB03_16328602_2795_Bild2-e1602704543526.jpg 583w\" sizes=\"(max-width: 302px) 100vw, 302px\" \/><\/a><\/p>\n","protected":false},"excerpt":{"rendered":"<p>Die Tactical Signalpfeife passt mit ihrem Klipp an der Unterseite\u00a0 auf die Schlaufen von Molle- Systemen wie z.B bei\u00a0 dem Molle Modular Pack und kann auch \u00fcber die kurze Kordel befestigt werden. Die kurze Kordel kann bei Bedarf einfach durch ein l\u00e4ngeres Band ausgetauscht werden. Die Pfeife ist entsprechend der EN ISO 12402-8 &#8211; Schwimmausr\u00fcstung [&hellip;]<\/p>\n","protected":false},"featured_media":17888,"comment_status":"open","ping_status":"closed","template":"","meta":{"_acf_changed":false},"product_brand":[],"product_cat":[426],"product_tag":[887],"class_list":{"0":"post-17886","1":"product","2":"type-product","3":"status-seo-produkt","4":"has-post-thumbnail","6":"product_cat-unkategorisiert","7":"product_tag-pfeife","9":"first","10":"outofstock","11":"taxable","12":"shipping-taxable","13":"product-type-simple"},"acf":[],"yoast_head":"<!-- This site is optimized with the Yoast SEO plugin v27.1.1 - https:\/\/yoast.com\/product\/yoast-seo-wordpress\/ -->\n<title>Signalpfeife Tactical Molle 2Stk\/ Blister nach EN ISO 12402-8 ausgef\u00fchrt<\/title>\n<meta name=\"description\" content=\"Die Tactical Signalpfeife mit nur 9g Gewicht kann mit ihrem Klipp an der Unterseite auch an Molle Schlaufen angebracht werden\" \/>\n<meta name=\"robots\" content=\"index, follow, max-snippet:-1, max-image-preview:large, max-video-preview:-1\" \/>\n<link rel=\"canonical\" href=\"https:\/\/ueberlebenskunst.at\/survivalshop\/shop\/signalpfeiefe-tactical-molle\/\" \/>\n<meta property=\"og:locale\" content=\"de_DE\" \/>\n<meta property=\"og:type\" content=\"article\" \/>\n<meta property=\"og:title\" content=\"Signalpfeife Tactical Molle 2Stk\/ Blister nach EN ISO 12402-8 ausgef\u00fchrt\" \/>\n<meta property=\"og:description\" content=\"Die Tactical Signalpfeife mit nur 9g Gewicht kann mit ihrem Klipp an der Unterseite auch an Molle Schlaufen angebracht werden\" \/>\n<meta property=\"og:url\" content=\"https:\/\/ueberlebenskunst.at\/survivalshop\/shop\/signalpfeiefe-tactical-molle\/\" \/>\n<meta property=\"og:site_name\" content=\"Reini Rossmann - Survival Shop\" \/>\n<meta property=\"article:publisher\" content=\"https:\/\/www.facebook.com\/survival24.org\/\" \/>\n<meta property=\"article:modified_time\" content=\"2024-03-21T06:55:27+00:00\" \/>\n<meta property=\"og:image\" content=\"https:\/\/ueberlebenskunst.at\/survivalshop\/wp-content\/uploads\/2020\/10\/AB03_16328602_2795.jpg\" \/>\n\t<meta property=\"og:image:width\" content=\"793\" \/>\n\t<meta property=\"og:image:height\" content=\"570\" \/>\n\t<meta property=\"og:image:type\" content=\"image\/jpeg\" \/>\n<meta name=\"twitter:card\" content=\"summary_large_image\" \/>\n<meta name=\"twitter:label1\" content=\"Gesch\u00e4tzte Lesezeit\" \/>\n\t<meta name=\"twitter:data1\" content=\"1\u00a0Minute\" \/>\n<script type=\"application\/ld+json\" class=\"yoast-schema-graph\">{\"@context\":\"https:\/\/schema.org\",\"@graph\":[{\"@type\":\"WebPage\",\"@id\":\"https:\/\/ueberlebenskunst.at\/survivalshop\/shop\/signalpfeiefe-tactical-molle\/\",\"url\":\"https:\/\/ueberlebenskunst.at\/survivalshop\/shop\/signalpfeiefe-tactical-molle\/\",\"name\":\"Signalpfeife Tactical Molle 2Stk\/ Blister nach EN ISO 12402-8 ausgef\u00fchrt\",\"isPartOf\":{\"@id\":\"https:\/\/ueberlebenskunst.at\/survivalshop\/#website\"},\"primaryImageOfPage\":{\"@id\":\"https:\/\/ueberlebenskunst.at\/survivalshop\/shop\/signalpfeiefe-tactical-molle\/#primaryimage\"},\"image\":{\"@id\":\"https:\/\/ueberlebenskunst.at\/survivalshop\/shop\/signalpfeiefe-tactical-molle\/#primaryimage\"},\"thumbnailUrl\":\"https:\/\/ueberlebenskunst.at\/survivalshop\/wp-content\/uploads\/2020\/10\/AB03_16328602_2795.jpg\",\"datePublished\":\"2020-10-14T19:55:10+00:00\",\"dateModified\":\"2024-03-21T06:55:27+00:00\",\"description\":\"Die Tactical Signalpfeife mit nur 9g Gewicht kann mit ihrem Klipp an der Unterseite auch an Molle Schlaufen angebracht werden\",\"breadcrumb\":{\"@id\":\"https:\/\/ueberlebenskunst.at\/survivalshop\/shop\/signalpfeiefe-tactical-molle\/#breadcrumb\"},\"inLanguage\":\"de\",\"potentialAction\":[{\"@type\":\"ReadAction\",\"target\":[\"https:\/\/ueberlebenskunst.at\/survivalshop\/shop\/signalpfeiefe-tactical-molle\/\"]}]},{\"@type\":\"ImageObject\",\"inLanguage\":\"de\",\"@id\":\"https:\/\/ueberlebenskunst.at\/survivalshop\/shop\/signalpfeiefe-tactical-molle\/#primaryimage\",\"url\":\"https:\/\/ueberlebenskunst.at\/survivalshop\/wp-content\/uploads\/2020\/10\/AB03_16328602_2795.jpg\",\"contentUrl\":\"https:\/\/ueberlebenskunst.at\/survivalshop\/wp-content\/uploads\/2020\/10\/AB03_16328602_2795.jpg\",\"width\":793,\"height\":570},{\"@type\":\"BreadcrumbList\",\"@id\":\"https:\/\/ueberlebenskunst.at\/survivalshop\/shop\/signalpfeiefe-tactical-molle\/#breadcrumb\",\"itemListElement\":[{\"@type\":\"ListItem\",\"position\":1,\"name\":\"Startseite\",\"item\":\"https:\/\/ueberlebenskunst.at\/survivalshop\/\"},{\"@type\":\"ListItem\",\"position\":2,\"name\":\"Shop\",\"item\":\"https:\/\/ueberlebenskunst.at\/survivalshop\/shop\/\"},{\"@type\":\"ListItem\",\"position\":3,\"name\":\"Signalpfeife Tactical Molle 2Stk\"}]},{\"@type\":\"WebSite\",\"@id\":\"https:\/\/ueberlebenskunst.at\/survivalshop\/#website\",\"url\":\"https:\/\/ueberlebenskunst.at\/survivalshop\/\",\"name\":\"Reini Rossmann - Survival Shop\",\"description\":\"Survival Shop f\u00fcr Survival, Bushcraft und Prepper\",\"potentialAction\":[{\"@type\":\"SearchAction\",\"target\":{\"@type\":\"EntryPoint\",\"urlTemplate\":\"https:\/\/ueberlebenskunst.at\/survivalshop\/?s={search_term_string}\"},\"query-input\":{\"@type\":\"PropertyValueSpecification\",\"valueRequired\":true,\"valueName\":\"search_term_string\"}}],\"inLanguage\":\"de\"}]}<\/script>\n<!-- \/ Yoast SEO plugin. -->","yoast_head_json":{"title":"Signalpfeife Tactical Molle 2Stk\/ Blister nach EN ISO 12402-8 ausgef\u00fchrt","description":"Die Tactical Signalpfeife mit nur 9g Gewicht kann mit ihrem Klipp an der Unterseite auch an Molle Schlaufen angebracht werden","robots":{"index":"index","follow":"follow","max-snippet":"max-snippet:-1","max-image-preview":"max-image-preview:large","max-video-preview":"max-video-preview:-1"},"canonical":"https:\/\/ueberlebenskunst.at\/survivalshop\/shop\/signalpfeiefe-tactical-molle\/","og_locale":"de_DE","og_type":"article","og_title":"Signalpfeife Tactical Molle 2Stk\/ Blister nach EN ISO 12402-8 ausgef\u00fchrt","og_description":"Die Tactical Signalpfeife mit nur 9g Gewicht kann mit ihrem Klipp an der Unterseite auch an Molle Schlaufen angebracht werden","og_url":"https:\/\/ueberlebenskunst.at\/survivalshop\/shop\/signalpfeiefe-tactical-molle\/","og_site_name":"Reini Rossmann - Survival Shop","article_publisher":"https:\/\/www.facebook.com\/survival24.org\/","article_modified_time":"2024-03-21T06:55:27+00:00","og_image":[{"width":793,"height":570,"url":"https:\/\/ueberlebenskunst.at\/survivalshop\/wp-content\/uploads\/2020\/10\/AB03_16328602_2795.jpg","type":"image\/jpeg"}],"twitter_card":"summary_large_image","twitter_misc":{"Gesch\u00e4tzte Lesezeit":"1\u00a0Minute"},"schema":{"@context":"https:\/\/schema.org","@graph":[{"@type":"WebPage","@id":"https:\/\/ueberlebenskunst.at\/survivalshop\/shop\/signalpfeiefe-tactical-molle\/","url":"https:\/\/ueberlebenskunst.at\/survivalshop\/shop\/signalpfeiefe-tactical-molle\/","name":"Signalpfeife Tactical Molle 2Stk\/ Blister nach EN ISO 12402-8 ausgef\u00fchrt","isPartOf":{"@id":"https:\/\/ueberlebenskunst.at\/survivalshop\/#website"},"primaryImageOfPage":{"@id":"https:\/\/ueberlebenskunst.at\/survivalshop\/shop\/signalpfeiefe-tactical-molle\/#primaryimage"},"image":{"@id":"https:\/\/ueberlebenskunst.at\/survivalshop\/shop\/signalpfeiefe-tactical-molle\/#primaryimage"},"thumbnailUrl":"https:\/\/ueberlebenskunst.at\/survivalshop\/wp-content\/uploads\/2020\/10\/AB03_16328602_2795.jpg","datePublished":"2020-10-14T19:55:10+00:00","dateModified":"2024-03-21T06:55:27+00:00","description":"Die Tactical Signalpfeife mit nur 9g Gewicht kann mit ihrem Klipp an der Unterseite auch an Molle Schlaufen angebracht werden","breadcrumb":{"@id":"https:\/\/ueberlebenskunst.at\/survivalshop\/shop\/signalpfeiefe-tactical-molle\/#breadcrumb"},"inLanguage":"de","potentialAction":[{"@type":"ReadAction","target":["https:\/\/ueberlebenskunst.at\/survivalshop\/shop\/signalpfeiefe-tactical-molle\/"]}]},{"@type":"ImageObject","inLanguage":"de","@id":"https:\/\/ueberlebenskunst.at\/survivalshop\/shop\/signalpfeiefe-tactical-molle\/#primaryimage","url":"https:\/\/ueberlebenskunst.at\/survivalshop\/wp-content\/uploads\/2020\/10\/AB03_16328602_2795.jpg","contentUrl":"https:\/\/ueberlebenskunst.at\/survivalshop\/wp-content\/uploads\/2020\/10\/AB03_16328602_2795.jpg","width":793,"height":570},{"@type":"BreadcrumbList","@id":"https:\/\/ueberlebenskunst.at\/survivalshop\/shop\/signalpfeiefe-tactical-molle\/#breadcrumb","itemListElement":[{"@type":"ListItem","position":1,"name":"Startseite","item":"https:\/\/ueberlebenskunst.at\/survivalshop\/"},{"@type":"ListItem","position":2,"name":"Shop","item":"https:\/\/ueberlebenskunst.at\/survivalshop\/shop\/"},{"@type":"ListItem","position":3,"name":"Signalpfeife Tactical Molle 2Stk"}]},{"@type":"WebSite","@id":"https:\/\/ueberlebenskunst.at\/survivalshop\/#website","url":"https:\/\/ueberlebenskunst.at\/survivalshop\/","name":"Reini Rossmann - Survival Shop","description":"Survival Shop f\u00fcr Survival, Bushcraft und Prepper","potentialAction":[{"@type":"SearchAction","target":{"@type":"EntryPoint","urlTemplate":"https:\/\/ueberlebenskunst.at\/survivalshop\/?s={search_term_string}"},"query-input":{"@type":"PropertyValueSpecification","valueRequired":true,"valueName":"search_term_string"}}],"inLanguage":"de"}]}},"_links":{"self":[{"href":"https:\/\/ueberlebenskunst.at\/survivalshop\/wp-json\/wp\/v2\/product\/17886","targetHints":{"allow":["GET"]}}],"collection":[{"href":"https:\/\/ueberlebenskunst.at\/survivalshop\/wp-json\/wp\/v2\/product"}],"about":[{"href":"https:\/\/ueberlebenskunst.at\/survivalshop\/wp-json\/wp\/v2\/types\/product"}],"replies":[{"embeddable":true,"href":"https:\/\/ueberlebenskunst.at\/survivalshop\/wp-json\/wp\/v2\/comments?post=17886"}],"wp:featuredmedia":[{"embeddable":true,"href":"https:\/\/ueberlebenskunst.at\/survivalshop\/wp-json\/wp\/v2\/media\/17888"}],"wp:attachment":[{"href":"https:\/\/ueberlebenskunst.at\/survivalshop\/wp-json\/wp\/v2\/media?parent=17886"}],"wp:term":[{"taxonomy":"product_brand","embeddable":true,"href":"https:\/\/ueberlebenskunst.at\/survivalshop\/wp-json\/wp\/v2\/product_brand?post=17886"},{"taxonomy":"product_cat","embeddable":true,"href":"https:\/\/ueberlebenskunst.at\/survivalshop\/wp-json\/wp\/v2\/product_cat?post=17886"},{"taxonomy":"product_tag","embeddable":true,"href":"https:\/\/ueberlebenskunst.at\/survivalshop\/wp-json\/wp\/v2\/product_tag?post=17886"}],"curies":[{"name":"wp","href":"https:\/\/api.w.org\/{rel}","templated":true}]}}