{"id":178410,"date":"2024-11-28T10:54:02","date_gmt":"2024-11-28T09:54:02","guid":{"rendered":"https:\/\/ueberlebenskunst.at\/survivalshop\/?post_type=product&#038;p=178410"},"modified":"2025-01-03T10:22:02","modified_gmt":"2025-01-03T09:22:02","slug":"flohmarktware-ek-carbon-pfeile-88mm","status":"seo-produkt","type":"product","link":"https:\/\/ueberlebenskunst.at\/survivalshop\/shop\/flohmarktware-ek-carbon-pfeile-88mm\/","title":{"rendered":"Flohmarktware: EK Carbon Pfeile 8,8mm"},"content":{"rendered":"<h3>Was bedeutet Flohmarktware? Gebraucht bei Survival Training, Videos und bei Touren von Reini. Das bedeutet die Teile k\u00f6nnen mitunter deutliche Gebrauchsspuren aufweisen.<\/h3>\n<p>5 Bolzen in 20&#8243; passend im Einsatz f\u00fcr Armbrust, jedoch <strong>NICHT<\/strong> f\u00fcr EK Adder oder EK Cobra.<\/p>\n<p><strong>K\u00f6nnen mit folgenden Armbr\u00fcsten geschossen werden:<\/strong><\/p>\n<ul>\n<li><a href=\"https:\/\/ueberlebenskunst.at\/survivalshop\/shop\/ek-x-bow-titan-armbrust\/\" target=\"_blank\" rel=\"noopener\">EK XBOW Titan Armbrust<\/a><\/li>\n<li><a href=\"https:\/\/ueberlebenskunst.at\/survivalshop\/shop\/ek-hex-400-compound-armbrust-schwarz\/\" target=\"_blank\" rel=\"noopener\">EK HEX-400 Compound Armbrust<\/a><\/li>\n<li><a href=\"https:\/\/ueberlebenskunst.at\/survivalshop\/shop\/ek-guillotine-x-armbrust\/\" target=\"_blank\" rel=\"noopener\">EK Guillotine X Armbrust<\/a><\/li>\n<li><a href=\"https:\/\/ueberlebenskunst.at\/survivalshop\/shop\/hori-zone-armbrust-recon-rage-x-spezial\/\" target=\"_blank\" rel=\"noopener\">Hori-Zone Armbrust Recon Rage-X Komplettset<\/a><\/li>\n<li><a href=\"https:\/\/ueberlebenskunst.at\/survivalshop\/shop\/armbrust-jagtwo-komplett-paket\/\" target=\"_blank\" rel=\"noopener\">Armbrust Jag 2 175 Pfund Komplett-Paket<\/a><\/li>\n<\/ul>\n","protected":false},"excerpt":{"rendered":"<p>Was bedeutet Flohmarktware? Gebraucht bei Survival Training, Videos und bei Touren von Reini. Das bedeutet die Teile k\u00f6nnen mitunter deutliche Gebrauchsspuren aufweisen. 5 Bolzen in 20&#8243; passend im Einsatz f\u00fcr Armbrust, jedoch NICHT f\u00fcr EK Adder oder EK Cobra. K\u00f6nnen mit folgenden Armbr\u00fcsten geschossen werden: EK XBOW Titan Armbrust EK HEX-400 Compound Armbrust EK Guillotine [&hellip;]<\/p>\n","protected":false},"featured_media":178413,"comment_status":"open","ping_status":"closed","template":"","meta":{"_acf_changed":false},"product_brand":[],"product_cat":[2389],"product_tag":[2390],"class_list":{"0":"post-178410","1":"product","2":"type-product","3":"status-seo-produkt","4":"has-post-thumbnail","6":"product_cat-flohmarkt","7":"product_tag-flohmarkt","8":"pa_size-20-zoll","9":"pa_size-22-zoll","11":"first","12":"outofstock","13":"taxable","14":"shipping-taxable","15":"product-type-variable","16":"has-default-attributes"},"acf":[],"yoast_head":"<!-- This site is optimized with the Yoast SEO plugin v27.1.1 - https:\/\/yoast.com\/product\/yoast-seo-wordpress\/ -->\n<title>Flohmarktware: EK Carbon Pfeile 8,8mm<\/title>\n<meta name=\"robots\" content=\"index, follow, max-snippet:-1, max-image-preview:large, max-video-preview:-1\" \/>\n<link rel=\"canonical\" href=\"https:\/\/ueberlebenskunst.at\/survivalshop\/shop\/flohmarktware-ek-carbon-pfeile-88mm\/\" \/>\n<meta property=\"og:locale\" content=\"de_DE\" \/>\n<meta property=\"og:type\" content=\"article\" \/>\n<meta property=\"og:title\" content=\"Flohmarktware: EK Carbon Pfeile 8,8mm\" \/>\n<meta property=\"og:description\" content=\"Was bedeutet Flohmarktware? Gebraucht bei Survival Training, Videos und bei Touren von Reini. Das bedeutet die Teile k\u00f6nnen mitunter deutliche Gebrauchsspuren aufweisen. 5 Bolzen in 20&#8243; passend im Einsatz f\u00fcr Armbrust, jedoch NICHT f\u00fcr EK Adder oder EK Cobra. K\u00f6nnen mit folgenden Armbr\u00fcsten geschossen werden: EK XBOW Titan Armbrust EK HEX-400 Compound Armbrust EK Guillotine [&hellip;]\" \/>\n<meta property=\"og:url\" content=\"https:\/\/ueberlebenskunst.at\/survivalshop\/shop\/flohmarktware-ek-carbon-pfeile-88mm\/\" \/>\n<meta property=\"og:site_name\" content=\"Reini Rossmann - Survival Shop\" \/>\n<meta property=\"article:publisher\" content=\"https:\/\/www.facebook.com\/survival24.org\/\" \/>\n<meta property=\"article:modified_time\" content=\"2025-01-03T09:22:02+00:00\" \/>\n<meta property=\"og:image\" content=\"https:\/\/ueberlebenskunst.at\/survivalshop\/wp-content\/uploads\/2024\/11\/EK-Carbon-Pfeile-88mm.jpg\" \/>\n\t<meta property=\"og:image:width\" content=\"400\" \/>\n\t<meta property=\"og:image:height\" content=\"727\" \/>\n\t<meta property=\"og:image:type\" content=\"image\/jpeg\" \/>\n<meta name=\"twitter:card\" content=\"summary_large_image\" \/>\n<meta name=\"twitter:label1\" content=\"Gesch\u00e4tzte Lesezeit\" \/>\n\t<meta name=\"twitter:data1\" content=\"1\u00a0Minute\" \/>\n<script type=\"application\/ld+json\" class=\"yoast-schema-graph\">{\"@context\":\"https:\/\/schema.org\",\"@graph\":[{\"@type\":\"WebPage\",\"@id\":\"https:\/\/ueberlebenskunst.at\/survivalshop\/shop\/flohmarktware-ek-carbon-pfeile-88mm\/\",\"url\":\"https:\/\/ueberlebenskunst.at\/survivalshop\/shop\/flohmarktware-ek-carbon-pfeile-88mm\/\",\"name\":\"Flohmarktware: EK Carbon Pfeile 8,8mm\",\"isPartOf\":{\"@id\":\"https:\/\/ueberlebenskunst.at\/survivalshop\/#website\"},\"primaryImageOfPage\":{\"@id\":\"https:\/\/ueberlebenskunst.at\/survivalshop\/shop\/flohmarktware-ek-carbon-pfeile-88mm\/#primaryimage\"},\"image\":{\"@id\":\"https:\/\/ueberlebenskunst.at\/survivalshop\/shop\/flohmarktware-ek-carbon-pfeile-88mm\/#primaryimage\"},\"thumbnailUrl\":\"https:\/\/ueberlebenskunst.at\/survivalshop\/wp-content\/uploads\/2024\/11\/EK-Carbon-Pfeile-88mm.jpg\",\"datePublished\":\"2024-11-28T09:54:02+00:00\",\"dateModified\":\"2025-01-03T09:22:02+00:00\",\"breadcrumb\":{\"@id\":\"https:\/\/ueberlebenskunst.at\/survivalshop\/shop\/flohmarktware-ek-carbon-pfeile-88mm\/#breadcrumb\"},\"inLanguage\":\"de\",\"potentialAction\":[{\"@type\":\"ReadAction\",\"target\":[\"https:\/\/ueberlebenskunst.at\/survivalshop\/shop\/flohmarktware-ek-carbon-pfeile-88mm\/\"]}]},{\"@type\":\"ImageObject\",\"inLanguage\":\"de\",\"@id\":\"https:\/\/ueberlebenskunst.at\/survivalshop\/shop\/flohmarktware-ek-carbon-pfeile-88mm\/#primaryimage\",\"url\":\"https:\/\/ueberlebenskunst.at\/survivalshop\/wp-content\/uploads\/2024\/11\/EK-Carbon-Pfeile-88mm.jpg\",\"contentUrl\":\"https:\/\/ueberlebenskunst.at\/survivalshop\/wp-content\/uploads\/2024\/11\/EK-Carbon-Pfeile-88mm.jpg\",\"width\":400,\"height\":727},{\"@type\":\"BreadcrumbList\",\"@id\":\"https:\/\/ueberlebenskunst.at\/survivalshop\/shop\/flohmarktware-ek-carbon-pfeile-88mm\/#breadcrumb\",\"itemListElement\":[{\"@type\":\"ListItem\",\"position\":1,\"name\":\"Startseite\",\"item\":\"https:\/\/ueberlebenskunst.at\/survivalshop\/\"},{\"@type\":\"ListItem\",\"position\":2,\"name\":\"Shop\",\"item\":\"https:\/\/ueberlebenskunst.at\/survivalshop\/shop\/\"},{\"@type\":\"ListItem\",\"position\":3,\"name\":\"Flohmarktware: EK Carbon Pfeile 8,8mm\"}]},{\"@type\":\"WebSite\",\"@id\":\"https:\/\/ueberlebenskunst.at\/survivalshop\/#website\",\"url\":\"https:\/\/ueberlebenskunst.at\/survivalshop\/\",\"name\":\"Reini Rossmann - Survival Shop\",\"description\":\"Survival Shop f\u00fcr Survival, Bushcraft und Prepper\",\"potentialAction\":[{\"@type\":\"SearchAction\",\"target\":{\"@type\":\"EntryPoint\",\"urlTemplate\":\"https:\/\/ueberlebenskunst.at\/survivalshop\/?s={search_term_string}\"},\"query-input\":{\"@type\":\"PropertyValueSpecification\",\"valueRequired\":true,\"valueName\":\"search_term_string\"}}],\"inLanguage\":\"de\"}]}<\/script>\n<!-- \/ Yoast SEO plugin. -->","yoast_head_json":{"title":"Flohmarktware: EK Carbon Pfeile 8,8mm","robots":{"index":"index","follow":"follow","max-snippet":"max-snippet:-1","max-image-preview":"max-image-preview:large","max-video-preview":"max-video-preview:-1"},"canonical":"https:\/\/ueberlebenskunst.at\/survivalshop\/shop\/flohmarktware-ek-carbon-pfeile-88mm\/","og_locale":"de_DE","og_type":"article","og_title":"Flohmarktware: EK Carbon Pfeile 8,8mm","og_description":"Was bedeutet Flohmarktware? Gebraucht bei Survival Training, Videos und bei Touren von Reini. Das bedeutet die Teile k\u00f6nnen mitunter deutliche Gebrauchsspuren aufweisen. 5 Bolzen in 20&#8243; passend im Einsatz f\u00fcr Armbrust, jedoch NICHT f\u00fcr EK Adder oder EK Cobra. K\u00f6nnen mit folgenden Armbr\u00fcsten geschossen werden: EK XBOW Titan Armbrust EK HEX-400 Compound Armbrust EK Guillotine [&hellip;]","og_url":"https:\/\/ueberlebenskunst.at\/survivalshop\/shop\/flohmarktware-ek-carbon-pfeile-88mm\/","og_site_name":"Reini Rossmann - Survival Shop","article_publisher":"https:\/\/www.facebook.com\/survival24.org\/","article_modified_time":"2025-01-03T09:22:02+00:00","og_image":[{"width":400,"height":727,"url":"https:\/\/ueberlebenskunst.at\/survivalshop\/wp-content\/uploads\/2024\/11\/EK-Carbon-Pfeile-88mm.jpg","type":"image\/jpeg"}],"twitter_card":"summary_large_image","twitter_misc":{"Gesch\u00e4tzte Lesezeit":"1\u00a0Minute"},"schema":{"@context":"https:\/\/schema.org","@graph":[{"@type":"WebPage","@id":"https:\/\/ueberlebenskunst.at\/survivalshop\/shop\/flohmarktware-ek-carbon-pfeile-88mm\/","url":"https:\/\/ueberlebenskunst.at\/survivalshop\/shop\/flohmarktware-ek-carbon-pfeile-88mm\/","name":"Flohmarktware: EK Carbon Pfeile 8,8mm","isPartOf":{"@id":"https:\/\/ueberlebenskunst.at\/survivalshop\/#website"},"primaryImageOfPage":{"@id":"https:\/\/ueberlebenskunst.at\/survivalshop\/shop\/flohmarktware-ek-carbon-pfeile-88mm\/#primaryimage"},"image":{"@id":"https:\/\/ueberlebenskunst.at\/survivalshop\/shop\/flohmarktware-ek-carbon-pfeile-88mm\/#primaryimage"},"thumbnailUrl":"https:\/\/ueberlebenskunst.at\/survivalshop\/wp-content\/uploads\/2024\/11\/EK-Carbon-Pfeile-88mm.jpg","datePublished":"2024-11-28T09:54:02+00:00","dateModified":"2025-01-03T09:22:02+00:00","breadcrumb":{"@id":"https:\/\/ueberlebenskunst.at\/survivalshop\/shop\/flohmarktware-ek-carbon-pfeile-88mm\/#breadcrumb"},"inLanguage":"de","potentialAction":[{"@type":"ReadAction","target":["https:\/\/ueberlebenskunst.at\/survivalshop\/shop\/flohmarktware-ek-carbon-pfeile-88mm\/"]}]},{"@type":"ImageObject","inLanguage":"de","@id":"https:\/\/ueberlebenskunst.at\/survivalshop\/shop\/flohmarktware-ek-carbon-pfeile-88mm\/#primaryimage","url":"https:\/\/ueberlebenskunst.at\/survivalshop\/wp-content\/uploads\/2024\/11\/EK-Carbon-Pfeile-88mm.jpg","contentUrl":"https:\/\/ueberlebenskunst.at\/survivalshop\/wp-content\/uploads\/2024\/11\/EK-Carbon-Pfeile-88mm.jpg","width":400,"height":727},{"@type":"BreadcrumbList","@id":"https:\/\/ueberlebenskunst.at\/survivalshop\/shop\/flohmarktware-ek-carbon-pfeile-88mm\/#breadcrumb","itemListElement":[{"@type":"ListItem","position":1,"name":"Startseite","item":"https:\/\/ueberlebenskunst.at\/survivalshop\/"},{"@type":"ListItem","position":2,"name":"Shop","item":"https:\/\/ueberlebenskunst.at\/survivalshop\/shop\/"},{"@type":"ListItem","position":3,"name":"Flohmarktware: EK Carbon Pfeile 8,8mm"}]},{"@type":"WebSite","@id":"https:\/\/ueberlebenskunst.at\/survivalshop\/#website","url":"https:\/\/ueberlebenskunst.at\/survivalshop\/","name":"Reini Rossmann - Survival Shop","description":"Survival Shop f\u00fcr Survival, Bushcraft und Prepper","potentialAction":[{"@type":"SearchAction","target":{"@type":"EntryPoint","urlTemplate":"https:\/\/ueberlebenskunst.at\/survivalshop\/?s={search_term_string}"},"query-input":{"@type":"PropertyValueSpecification","valueRequired":true,"valueName":"search_term_string"}}],"inLanguage":"de"}]}},"_links":{"self":[{"href":"https:\/\/ueberlebenskunst.at\/survivalshop\/wp-json\/wp\/v2\/product\/178410","targetHints":{"allow":["GET"]}}],"collection":[{"href":"https:\/\/ueberlebenskunst.at\/survivalshop\/wp-json\/wp\/v2\/product"}],"about":[{"href":"https:\/\/ueberlebenskunst.at\/survivalshop\/wp-json\/wp\/v2\/types\/product"}],"replies":[{"embeddable":true,"href":"https:\/\/ueberlebenskunst.at\/survivalshop\/wp-json\/wp\/v2\/comments?post=178410"}],"wp:featuredmedia":[{"embeddable":true,"href":"https:\/\/ueberlebenskunst.at\/survivalshop\/wp-json\/wp\/v2\/media\/178413"}],"wp:attachment":[{"href":"https:\/\/ueberlebenskunst.at\/survivalshop\/wp-json\/wp\/v2\/media?parent=178410"}],"wp:term":[{"taxonomy":"product_brand","embeddable":true,"href":"https:\/\/ueberlebenskunst.at\/survivalshop\/wp-json\/wp\/v2\/product_brand?post=178410"},{"taxonomy":"product_cat","embeddable":true,"href":"https:\/\/ueberlebenskunst.at\/survivalshop\/wp-json\/wp\/v2\/product_cat?post=178410"},{"taxonomy":"product_tag","embeddable":true,"href":"https:\/\/ueberlebenskunst.at\/survivalshop\/wp-json\/wp\/v2\/product_tag?post=178410"}],"curies":[{"name":"wp","href":"https:\/\/api.w.org\/{rel}","templated":true}]}}