{"id":1758,"date":"2014-09-26T16:38:58","date_gmt":"2014-09-26T14:38:58","guid":{"rendered":"https:\/\/ueberlebenskunst.at\/survivalshop\/survivalshop\/?post_type=product&#038;p=1758"},"modified":"2024-03-21T10:11:39","modified_gmt":"2024-03-21T09:11:39","slug":"glock-feldmesser","status":"seo-produkt","type":"product","link":"https:\/\/ueberlebenskunst.at\/survivalshop\/shop\/glock-feldmesser\/","title":{"rendered":"Glock Feldmesser"},"content":{"rendered":"<p>Das Glock Feldmesser &#8211; FM81 mit S\u00e4ger\u00fccken und FM78 ohne S\u00e4ger\u00fccken &#8211; des \u00d6sterreichischen Bundesheeres ist mittlerweile eine Legende unter den Survival Messern und eine 100%ige Originalware. In schwarz. Mit der 16,5cm langen Klinge aus robusten Stahl, der sehr einfach nachzusch\u00e4rfen ist. Das hat viele Vorteile beim Survival-Einsatz.<\/p>\n<h3>Die Klinge des Feldmessers<\/h3>\n<p>Das Glock Feldmesser ist eigentlich als Kampfmesser konzipiert. Die Klinge verf\u00fcgt \u00fcber eine schwarze Br\u00fcnierung. Da ich viel mit diesem Messer arbeite, sind meine Glockmesser bereits an so mancher Stelle von der Br\u00fcnierung befreit. Aber das gibt dem Feldmesser erst so richtig Charakter \ud83d\ude42<\/p>\n<p>Zus\u00e4tzlich muss Dir klar sein, dass die Klinge nicht rostfrei ist. Also ein wenig Pflege musst Du Deinem Glock Feldmesser nach dem Arbeiten schenken.<\/p>\n<h3>Griff, Gewicht und Scheide &#8211; Alles leicht und dennoch robust!<\/h3>\n<p>Das Griffst\u00fcck ist ca. 12,5cm lang und zum Teil hohl. In manchen B\u00fcchern wird daher geraten, den Hohlraum zum Verstauen von Survival Ausr\u00fcstung zu verwenden. Dazu habe ich keine Erfahrung, habe aber schon in der Praxis gesehen, dass das m\u00f6glich ist.<\/p>\n<p>Mit 202 Gramm Gewicht ist das Messer f\u00fcr die Klingenl\u00e4nge relativ leicht. Schlie\u00dflich macht es beim Milit\u00e4reinsatz auch wirklich Sinn auf geringes Gewicht zu achten.<\/p>\n<p>Standardm\u00e4\u00dfig wird eine Kunststoffscheide mitgeliefert. Der Verschluss ist sehr sicher verarbeitet und h\u00e4lt das Messer bombenfest in der Scheide. Die Scheide verf\u00fcgt \u00fcber einen G\u00fcrtelclip, der auch sehr einfach in eine G\u00fcrtelschlaufe umgewandelt werden kann.<\/p>\n<h3>Wenn schon, denn schon &#8211; Das Glock mit der S\u00e4ge<\/h3>\n<p>Das Glock Feldmesser wird in 2 Ausf\u00fchrungen ausgeliefert. Einmal ohne S\u00e4ge am Klingenr\u00fccken und einmal mit.<br \/>\nIch besitze beide Varianten des Feldmessers und bin der Meinung, dass die S\u00e4ge nicht schaden kann, zumal der Aufpreis nur ein paar Euro im Kaufpreis ausmacht.<br \/>\nDoch, wenn Du nun eine vollwertige S\u00e4ge erwartest, dann muss ich Dich entt\u00e4uschen. Kerben eins\u00e4gen oder Holzsp\u00e4ne raspeln ist mit dem Feldmesser m\u00f6glich. Doch klassische S\u00e4gearbeiten m\u00f6chte ich mit dieser S\u00e4ge nicht verrichten m\u00fcssen.<\/p>\n<p>Das vielseitig einsatzbare Feldmesser vom \u00f6sterreichischen Hersteller Glock ist ein wahrer Tausendsasser. Vom Holzspalten, Hacken, Entasten, Graben, groben Schnitzen, Feathersticks anfertigen und vielem mehr ist das Glock ein idealer Begleiter f\u00fcr Survival, Bushcraft und einfach so.<br \/>\nDoch eines muss klar sein &#8211; wenn Du ein echtes Schnitzmesser suchst, dann besorge Dir ein Mora oder Opinel.<br \/>\nWenn Du etwas Unzerst\u00f6rbares suchst, dann greife beim Glock Feldmesser 81 zu.<\/p>\n<h3>Technische Daten des Feldmessers auf einen Blick<\/h3>\n<p>Klingenl\u00e4nge: ca. 16,5 cm<br \/>\nGriffl\u00e4nge: ca. 12,5 cm<br \/>\nGesamtl\u00e4nge: ca. 29 cm<br \/>\nGewicht: ca. 202 g<\/p>\n<p>Bezeichnung des Herstellers: FM 81 alias Feldmesser 81, wo bei das 81 beim Bundesheer nie als Dienstmesser eingesetzt wurde. Durch den S\u00e4ger\u00fccken w\u00fcrde das Messer gegen die Genfer Landkriegskonvention verstossen. Uns im Survival ist das egal, schliesslich wollen wir nur Holz bearbeiten&#8230;<\/p>\n","protected":false},"excerpt":{"rendered":"<p>Robust und 100% Praxistauglich &#8211; Das Original Glock Feldmesser<\/p>\n","protected":false},"featured_media":18990,"comment_status":"open","ping_status":"closed","template":"","meta":{"_acf_changed":false},"product_brand":[],"product_cat":[426],"product_tag":[290,421,314],"class_list":{"0":"post-1758","1":"product","2":"type-product","3":"status-seo-produkt","4":"has-post-thumbnail","6":"product_cat-unkategorisiert","7":"product_tag-anfaenger-messer","8":"product_tag-bundesheer","9":"product_tag-oebh-bundesheer","11":"first","12":"outofstock","13":"taxable","14":"shipping-taxable","15":"product-type-variable"},"acf":[],"yoast_head":"<!-- This site is optimized with the Yoast SEO plugin v27.1.1 - https:\/\/yoast.com\/product\/yoast-seo-wordpress\/ -->\n<title>Glock Feldmesser vom \u00d6sterreichischen Bundesheer<\/title>\n<meta name=\"description\" content=\"Das Glock Feldmesser FM81 mit S\u00e4ger\u00fccken und FM78 ohne S\u00e4ger\u00fccken ist sehr robust und trotzdem leicht. Ideal f\u00fcr grobe Arbeiten.\" \/>\n<meta name=\"robots\" content=\"index, follow, max-snippet:-1, max-image-preview:large, max-video-preview:-1\" \/>\n<link rel=\"canonical\" href=\"https:\/\/ueberlebenskunst.at\/survivalshop\/shop\/glock-feldmesser\/\" \/>\n<meta property=\"og:locale\" content=\"de_DE\" \/>\n<meta property=\"og:type\" content=\"article\" \/>\n<meta property=\"og:title\" content=\"Glock Feldmesser vom \u00d6sterreichischen Bundesheer\" \/>\n<meta property=\"og:description\" content=\"Das Glock Feldmesser FM81 mit S\u00e4ger\u00fccken und FM78 ohne S\u00e4ger\u00fccken ist sehr robust und trotzdem leicht. Ideal f\u00fcr grobe Arbeiten.\" \/>\n<meta property=\"og:url\" content=\"https:\/\/ueberlebenskunst.at\/survivalshop\/shop\/glock-feldmesser\/\" \/>\n<meta property=\"og:site_name\" content=\"Reini Rossmann - Survival Shop\" \/>\n<meta property=\"article:publisher\" content=\"https:\/\/www.facebook.com\/survival24.org\/\" \/>\n<meta property=\"article:modified_time\" content=\"2024-03-21T09:11:39+00:00\" \/>\n<meta property=\"og:image\" content=\"https:\/\/ueberlebenskunst.at\/survivalshop\/wp-content\/uploads\/2020\/11\/54236_01-e1605096759642.jpg\" \/>\n\t<meta property=\"og:image:width\" content=\"927\" \/>\n\t<meta property=\"og:image:height\" content=\"400\" \/>\n\t<meta property=\"og:image:type\" content=\"image\/jpeg\" \/>\n<meta name=\"twitter:card\" content=\"summary_large_image\" \/>\n<meta name=\"twitter:label1\" content=\"Gesch\u00e4tzte Lesezeit\" \/>\n\t<meta name=\"twitter:data1\" content=\"3\u00a0Minuten\" \/>\n<script type=\"application\/ld+json\" class=\"yoast-schema-graph\">{\"@context\":\"https:\/\/schema.org\",\"@graph\":[{\"@type\":\"WebPage\",\"@id\":\"https:\/\/ueberlebenskunst.at\/survivalshop\/shop\/glock-feldmesser\/\",\"url\":\"https:\/\/ueberlebenskunst.at\/survivalshop\/shop\/glock-feldmesser\/\",\"name\":\"Glock Feldmesser vom \u00d6sterreichischen Bundesheer\",\"isPartOf\":{\"@id\":\"https:\/\/ueberlebenskunst.at\/survivalshop\/#website\"},\"primaryImageOfPage\":{\"@id\":\"https:\/\/ueberlebenskunst.at\/survivalshop\/shop\/glock-feldmesser\/#primaryimage\"},\"image\":{\"@id\":\"https:\/\/ueberlebenskunst.at\/survivalshop\/shop\/glock-feldmesser\/#primaryimage\"},\"thumbnailUrl\":\"https:\/\/ueberlebenskunst.at\/survivalshop\/wp-content\/uploads\/2020\/11\/54236_01-e1605096759642.jpg\",\"datePublished\":\"2014-09-26T14:38:58+00:00\",\"dateModified\":\"2024-03-21T09:11:39+00:00\",\"description\":\"Das Glock Feldmesser FM81 mit S\u00e4ger\u00fccken und FM78 ohne S\u00e4ger\u00fccken ist sehr robust und trotzdem leicht. Ideal f\u00fcr grobe Arbeiten.\",\"breadcrumb\":{\"@id\":\"https:\/\/ueberlebenskunst.at\/survivalshop\/shop\/glock-feldmesser\/#breadcrumb\"},\"inLanguage\":\"de\",\"potentialAction\":[{\"@type\":\"ReadAction\",\"target\":[\"https:\/\/ueberlebenskunst.at\/survivalshop\/shop\/glock-feldmesser\/\"]}]},{\"@type\":\"ImageObject\",\"inLanguage\":\"de\",\"@id\":\"https:\/\/ueberlebenskunst.at\/survivalshop\/shop\/glock-feldmesser\/#primaryimage\",\"url\":\"https:\/\/ueberlebenskunst.at\/survivalshop\/wp-content\/uploads\/2020\/11\/54236_01-e1605096759642.jpg\",\"contentUrl\":\"https:\/\/ueberlebenskunst.at\/survivalshop\/wp-content\/uploads\/2020\/11\/54236_01-e1605096759642.jpg\",\"width\":927,\"height\":400},{\"@type\":\"BreadcrumbList\",\"@id\":\"https:\/\/ueberlebenskunst.at\/survivalshop\/shop\/glock-feldmesser\/#breadcrumb\",\"itemListElement\":[{\"@type\":\"ListItem\",\"position\":1,\"name\":\"Startseite\",\"item\":\"https:\/\/ueberlebenskunst.at\/survivalshop\/\"},{\"@type\":\"ListItem\",\"position\":2,\"name\":\"Shop\",\"item\":\"https:\/\/ueberlebenskunst.at\/survivalshop\/shop\/\"},{\"@type\":\"ListItem\",\"position\":3,\"name\":\"Glock Feldmesser\"}]},{\"@type\":\"WebSite\",\"@id\":\"https:\/\/ueberlebenskunst.at\/survivalshop\/#website\",\"url\":\"https:\/\/ueberlebenskunst.at\/survivalshop\/\",\"name\":\"Reini Rossmann - Survival Shop\",\"description\":\"Survival Shop f\u00fcr Survival, Bushcraft und Prepper\",\"potentialAction\":[{\"@type\":\"SearchAction\",\"target\":{\"@type\":\"EntryPoint\",\"urlTemplate\":\"https:\/\/ueberlebenskunst.at\/survivalshop\/?s={search_term_string}\"},\"query-input\":{\"@type\":\"PropertyValueSpecification\",\"valueRequired\":true,\"valueName\":\"search_term_string\"}}],\"inLanguage\":\"de\"}]}<\/script>\n<!-- \/ Yoast SEO plugin. -->","yoast_head_json":{"title":"Glock Feldmesser vom \u00d6sterreichischen Bundesheer","description":"Das Glock Feldmesser FM81 mit S\u00e4ger\u00fccken und FM78 ohne S\u00e4ger\u00fccken ist sehr robust und trotzdem leicht. Ideal f\u00fcr grobe Arbeiten.","robots":{"index":"index","follow":"follow","max-snippet":"max-snippet:-1","max-image-preview":"max-image-preview:large","max-video-preview":"max-video-preview:-1"},"canonical":"https:\/\/ueberlebenskunst.at\/survivalshop\/shop\/glock-feldmesser\/","og_locale":"de_DE","og_type":"article","og_title":"Glock Feldmesser vom \u00d6sterreichischen Bundesheer","og_description":"Das Glock Feldmesser FM81 mit S\u00e4ger\u00fccken und FM78 ohne S\u00e4ger\u00fccken ist sehr robust und trotzdem leicht. Ideal f\u00fcr grobe Arbeiten.","og_url":"https:\/\/ueberlebenskunst.at\/survivalshop\/shop\/glock-feldmesser\/","og_site_name":"Reini Rossmann - Survival Shop","article_publisher":"https:\/\/www.facebook.com\/survival24.org\/","article_modified_time":"2024-03-21T09:11:39+00:00","og_image":[{"width":927,"height":400,"url":"https:\/\/ueberlebenskunst.at\/survivalshop\/wp-content\/uploads\/2020\/11\/54236_01-e1605096759642.jpg","type":"image\/jpeg"}],"twitter_card":"summary_large_image","twitter_misc":{"Gesch\u00e4tzte Lesezeit":"3\u00a0Minuten"},"schema":{"@context":"https:\/\/schema.org","@graph":[{"@type":"WebPage","@id":"https:\/\/ueberlebenskunst.at\/survivalshop\/shop\/glock-feldmesser\/","url":"https:\/\/ueberlebenskunst.at\/survivalshop\/shop\/glock-feldmesser\/","name":"Glock Feldmesser vom \u00d6sterreichischen Bundesheer","isPartOf":{"@id":"https:\/\/ueberlebenskunst.at\/survivalshop\/#website"},"primaryImageOfPage":{"@id":"https:\/\/ueberlebenskunst.at\/survivalshop\/shop\/glock-feldmesser\/#primaryimage"},"image":{"@id":"https:\/\/ueberlebenskunst.at\/survivalshop\/shop\/glock-feldmesser\/#primaryimage"},"thumbnailUrl":"https:\/\/ueberlebenskunst.at\/survivalshop\/wp-content\/uploads\/2020\/11\/54236_01-e1605096759642.jpg","datePublished":"2014-09-26T14:38:58+00:00","dateModified":"2024-03-21T09:11:39+00:00","description":"Das Glock Feldmesser FM81 mit S\u00e4ger\u00fccken und FM78 ohne S\u00e4ger\u00fccken ist sehr robust und trotzdem leicht. Ideal f\u00fcr grobe Arbeiten.","breadcrumb":{"@id":"https:\/\/ueberlebenskunst.at\/survivalshop\/shop\/glock-feldmesser\/#breadcrumb"},"inLanguage":"de","potentialAction":[{"@type":"ReadAction","target":["https:\/\/ueberlebenskunst.at\/survivalshop\/shop\/glock-feldmesser\/"]}]},{"@type":"ImageObject","inLanguage":"de","@id":"https:\/\/ueberlebenskunst.at\/survivalshop\/shop\/glock-feldmesser\/#primaryimage","url":"https:\/\/ueberlebenskunst.at\/survivalshop\/wp-content\/uploads\/2020\/11\/54236_01-e1605096759642.jpg","contentUrl":"https:\/\/ueberlebenskunst.at\/survivalshop\/wp-content\/uploads\/2020\/11\/54236_01-e1605096759642.jpg","width":927,"height":400},{"@type":"BreadcrumbList","@id":"https:\/\/ueberlebenskunst.at\/survivalshop\/shop\/glock-feldmesser\/#breadcrumb","itemListElement":[{"@type":"ListItem","position":1,"name":"Startseite","item":"https:\/\/ueberlebenskunst.at\/survivalshop\/"},{"@type":"ListItem","position":2,"name":"Shop","item":"https:\/\/ueberlebenskunst.at\/survivalshop\/shop\/"},{"@type":"ListItem","position":3,"name":"Glock Feldmesser"}]},{"@type":"WebSite","@id":"https:\/\/ueberlebenskunst.at\/survivalshop\/#website","url":"https:\/\/ueberlebenskunst.at\/survivalshop\/","name":"Reini Rossmann - Survival Shop","description":"Survival Shop f\u00fcr Survival, Bushcraft und Prepper","potentialAction":[{"@type":"SearchAction","target":{"@type":"EntryPoint","urlTemplate":"https:\/\/ueberlebenskunst.at\/survivalshop\/?s={search_term_string}"},"query-input":{"@type":"PropertyValueSpecification","valueRequired":true,"valueName":"search_term_string"}}],"inLanguage":"de"}]}},"_links":{"self":[{"href":"https:\/\/ueberlebenskunst.at\/survivalshop\/wp-json\/wp\/v2\/product\/1758","targetHints":{"allow":["GET"]}}],"collection":[{"href":"https:\/\/ueberlebenskunst.at\/survivalshop\/wp-json\/wp\/v2\/product"}],"about":[{"href":"https:\/\/ueberlebenskunst.at\/survivalshop\/wp-json\/wp\/v2\/types\/product"}],"replies":[{"embeddable":true,"href":"https:\/\/ueberlebenskunst.at\/survivalshop\/wp-json\/wp\/v2\/comments?post=1758"}],"wp:featuredmedia":[{"embeddable":true,"href":"https:\/\/ueberlebenskunst.at\/survivalshop\/wp-json\/wp\/v2\/media\/18990"}],"wp:attachment":[{"href":"https:\/\/ueberlebenskunst.at\/survivalshop\/wp-json\/wp\/v2\/media?parent=1758"}],"wp:term":[{"taxonomy":"product_brand","embeddable":true,"href":"https:\/\/ueberlebenskunst.at\/survivalshop\/wp-json\/wp\/v2\/product_brand?post=1758"},{"taxonomy":"product_cat","embeddable":true,"href":"https:\/\/ueberlebenskunst.at\/survivalshop\/wp-json\/wp\/v2\/product_cat?post=1758"},{"taxonomy":"product_tag","embeddable":true,"href":"https:\/\/ueberlebenskunst.at\/survivalshop\/wp-json\/wp\/v2\/product_tag?post=1758"}],"curies":[{"name":"wp","href":"https:\/\/api.w.org\/{rel}","templated":true}]}}