{"id":17523,"date":"2020-10-05T14:35:10","date_gmt":"2020-10-05T12:35:10","guid":{"rendered":"https:\/\/ueberlebenskunst.at\/survivalshop\/survivalshop\/?post_type=product&#038;p=17523"},"modified":"2024-03-21T08:04:18","modified_gmt":"2024-03-21T07:04:18","slug":"walther-pl71r","status":"seo-produkt","type":"product","link":"https:\/\/ueberlebenskunst.at\/survivalshop\/shop\/walther-pl71r\/","title":{"rendered":"Walther PL71r"},"content":{"rendered":"<p><iframe src=\"https:\/\/www.youtube.com\/embed\/UQHZAZO9uok\" width=\"600\" height=\"400\" frameborder=\"0\" allowfullscreen=\"allowfullscreen\"><span data-mce-type=\"bookmark\" style=\"display: inline-block; width: 0px; overflow: hidden; line-height: 0;\" class=\"mce_SELRES_start\">\ufeff<\/span><\/iframe><\/p>\n<p><iframe hcb-fetch-image-from=\"https:\/\/youtu.be\/D0K7loSuBOI\" title=\"Langzeittest Walther Lampe | PL71r\" width=\"640\" height=\"360\" src=\"https:\/\/www.youtube.com\/embed\/D0K7loSuBOI?feature=oembed\" frameborder=\"0\" allow=\"accelerometer; autoplay; clipboard-write; encrypted-media; gyroscope; picture-in-picture; web-share\" referrerpolicy=\"strict-origin-when-cross-origin\" allowfullscreen><\/iframe><\/p>\n<p>Die Walther PL71r \u00fcberzeugt mit Power und programmierbaren Funktionen. \u00dcber den Schiebefokus mit Hemmung justierst du die Verteilung der maximal m\u00f6glichen 1800 Lumen. Mit den 6 vorw\u00e4hlbaren Schaltschemata bist du auf jede Situation bestens vorbereitet, und so l\u00e4sst dich die Code-144-Programmierbarkeit ganz einfach w\u00e4hlen, wie du die vier Helligkeitsstufen (100, 40 und 10 Prozent sowie den Moon-Modus) nutzen m\u00f6chtest. Wahlweise steht dir bei der 10-Prozent-Stufe und dem Moon-Modus zus\u00e4tzlich der Boost-on-Demand zur Verf\u00fcgung, der die PL71r per Doppelklick auf 1000 Lumen bringt. Der Moon-Modus erzeugt ein stark gedimmtes 10-Lumen-Licht, das sich ideal zum Lesen beispielsweise im Zelt eignet. Neben dem Tactical Defense Strobe steht dir noch ein Positionslicht (Beacon) zur Seite, das durch Blinken im 2-Sekunden-Abstand auf dich aufmerksam macht.<\/p>\n<figure id=\"attachment_17550\" aria-describedby=\"caption-attachment-17550\" style=\"width: 333px\" class=\"wp-caption aligncenter\"><a href=\"https:\/\/ueberlebenskunst.at\/survivalshop\/survivalshop\/wp-content\/uploads\/2020\/10\/Walther-PL71r-scaled.jpg\" target=\"_blank\" rel=\"noopener noreferrer\"><img decoding=\"async\" class=\"wp-image-17550\" src=\"https:\/\/ueberlebenskunst.at\/survivalshop\/survivalshop\/wp-content\/uploads\/2020\/10\/Walther-PL71r-768x1024.jpg\" alt=\"Walther PL71r\" width=\"333\" height=\"445\" srcset=\"https:\/\/ueberlebenskunst.at\/survivalshop\/wp-content\/uploads\/2020\/10\/Walther-PL71r-768x1024.jpg 768w, https:\/\/ueberlebenskunst.at\/survivalshop\/wp-content\/uploads\/2020\/10\/Walther-PL71r-scaled-300x400.jpg 300w, https:\/\/ueberlebenskunst.at\/survivalshop\/wp-content\/uploads\/2020\/10\/Walther-PL71r-scaled-600x800.jpg 600w, https:\/\/ueberlebenskunst.at\/survivalshop\/wp-content\/uploads\/2020\/10\/Walther-PL71r-225x300.jpg 225w, https:\/\/ueberlebenskunst.at\/survivalshop\/wp-content\/uploads\/2020\/10\/Walther-PL71r-1152x1536.jpg 1152w, https:\/\/ueberlebenskunst.at\/survivalshop\/wp-content\/uploads\/2020\/10\/Walther-PL71r-1536x2048.jpg 1536w, https:\/\/ueberlebenskunst.at\/survivalshop\/wp-content\/uploads\/2020\/10\/Walther-PL71r-scaled.jpg 1920w\" sizes=\"(max-width: 333px) 100vw, 333px\" \/><\/a><figcaption id=\"caption-attachment-17550\" class=\"wp-caption-text\">Der Bereich des Lichtkegel der Walther PL71r ist enorm.<\/figcaption><\/figure>\n<p>Doch die PL71r bietet noch mehr: Das robuste Geh\u00e4use aus mattschwarz anodisiertem Flugzeug-Aluminium mit Schutzklasse IPX4 und ein Tiefentladungsschutz machen sie zum treuen Begleiter auf jedem Abenteuer. Das direkte Laden des Akkus in der Taschenlampe per mitgeliefertem USB-Kabel erspart dir zus\u00e4tzliche Ladeschalen. Neben einem 12V KFZ-Adapter, der Handschlaufe und Ersatzdichtungen geh\u00f6rt zum Lieferumfang noch das Hands-Free-Holster, das Platz f\u00fcr die Lampe in zwei Positionen und zus\u00e4tzliche Akkus bietet.<\/p>\n","protected":false},"excerpt":{"rendered":"<p>Die Walther PL71r ist die Weiterentwicklung der 100.000 fach verkauften PL70 mit nun 1800 Lumen!!!<\/p>\n","protected":false},"featured_media":17525,"comment_status":"open","ping_status":"closed","template":"","meta":{"_acf_changed":false},"product_brand":[],"product_cat":[426],"product_tag":[506],"class_list":{"0":"post-17523","1":"product","2":"type-product","3":"status-seo-produkt","4":"has-post-thumbnail","6":"product_cat-unkategorisiert","7":"product_tag-walther-lampen","9":"first","10":"outofstock","11":"sale","12":"taxable","13":"shipping-taxable","14":"product-type-simple"},"acf":[],"yoast_head":"<!-- This site is optimized with the Yoast SEO plugin v27.1.1 - https:\/\/yoast.com\/product\/yoast-seo-wordpress\/ -->\n<title>Walther PL71r - Reini Rossmann - Survival Shop<\/title>\n<meta name=\"robots\" content=\"index, follow, max-snippet:-1, max-image-preview:large, max-video-preview:-1\" \/>\n<link rel=\"canonical\" href=\"https:\/\/ueberlebenskunst.at\/survivalshop\/shop\/walther-pl71r\/\" \/>\n<meta property=\"og:locale\" content=\"de_DE\" \/>\n<meta property=\"og:type\" content=\"article\" \/>\n<meta property=\"og:title\" content=\"Walther PL71r - Reini Rossmann - Survival Shop\" \/>\n<meta property=\"og:description\" content=\"Die Walther PL71r ist die Weiterentwicklung der 100.000 fach verkauften PL70 mit nun 1800 Lumen!!!\" \/>\n<meta property=\"og:url\" content=\"https:\/\/ueberlebenskunst.at\/survivalshop\/shop\/walther-pl71r\/\" \/>\n<meta property=\"og:site_name\" content=\"Reini Rossmann - Survival Shop\" \/>\n<meta property=\"article:publisher\" content=\"https:\/\/www.facebook.com\/survival24.org\/\" \/>\n<meta property=\"article:modified_time\" content=\"2024-03-21T07:04:18+00:00\" \/>\n<meta property=\"og:image\" content=\"https:\/\/ueberlebenskunst.at\/survivalshop\/wp-content\/uploads\/2020\/10\/Taschenlampe-Walther-PL71r.jpg\" \/>\n\t<meta property=\"og:image:width\" content=\"1344\" \/>\n\t<meta property=\"og:image:height\" content=\"1164\" \/>\n\t<meta property=\"og:image:type\" content=\"image\/jpeg\" \/>\n<meta name=\"twitter:card\" content=\"summary_large_image\" \/>\n<meta name=\"twitter:label1\" content=\"Gesch\u00e4tzte Lesezeit\" \/>\n\t<meta name=\"twitter:data1\" content=\"2\u00a0Minuten\" \/>\n<script type=\"application\/ld+json\" class=\"yoast-schema-graph\">{\"@context\":\"https:\/\/schema.org\",\"@graph\":[{\"@type\":\"WebPage\",\"@id\":\"https:\/\/ueberlebenskunst.at\/survivalshop\/shop\/walther-pl71r\/\",\"url\":\"https:\/\/ueberlebenskunst.at\/survivalshop\/shop\/walther-pl71r\/\",\"name\":\"Walther PL71r - Reini Rossmann - Survival Shop\",\"isPartOf\":{\"@id\":\"https:\/\/ueberlebenskunst.at\/survivalshop\/#website\"},\"primaryImageOfPage\":{\"@id\":\"https:\/\/ueberlebenskunst.at\/survivalshop\/shop\/walther-pl71r\/#primaryimage\"},\"image\":{\"@id\":\"https:\/\/ueberlebenskunst.at\/survivalshop\/shop\/walther-pl71r\/#primaryimage\"},\"thumbnailUrl\":\"https:\/\/ueberlebenskunst.at\/survivalshop\/wp-content\/uploads\/2020\/10\/Taschenlampe-Walther-PL71r.jpg\",\"datePublished\":\"2020-10-05T12:35:10+00:00\",\"dateModified\":\"2024-03-21T07:04:18+00:00\",\"breadcrumb\":{\"@id\":\"https:\/\/ueberlebenskunst.at\/survivalshop\/shop\/walther-pl71r\/#breadcrumb\"},\"inLanguage\":\"de\",\"potentialAction\":[{\"@type\":\"ReadAction\",\"target\":[\"https:\/\/ueberlebenskunst.at\/survivalshop\/shop\/walther-pl71r\/\"]}]},{\"@type\":\"ImageObject\",\"inLanguage\":\"de\",\"@id\":\"https:\/\/ueberlebenskunst.at\/survivalshop\/shop\/walther-pl71r\/#primaryimage\",\"url\":\"https:\/\/ueberlebenskunst.at\/survivalshop\/wp-content\/uploads\/2020\/10\/Taschenlampe-Walther-PL71r.jpg\",\"contentUrl\":\"https:\/\/ueberlebenskunst.at\/survivalshop\/wp-content\/uploads\/2020\/10\/Taschenlampe-Walther-PL71r.jpg\",\"width\":1344,\"height\":1164},{\"@type\":\"BreadcrumbList\",\"@id\":\"https:\/\/ueberlebenskunst.at\/survivalshop\/shop\/walther-pl71r\/#breadcrumb\",\"itemListElement\":[{\"@type\":\"ListItem\",\"position\":1,\"name\":\"Startseite\",\"item\":\"https:\/\/ueberlebenskunst.at\/survivalshop\/\"},{\"@type\":\"ListItem\",\"position\":2,\"name\":\"Shop\",\"item\":\"https:\/\/ueberlebenskunst.at\/survivalshop\/shop\/\"},{\"@type\":\"ListItem\",\"position\":3,\"name\":\"Walther PL71r\"}]},{\"@type\":\"WebSite\",\"@id\":\"https:\/\/ueberlebenskunst.at\/survivalshop\/#website\",\"url\":\"https:\/\/ueberlebenskunst.at\/survivalshop\/\",\"name\":\"Reini Rossmann - Survival Shop\",\"description\":\"Survival Shop f\u00fcr Survival, Bushcraft und Prepper\",\"potentialAction\":[{\"@type\":\"SearchAction\",\"target\":{\"@type\":\"EntryPoint\",\"urlTemplate\":\"https:\/\/ueberlebenskunst.at\/survivalshop\/?s={search_term_string}\"},\"query-input\":{\"@type\":\"PropertyValueSpecification\",\"valueRequired\":true,\"valueName\":\"search_term_string\"}}],\"inLanguage\":\"de\"}]}<\/script>\n<!-- \/ Yoast SEO plugin. -->","yoast_head_json":{"title":"Walther PL71r - Reini Rossmann - Survival Shop","robots":{"index":"index","follow":"follow","max-snippet":"max-snippet:-1","max-image-preview":"max-image-preview:large","max-video-preview":"max-video-preview:-1"},"canonical":"https:\/\/ueberlebenskunst.at\/survivalshop\/shop\/walther-pl71r\/","og_locale":"de_DE","og_type":"article","og_title":"Walther PL71r - Reini Rossmann - Survival Shop","og_description":"Die Walther PL71r ist die Weiterentwicklung der 100.000 fach verkauften PL70 mit nun 1800 Lumen!!!","og_url":"https:\/\/ueberlebenskunst.at\/survivalshop\/shop\/walther-pl71r\/","og_site_name":"Reini Rossmann - Survival Shop","article_publisher":"https:\/\/www.facebook.com\/survival24.org\/","article_modified_time":"2024-03-21T07:04:18+00:00","og_image":[{"width":1344,"height":1164,"url":"https:\/\/ueberlebenskunst.at\/survivalshop\/wp-content\/uploads\/2020\/10\/Taschenlampe-Walther-PL71r.jpg","type":"image\/jpeg"}],"twitter_card":"summary_large_image","twitter_misc":{"Gesch\u00e4tzte Lesezeit":"2\u00a0Minuten"},"schema":{"@context":"https:\/\/schema.org","@graph":[{"@type":"WebPage","@id":"https:\/\/ueberlebenskunst.at\/survivalshop\/shop\/walther-pl71r\/","url":"https:\/\/ueberlebenskunst.at\/survivalshop\/shop\/walther-pl71r\/","name":"Walther PL71r - Reini Rossmann - Survival Shop","isPartOf":{"@id":"https:\/\/ueberlebenskunst.at\/survivalshop\/#website"},"primaryImageOfPage":{"@id":"https:\/\/ueberlebenskunst.at\/survivalshop\/shop\/walther-pl71r\/#primaryimage"},"image":{"@id":"https:\/\/ueberlebenskunst.at\/survivalshop\/shop\/walther-pl71r\/#primaryimage"},"thumbnailUrl":"https:\/\/ueberlebenskunst.at\/survivalshop\/wp-content\/uploads\/2020\/10\/Taschenlampe-Walther-PL71r.jpg","datePublished":"2020-10-05T12:35:10+00:00","dateModified":"2024-03-21T07:04:18+00:00","breadcrumb":{"@id":"https:\/\/ueberlebenskunst.at\/survivalshop\/shop\/walther-pl71r\/#breadcrumb"},"inLanguage":"de","potentialAction":[{"@type":"ReadAction","target":["https:\/\/ueberlebenskunst.at\/survivalshop\/shop\/walther-pl71r\/"]}]},{"@type":"ImageObject","inLanguage":"de","@id":"https:\/\/ueberlebenskunst.at\/survivalshop\/shop\/walther-pl71r\/#primaryimage","url":"https:\/\/ueberlebenskunst.at\/survivalshop\/wp-content\/uploads\/2020\/10\/Taschenlampe-Walther-PL71r.jpg","contentUrl":"https:\/\/ueberlebenskunst.at\/survivalshop\/wp-content\/uploads\/2020\/10\/Taschenlampe-Walther-PL71r.jpg","width":1344,"height":1164},{"@type":"BreadcrumbList","@id":"https:\/\/ueberlebenskunst.at\/survivalshop\/shop\/walther-pl71r\/#breadcrumb","itemListElement":[{"@type":"ListItem","position":1,"name":"Startseite","item":"https:\/\/ueberlebenskunst.at\/survivalshop\/"},{"@type":"ListItem","position":2,"name":"Shop","item":"https:\/\/ueberlebenskunst.at\/survivalshop\/shop\/"},{"@type":"ListItem","position":3,"name":"Walther PL71r"}]},{"@type":"WebSite","@id":"https:\/\/ueberlebenskunst.at\/survivalshop\/#website","url":"https:\/\/ueberlebenskunst.at\/survivalshop\/","name":"Reini Rossmann - Survival Shop","description":"Survival Shop f\u00fcr Survival, Bushcraft und Prepper","potentialAction":[{"@type":"SearchAction","target":{"@type":"EntryPoint","urlTemplate":"https:\/\/ueberlebenskunst.at\/survivalshop\/?s={search_term_string}"},"query-input":{"@type":"PropertyValueSpecification","valueRequired":true,"valueName":"search_term_string"}}],"inLanguage":"de"}]}},"_links":{"self":[{"href":"https:\/\/ueberlebenskunst.at\/survivalshop\/wp-json\/wp\/v2\/product\/17523","targetHints":{"allow":["GET"]}}],"collection":[{"href":"https:\/\/ueberlebenskunst.at\/survivalshop\/wp-json\/wp\/v2\/product"}],"about":[{"href":"https:\/\/ueberlebenskunst.at\/survivalshop\/wp-json\/wp\/v2\/types\/product"}],"replies":[{"embeddable":true,"href":"https:\/\/ueberlebenskunst.at\/survivalshop\/wp-json\/wp\/v2\/comments?post=17523"}],"wp:featuredmedia":[{"embeddable":true,"href":"https:\/\/ueberlebenskunst.at\/survivalshop\/wp-json\/wp\/v2\/media\/17525"}],"wp:attachment":[{"href":"https:\/\/ueberlebenskunst.at\/survivalshop\/wp-json\/wp\/v2\/media?parent=17523"}],"wp:term":[{"taxonomy":"product_brand","embeddable":true,"href":"https:\/\/ueberlebenskunst.at\/survivalshop\/wp-json\/wp\/v2\/product_brand?post=17523"},{"taxonomy":"product_cat","embeddable":true,"href":"https:\/\/ueberlebenskunst.at\/survivalshop\/wp-json\/wp\/v2\/product_cat?post=17523"},{"taxonomy":"product_tag","embeddable":true,"href":"https:\/\/ueberlebenskunst.at\/survivalshop\/wp-json\/wp\/v2\/product_tag?post=17523"}],"curies":[{"name":"wp","href":"https:\/\/api.w.org\/{rel}","templated":true}]}}