{"id":174287,"date":"2024-10-10T15:47:58","date_gmt":"2024-10-10T13:47:58","guid":{"rendered":"https:\/\/ueberlebenskunst.at\/survivalshop\/?post_type=product&#038;p=174287"},"modified":"2026-04-05T09:12:22","modified_gmt":"2026-04-05T07:12:22","slug":"reini-rossmann-trail-bro-outdoormesser","status":"publish","type":"product","link":"https:\/\/ueberlebenskunst.at\/survivalshop\/shop\/reini-rossmann-trail-bro-outdoormesser\/","title":{"rendered":"Reini Rossmann Trail Bro Outdoormesser"},"content":{"rendered":"<p>Der Knives4 Trail Bro, entworfen von Reini Rossmann, ist ein idealer, 42a-konformer Begleiter f\u00fcr alle Outdoor-Aktivit\u00e4ten. Ob Bushcrafting, Survival, Jagd oder Fischerei \u2013 der Trail Bro \u00fcberzeugt durch seine klare Linienf\u00fchrung, den perfekten Griff und sein elegantes Design. Doch wer Reini Rossmann kennt, wei\u00df, dass bei ihm die Funktionalit\u00e4t an erster Stelle steht. Der Griff besteht aus verschraubten G10-Griffschalen auf einem Full-Tang-Messer, und am Griffende befindet sich ein Lanyardloch. Die ergonomische Taillierung des Griffs im vorderen Drittel sorgt f\u00fcr optimalen Halt und pr\u00e4zise F\u00fchrung, besonders bei Holzarbeiten.<\/p>\n<p>Der Name &#8220;Trail Bro&#8221; ist Programm \u2013 das Messer ist darauf ausgelegt, ein st\u00e4ndiger Outdoorbegleiter zu sein, der alle wesentlichen Aufgaben m\u00fchelos bew\u00e4ltigt. Die fein ausgeschliffene Klinge ist rasiermesserscharf und flachgeschliffen, was die Schneidleistung maximiert. Ohne polierten Spiegel reflektiert das Messer weniger und bietet eine verbesserte Schneidleistung. Das dezente Ricasso mit kleiner Schleifkerbe bringt die Schneidkante n\u00e4her zur Hand und damit in die optimale Kontrolllinie. Die ausgepr\u00e4gte Spitze ist ideal f\u00fcr Bohrarbeiten in Holz und jagdliche Eins\u00e4tze geeignet. Der Klingenr\u00fccken aus N690-Stahl mit einer Rockwell-H\u00e4rte von 60 ist scharfkantig, was ihn perfekt f\u00fcr Bushcraft-Aufgaben wie Zunderaufbereitung und das Bedienen eines Feuerstahls macht.<\/p>\n<p>Das formsch\u00f6ne Messer liegt hervorragend in der Hand und verf\u00fcgt \u00fcber eine ergonomische Vertiefung am Griff f\u00fcr den Zeigefinger, die gleichzeitig als Fingerschutz dient.<br \/>\nGeliefert wird das Messer mit einer Kydexscheide inklusive Textil-Dangler sowie einem Tek-Lok. Die Montagem\u00f6glichkeiten sind sowohl f\u00fcr Links- als auch f\u00fcr Rechtsh\u00e4nder geeignet.<\/p>\n<p>Eine Aussparung in Klinge und Griff dient zum einen dazu, kleine Ausr\u00fcstungsgegenst\u00e4nde wie <a href=\"https:\/\/ueberlebenskunst.at\/survivalshop\/shop\/einschraubbarer-feuerstahl-klein\/\">Feuerstahl klein<\/a> oder <a href=\"https:\/\/ueberlebenskunst.at\/survivalshop\/shop\/fischer-zubehoerset\/\" target=\"_blank\" rel=\"noopener\">Survival Angler Mini\u00a0Set<\/a> zu verstauen und zum anderen um so viel Gewicht wie m\u00f6glich einzusparen. Dieses kleine versteckte Fach in Langlochform ist 45 mm lang, 11 mm hoch und 10 mm tief.<\/p>\n<p>Der Trail Bro ist ein reines Schneidwerkzeug und darf nicht f\u00fcr harte Arbeiten wie Batonieren, Brechen oder Hebeln benutzt werden.<\/p>\n<h3>Technische Spezifikationen:<\/h3>\n<ul>\n<li>Stahl: N690<\/li>\n<li>Griffmaterial: G10<\/li>\n<li>Rockwell-H\u00e4rte: 60 HRC<\/li>\n<li>Klingenl\u00e4nge: ca. 92 mm<\/li>\n<li>Klingenst\u00e4rke: 3 mm<\/li>\n<li>Griffl\u00e4nge: ca. 112 mm<\/li>\n<li>Griffbreite: 21,6 mm<\/li>\n<li>Gewicht mit Kydex-Scheide: 195 g<\/li>\n<li>Gewicht ohne Kydex-Scheide: 135 g<\/li>\n<\/ul>\n<h3>Lieferumfang:<\/h3>\n<ul>\n<li>1 Messer<\/li>\n<li>Kydex-Scheide mit Nylon-Schlaufe<\/li>\n<\/ul>\n<h3><strong>Passendes, extra erh\u00e4ltliches Zubeh\u00f6r:<\/strong><\/h3>\n<ul>\n<li><a href=\"https:\/\/ueberlebenskunst.at\/survivalshop\/shop\/universal-feuerstahlhalter\/\" target=\"_blank\" rel=\"noopener\">K4 Universal-Feuerstahl-Halterung + Feuerstahl<\/a><\/li>\n<li><a href=\"https:\/\/ueberlebenskunst.at\/survivalshop\/shop\/5stk-lenyard-beads\/\" target=\"_blank\" rel=\"noopener\">Lenyard-Beads<\/a><\/li>\n<li><a href=\"https:\/\/ueberlebenskunst.at\/survivalshop\/shop\/k4-butterfly-sharpener\/\" target=\"_blank\" rel=\"noopener\">K4 Butterfly Schleifstein<\/a><\/li>\n<\/ul>\n<p><a href=\"https:\/\/ueberlebenskunst.at\/survivalshop\/Datenblatt_Messer\" target=\"_blank\" rel=\"noopener\"><strong>&gt;&gt; Download Sicherheitsdatenblatt &lt;&lt;<\/strong><\/a><\/p>\n<p><a href=\"https:\/\/ueberlebenskunst.at\/survivalshop\/wp-content\/uploads\/2021\/11\/Logo_Messer.png\"><img decoding=\"async\" class=\"alignnone wp-image-179575\" src=\"https:\/\/ueberlebenskunst.at\/survivalshop\/wp-content\/uploads\/2021\/11\/Logo_Messer-300x85.png\" alt=\"\" width=\"281\" height=\"80\" srcset=\"https:\/\/ueberlebenskunst.at\/survivalshop\/wp-content\/uploads\/2021\/11\/Logo_Messer-300x85.png 300w, https:\/\/ueberlebenskunst.at\/survivalshop\/wp-content\/uploads\/2021\/11\/Logo_Messer-64x18.png 64w, https:\/\/ueberlebenskunst.at\/survivalshop\/wp-content\/uploads\/2021\/11\/Logo_Messer.png 365w\" sizes=\"(max-width: 281px) 100vw, 281px\" \/><\/a><\/p>\n","protected":false},"excerpt":{"rendered":"<p>Der Knives4 Trail Bro, entworfen von Reini Rossmann, ist ein idealer, 42a-konformer Begleiter f\u00fcr alle Outdoor-Aktivit\u00e4ten. Ob Bushcrafting, Survival, Jagd oder Fischerei \u2013 der Trail Bro \u00fcberzeugt durch seine klare Linienf\u00fchrung, den perfekten Griff und sein elegantes Design. Doch wer Reini Rossmann kennt, wei\u00df, dass bei ihm die Funktionalit\u00e4t an erster Stelle steht. Der Griff [&hellip;]<\/p>\n","protected":false},"featured_media":203720,"comment_status":"open","ping_status":"closed","template":"","meta":{"_acf_changed":false},"product_brand":[],"product_cat":[1790,1805],"product_tag":[270,818,2385],"class_list":{"0":"post-174287","1":"product","2":"type-product","3":"status-publish","4":"has-post-thumbnail","6":"product_cat-knives-4","7":"product_cat-messer-messer-tools","8":"product_tag-edc","9":"product_tag-reini-rossmann-messer","10":"product_tag-trail-bro","12":"first","13":"outofstock","14":"taxable","15":"shipping-taxable","16":"product-type-simple"},"acf":[],"yoast_head":"<!-- This site is optimized with the Yoast SEO plugin v27.1.1 - https:\/\/yoast.com\/product\/yoast-seo-wordpress\/ -->\n<title>Reini Rossmann Trail Bro Outdoormesser - Reini Rossmann - Survival Shop<\/title>\n<meta name=\"description\" content=\"Der Knives4 Trail Bro aus der Hand von Reini Rossmann ist ein idealer 42a konformer Begleiter f\u00fcr alle Outdoor-Aktivit\u00e4ten. Ob Bushcrafting, Notfall-Survival, Jagd oder Fischerei.\" \/>\n<meta name=\"robots\" content=\"index, follow, max-snippet:-1, max-image-preview:large, max-video-preview:-1\" \/>\n<link rel=\"canonical\" href=\"https:\/\/ueberlebenskunst.at\/survivalshop\/shop\/reini-rossmann-trail-bro-outdoormesser\/\" \/>\n<meta property=\"og:locale\" content=\"de_DE\" \/>\n<meta property=\"og:type\" content=\"article\" \/>\n<meta property=\"og:title\" content=\"Reini Rossmann Trail Bro Outdoormesser - Reini Rossmann - Survival Shop\" \/>\n<meta property=\"og:description\" content=\"Der Knives4 Trail Bro aus der Hand von Reini Rossmann ist ein idealer 42a konformer Begleiter f\u00fcr alle Outdoor-Aktivit\u00e4ten. Ob Bushcrafting, Notfall-Survival, Jagd oder Fischerei.\" \/>\n<meta property=\"og:url\" content=\"https:\/\/ueberlebenskunst.at\/survivalshop\/shop\/reini-rossmann-trail-bro-outdoormesser\/\" \/>\n<meta property=\"og:site_name\" content=\"Reini Rossmann - Survival Shop\" \/>\n<meta property=\"article:publisher\" content=\"https:\/\/www.facebook.com\/survival24.org\/\" \/>\n<meta property=\"article:modified_time\" content=\"2026-04-05T07:12:22+00:00\" \/>\n<meta property=\"og:image\" content=\"https:\/\/ueberlebenskunst.at\/survivalshop\/wp-content\/uploads\/2024\/10\/TrailBro_soldout.jpg\" \/>\n\t<meta property=\"og:image:width\" content=\"400\" \/>\n\t<meta property=\"og:image:height\" content=\"436\" \/>\n\t<meta property=\"og:image:type\" content=\"image\/jpeg\" \/>\n<meta name=\"twitter:card\" content=\"summary_large_image\" \/>\n<meta name=\"twitter:label1\" content=\"Gesch\u00e4tzte Lesezeit\" \/>\n\t<meta name=\"twitter:data1\" content=\"3\u00a0Minuten\" \/>\n<script type=\"application\/ld+json\" class=\"yoast-schema-graph\">{\"@context\":\"https:\/\/schema.org\",\"@graph\":[{\"@type\":\"WebPage\",\"@id\":\"https:\/\/ueberlebenskunst.at\/survivalshop\/shop\/reini-rossmann-trail-bro-outdoormesser\/\",\"url\":\"https:\/\/ueberlebenskunst.at\/survivalshop\/shop\/reini-rossmann-trail-bro-outdoormesser\/\",\"name\":\"Reini Rossmann Trail Bro Outdoormesser - Reini Rossmann - Survival Shop\",\"isPartOf\":{\"@id\":\"https:\/\/ueberlebenskunst.at\/survivalshop\/#website\"},\"primaryImageOfPage\":{\"@id\":\"https:\/\/ueberlebenskunst.at\/survivalshop\/shop\/reini-rossmann-trail-bro-outdoormesser\/#primaryimage\"},\"image\":{\"@id\":\"https:\/\/ueberlebenskunst.at\/survivalshop\/shop\/reini-rossmann-trail-bro-outdoormesser\/#primaryimage\"},\"thumbnailUrl\":\"https:\/\/ueberlebenskunst.at\/survivalshop\/wp-content\/uploads\/2024\/10\/TrailBro_soldout.jpg\",\"datePublished\":\"2024-10-10T13:47:58+00:00\",\"dateModified\":\"2026-04-05T07:12:22+00:00\",\"description\":\"Der Knives4 Trail Bro aus der Hand von Reini Rossmann ist ein idealer 42a konformer Begleiter f\u00fcr alle Outdoor-Aktivit\u00e4ten. Ob Bushcrafting, Notfall-Survival, Jagd oder Fischerei.\",\"breadcrumb\":{\"@id\":\"https:\/\/ueberlebenskunst.at\/survivalshop\/shop\/reini-rossmann-trail-bro-outdoormesser\/#breadcrumb\"},\"inLanguage\":\"de\",\"potentialAction\":[{\"@type\":\"ReadAction\",\"target\":[\"https:\/\/ueberlebenskunst.at\/survivalshop\/shop\/reini-rossmann-trail-bro-outdoormesser\/\"]}]},{\"@type\":\"ImageObject\",\"inLanguage\":\"de\",\"@id\":\"https:\/\/ueberlebenskunst.at\/survivalshop\/shop\/reini-rossmann-trail-bro-outdoormesser\/#primaryimage\",\"url\":\"https:\/\/ueberlebenskunst.at\/survivalshop\/wp-content\/uploads\/2024\/10\/TrailBro_soldout.jpg\",\"contentUrl\":\"https:\/\/ueberlebenskunst.at\/survivalshop\/wp-content\/uploads\/2024\/10\/TrailBro_soldout.jpg\",\"width\":400,\"height\":436},{\"@type\":\"BreadcrumbList\",\"@id\":\"https:\/\/ueberlebenskunst.at\/survivalshop\/shop\/reini-rossmann-trail-bro-outdoormesser\/#breadcrumb\",\"itemListElement\":[{\"@type\":\"ListItem\",\"position\":1,\"name\":\"Startseite\",\"item\":\"https:\/\/ueberlebenskunst.at\/survivalshop\/\"},{\"@type\":\"ListItem\",\"position\":2,\"name\":\"Shop\",\"item\":\"https:\/\/ueberlebenskunst.at\/survivalshop\/shop\/\"},{\"@type\":\"ListItem\",\"position\":3,\"name\":\"Reini Rossmann Trail Bro Outdoormesser\"}]},{\"@type\":\"WebSite\",\"@id\":\"https:\/\/ueberlebenskunst.at\/survivalshop\/#website\",\"url\":\"https:\/\/ueberlebenskunst.at\/survivalshop\/\",\"name\":\"Reini Rossmann - Survival Shop\",\"description\":\"Survival Shop f\u00fcr Survival, Bushcraft und Prepper\",\"potentialAction\":[{\"@type\":\"SearchAction\",\"target\":{\"@type\":\"EntryPoint\",\"urlTemplate\":\"https:\/\/ueberlebenskunst.at\/survivalshop\/?s={search_term_string}\"},\"query-input\":{\"@type\":\"PropertyValueSpecification\",\"valueRequired\":true,\"valueName\":\"search_term_string\"}}],\"inLanguage\":\"de\"}]}<\/script>\n<!-- \/ Yoast SEO plugin. -->","yoast_head_json":{"title":"Reini Rossmann Trail Bro Outdoormesser - Reini Rossmann - Survival Shop","description":"Der Knives4 Trail Bro aus der Hand von Reini Rossmann ist ein idealer 42a konformer Begleiter f\u00fcr alle Outdoor-Aktivit\u00e4ten. Ob Bushcrafting, Notfall-Survival, Jagd oder Fischerei.","robots":{"index":"index","follow":"follow","max-snippet":"max-snippet:-1","max-image-preview":"max-image-preview:large","max-video-preview":"max-video-preview:-1"},"canonical":"https:\/\/ueberlebenskunst.at\/survivalshop\/shop\/reini-rossmann-trail-bro-outdoormesser\/","og_locale":"de_DE","og_type":"article","og_title":"Reini Rossmann Trail Bro Outdoormesser - Reini Rossmann - Survival Shop","og_description":"Der Knives4 Trail Bro aus der Hand von Reini Rossmann ist ein idealer 42a konformer Begleiter f\u00fcr alle Outdoor-Aktivit\u00e4ten. Ob Bushcrafting, Notfall-Survival, Jagd oder Fischerei.","og_url":"https:\/\/ueberlebenskunst.at\/survivalshop\/shop\/reini-rossmann-trail-bro-outdoormesser\/","og_site_name":"Reini Rossmann - Survival Shop","article_publisher":"https:\/\/www.facebook.com\/survival24.org\/","article_modified_time":"2026-04-05T07:12:22+00:00","og_image":[{"width":400,"height":436,"url":"https:\/\/ueberlebenskunst.at\/survivalshop\/wp-content\/uploads\/2024\/10\/TrailBro_soldout.jpg","type":"image\/jpeg"}],"twitter_card":"summary_large_image","twitter_misc":{"Gesch\u00e4tzte Lesezeit":"3\u00a0Minuten"},"schema":{"@context":"https:\/\/schema.org","@graph":[{"@type":"WebPage","@id":"https:\/\/ueberlebenskunst.at\/survivalshop\/shop\/reini-rossmann-trail-bro-outdoormesser\/","url":"https:\/\/ueberlebenskunst.at\/survivalshop\/shop\/reini-rossmann-trail-bro-outdoormesser\/","name":"Reini Rossmann Trail Bro Outdoormesser - Reini Rossmann - Survival Shop","isPartOf":{"@id":"https:\/\/ueberlebenskunst.at\/survivalshop\/#website"},"primaryImageOfPage":{"@id":"https:\/\/ueberlebenskunst.at\/survivalshop\/shop\/reini-rossmann-trail-bro-outdoormesser\/#primaryimage"},"image":{"@id":"https:\/\/ueberlebenskunst.at\/survivalshop\/shop\/reini-rossmann-trail-bro-outdoormesser\/#primaryimage"},"thumbnailUrl":"https:\/\/ueberlebenskunst.at\/survivalshop\/wp-content\/uploads\/2024\/10\/TrailBro_soldout.jpg","datePublished":"2024-10-10T13:47:58+00:00","dateModified":"2026-04-05T07:12:22+00:00","description":"Der Knives4 Trail Bro aus der Hand von Reini Rossmann ist ein idealer 42a konformer Begleiter f\u00fcr alle Outdoor-Aktivit\u00e4ten. Ob Bushcrafting, Notfall-Survival, Jagd oder Fischerei.","breadcrumb":{"@id":"https:\/\/ueberlebenskunst.at\/survivalshop\/shop\/reini-rossmann-trail-bro-outdoormesser\/#breadcrumb"},"inLanguage":"de","potentialAction":[{"@type":"ReadAction","target":["https:\/\/ueberlebenskunst.at\/survivalshop\/shop\/reini-rossmann-trail-bro-outdoormesser\/"]}]},{"@type":"ImageObject","inLanguage":"de","@id":"https:\/\/ueberlebenskunst.at\/survivalshop\/shop\/reini-rossmann-trail-bro-outdoormesser\/#primaryimage","url":"https:\/\/ueberlebenskunst.at\/survivalshop\/wp-content\/uploads\/2024\/10\/TrailBro_soldout.jpg","contentUrl":"https:\/\/ueberlebenskunst.at\/survivalshop\/wp-content\/uploads\/2024\/10\/TrailBro_soldout.jpg","width":400,"height":436},{"@type":"BreadcrumbList","@id":"https:\/\/ueberlebenskunst.at\/survivalshop\/shop\/reini-rossmann-trail-bro-outdoormesser\/#breadcrumb","itemListElement":[{"@type":"ListItem","position":1,"name":"Startseite","item":"https:\/\/ueberlebenskunst.at\/survivalshop\/"},{"@type":"ListItem","position":2,"name":"Shop","item":"https:\/\/ueberlebenskunst.at\/survivalshop\/shop\/"},{"@type":"ListItem","position":3,"name":"Reini Rossmann Trail Bro Outdoormesser"}]},{"@type":"WebSite","@id":"https:\/\/ueberlebenskunst.at\/survivalshop\/#website","url":"https:\/\/ueberlebenskunst.at\/survivalshop\/","name":"Reini Rossmann - Survival Shop","description":"Survival Shop f\u00fcr Survival, Bushcraft und Prepper","potentialAction":[{"@type":"SearchAction","target":{"@type":"EntryPoint","urlTemplate":"https:\/\/ueberlebenskunst.at\/survivalshop\/?s={search_term_string}"},"query-input":{"@type":"PropertyValueSpecification","valueRequired":true,"valueName":"search_term_string"}}],"inLanguage":"de"}]}},"_links":{"self":[{"href":"https:\/\/ueberlebenskunst.at\/survivalshop\/wp-json\/wp\/v2\/product\/174287","targetHints":{"allow":["GET"]}}],"collection":[{"href":"https:\/\/ueberlebenskunst.at\/survivalshop\/wp-json\/wp\/v2\/product"}],"about":[{"href":"https:\/\/ueberlebenskunst.at\/survivalshop\/wp-json\/wp\/v2\/types\/product"}],"replies":[{"embeddable":true,"href":"https:\/\/ueberlebenskunst.at\/survivalshop\/wp-json\/wp\/v2\/comments?post=174287"}],"wp:featuredmedia":[{"embeddable":true,"href":"https:\/\/ueberlebenskunst.at\/survivalshop\/wp-json\/wp\/v2\/media\/203720"}],"wp:attachment":[{"href":"https:\/\/ueberlebenskunst.at\/survivalshop\/wp-json\/wp\/v2\/media?parent=174287"}],"wp:term":[{"taxonomy":"product_brand","embeddable":true,"href":"https:\/\/ueberlebenskunst.at\/survivalshop\/wp-json\/wp\/v2\/product_brand?post=174287"},{"taxonomy":"product_cat","embeddable":true,"href":"https:\/\/ueberlebenskunst.at\/survivalshop\/wp-json\/wp\/v2\/product_cat?post=174287"},{"taxonomy":"product_tag","embeddable":true,"href":"https:\/\/ueberlebenskunst.at\/survivalshop\/wp-json\/wp\/v2\/product_tag?post=174287"}],"curies":[{"name":"wp","href":"https:\/\/api.w.org\/{rel}","templated":true}]}}