{"id":166442,"date":"2024-06-17T16:05:40","date_gmt":"2024-06-17T14:05:40","guid":{"rendered":"https:\/\/ueberlebenskunst.at\/survivalshop\/?post_type=product&#038;p=166442"},"modified":"2025-12-22T06:36:33","modified_gmt":"2025-12-22T05:36:33","slug":"spyderco-para-3-micro-melt-maxamet","status":"publish","type":"product","link":"https:\/\/ueberlebenskunst.at\/survivalshop\/shop\/spyderco-para-3-micro-melt-maxamet\/","title":{"rendered":"Spyderco Para 3 Micro-Melt Maxamet"},"content":{"rendered":"<p>Das Para-Military ist seit vielen Jahren eines der beliebtesten Taschenmesser im Sortiment von Spyderco. Mit seiner schlanken, leichten Konstruktion und der flachgeschliffenen Klinge ist es f\u00fcr viele Kunden der ideale Begleiter im Alltag. Die einzige Eigenschaft, die nicht jeden \u00fcberzeugte, war die Gr\u00f6\u00dfe des Messers. Mit dem kompakteren Para 3 bietet Spyderco nun die bew\u00e4hrten Merkmale des Para-Military in einem kleineren Format an. Der extrem stabile Compression-Lock, der umsetzbare Vierwege-Clip und die bew\u00e4hrte Ergonomie machen das Para 3 zur perfekten Erg\u00e4nzung des Programms. Diese exklusive Version verf\u00fcgt \u00fcber eine \u00e4u\u00dferst schnitthaltige Klinge aus Micro-Melt Maxamet.<\/p>\n<h3>Produktdaten:<\/h3>\n<ul>\n<li>Gesamtl\u00e4nge: 18,4 cm<\/li>\n<li>Klingenl\u00e4nge: 7,5 cm<\/li>\n<li>Gewicht: 96 g<\/li>\n<li>Klingenst\u00e4rke: 3,7 mm<\/li>\n<li>Klingenmaterial: Micro-Melt Maxamet<\/li>\n<li>Griffmaterial: G10<\/li>\n<li>Compression Lock<\/li>\n<\/ul>\n","protected":false},"excerpt":{"rendered":"<p>Das Para-Military ist seit vielen Jahren eines der beliebtesten Taschenmesser im Sortiment von Spyderco. Mit seiner schlanken, leichten Konstruktion und der flachgeschliffenen Klinge ist es f\u00fcr viele Kunden der ideale Begleiter im Alltag. Die einzige Eigenschaft, die nicht jeden \u00fcberzeugte, war die Gr\u00f6\u00dfe des Messers. Mit dem kompakteren Para 3 bietet Spyderco nun die bew\u00e4hrten [&hellip;]<\/p>\n","protected":false},"featured_media":166443,"comment_status":"open","ping_status":"closed","template":"","meta":{"_acf_changed":false},"product_brand":[],"product_cat":[1805],"product_tag":[336],"class_list":{"0":"post-166442","1":"product","2":"type-product","3":"status-publish","4":"has-post-thumbnail","6":"product_cat-messer-messer-tools","7":"product_tag-spyderco","9":"first","10":"instock","11":"taxable","12":"shipping-taxable","13":"purchasable","14":"product-type-simple"},"acf":[],"yoast_head":"<!-- This site is optimized with the Yoast SEO plugin v27.1.1 - https:\/\/yoast.com\/product\/yoast-seo-wordpress\/ -->\n<title>Spyderco Para 3 Micro-Melt Maxamet - Reini Rossmann - Survival Shop<\/title>\n<meta name=\"robots\" content=\"index, follow, max-snippet:-1, max-image-preview:large, max-video-preview:-1\" \/>\n<link rel=\"canonical\" href=\"https:\/\/ueberlebenskunst.at\/survivalshop\/shop\/spyderco-para-3-micro-melt-maxamet\/\" \/>\n<meta property=\"og:locale\" content=\"de_DE\" \/>\n<meta property=\"og:type\" content=\"article\" \/>\n<meta property=\"og:title\" content=\"Spyderco Para 3 Micro-Melt Maxamet - Reini Rossmann - Survival Shop\" \/>\n<meta property=\"og:description\" content=\"Das Para-Military ist seit vielen Jahren eines der beliebtesten Taschenmesser im Sortiment von Spyderco. Mit seiner schlanken, leichten Konstruktion und der flachgeschliffenen Klinge ist es f\u00fcr viele Kunden der ideale Begleiter im Alltag. Die einzige Eigenschaft, die nicht jeden \u00fcberzeugte, war die Gr\u00f6\u00dfe des Messers. Mit dem kompakteren Para 3 bietet Spyderco nun die bew\u00e4hrten [&hellip;]\" \/>\n<meta property=\"og:url\" content=\"https:\/\/ueberlebenskunst.at\/survivalshop\/shop\/spyderco-para-3-micro-melt-maxamet\/\" \/>\n<meta property=\"og:site_name\" content=\"Reini Rossmann - Survival Shop\" \/>\n<meta property=\"article:publisher\" content=\"https:\/\/www.facebook.com\/survival24.org\/\" \/>\n<meta property=\"article:modified_time\" content=\"2025-12-22T05:36:33+00:00\" \/>\n<meta property=\"og:image\" content=\"https:\/\/ueberlebenskunst.at\/survivalshop\/wp-content\/uploads\/2024\/06\/01SP261.jpg\" \/>\n\t<meta property=\"og:image:width\" content=\"400\" \/>\n\t<meta property=\"og:image:height\" content=\"398\" \/>\n\t<meta property=\"og:image:type\" content=\"image\/jpeg\" \/>\n<meta name=\"twitter:card\" content=\"summary_large_image\" \/>\n<meta name=\"twitter:label1\" content=\"Gesch\u00e4tzte Lesezeit\" \/>\n\t<meta name=\"twitter:data1\" content=\"1\u00a0Minute\" \/>\n<script type=\"application\/ld+json\" class=\"yoast-schema-graph\">{\"@context\":\"https:\/\/schema.org\",\"@graph\":[{\"@type\":\"WebPage\",\"@id\":\"https:\/\/ueberlebenskunst.at\/survivalshop\/shop\/spyderco-para-3-micro-melt-maxamet\/\",\"url\":\"https:\/\/ueberlebenskunst.at\/survivalshop\/shop\/spyderco-para-3-micro-melt-maxamet\/\",\"name\":\"Spyderco Para 3 Micro-Melt Maxamet - Reini Rossmann - Survival Shop\",\"isPartOf\":{\"@id\":\"https:\/\/ueberlebenskunst.at\/survivalshop\/#website\"},\"primaryImageOfPage\":{\"@id\":\"https:\/\/ueberlebenskunst.at\/survivalshop\/shop\/spyderco-para-3-micro-melt-maxamet\/#primaryimage\"},\"image\":{\"@id\":\"https:\/\/ueberlebenskunst.at\/survivalshop\/shop\/spyderco-para-3-micro-melt-maxamet\/#primaryimage\"},\"thumbnailUrl\":\"https:\/\/ueberlebenskunst.at\/survivalshop\/wp-content\/uploads\/2024\/06\/01SP261.jpg\",\"datePublished\":\"2024-06-17T14:05:40+00:00\",\"dateModified\":\"2025-12-22T05:36:33+00:00\",\"breadcrumb\":{\"@id\":\"https:\/\/ueberlebenskunst.at\/survivalshop\/shop\/spyderco-para-3-micro-melt-maxamet\/#breadcrumb\"},\"inLanguage\":\"de\",\"potentialAction\":[{\"@type\":\"ReadAction\",\"target\":[\"https:\/\/ueberlebenskunst.at\/survivalshop\/shop\/spyderco-para-3-micro-melt-maxamet\/\"]}]},{\"@type\":\"ImageObject\",\"inLanguage\":\"de\",\"@id\":\"https:\/\/ueberlebenskunst.at\/survivalshop\/shop\/spyderco-para-3-micro-melt-maxamet\/#primaryimage\",\"url\":\"https:\/\/ueberlebenskunst.at\/survivalshop\/wp-content\/uploads\/2024\/06\/01SP261.jpg\",\"contentUrl\":\"https:\/\/ueberlebenskunst.at\/survivalshop\/wp-content\/uploads\/2024\/06\/01SP261.jpg\",\"width\":400,\"height\":398},{\"@type\":\"BreadcrumbList\",\"@id\":\"https:\/\/ueberlebenskunst.at\/survivalshop\/shop\/spyderco-para-3-micro-melt-maxamet\/#breadcrumb\",\"itemListElement\":[{\"@type\":\"ListItem\",\"position\":1,\"name\":\"Startseite\",\"item\":\"https:\/\/ueberlebenskunst.at\/survivalshop\/\"},{\"@type\":\"ListItem\",\"position\":2,\"name\":\"Shop\",\"item\":\"https:\/\/ueberlebenskunst.at\/survivalshop\/shop\/\"},{\"@type\":\"ListItem\",\"position\":3,\"name\":\"Spyderco Para 3 Micro-Melt Maxamet\"}]},{\"@type\":\"WebSite\",\"@id\":\"https:\/\/ueberlebenskunst.at\/survivalshop\/#website\",\"url\":\"https:\/\/ueberlebenskunst.at\/survivalshop\/\",\"name\":\"Reini Rossmann - Survival Shop\",\"description\":\"Survival Shop f\u00fcr Survival, Bushcraft und Prepper\",\"potentialAction\":[{\"@type\":\"SearchAction\",\"target\":{\"@type\":\"EntryPoint\",\"urlTemplate\":\"https:\/\/ueberlebenskunst.at\/survivalshop\/?s={search_term_string}\"},\"query-input\":{\"@type\":\"PropertyValueSpecification\",\"valueRequired\":true,\"valueName\":\"search_term_string\"}}],\"inLanguage\":\"de\"}]}<\/script>\n<!-- \/ Yoast SEO plugin. -->","yoast_head_json":{"title":"Spyderco Para 3 Micro-Melt Maxamet - Reini Rossmann - Survival Shop","robots":{"index":"index","follow":"follow","max-snippet":"max-snippet:-1","max-image-preview":"max-image-preview:large","max-video-preview":"max-video-preview:-1"},"canonical":"https:\/\/ueberlebenskunst.at\/survivalshop\/shop\/spyderco-para-3-micro-melt-maxamet\/","og_locale":"de_DE","og_type":"article","og_title":"Spyderco Para 3 Micro-Melt Maxamet - Reini Rossmann - Survival Shop","og_description":"Das Para-Military ist seit vielen Jahren eines der beliebtesten Taschenmesser im Sortiment von Spyderco. Mit seiner schlanken, leichten Konstruktion und der flachgeschliffenen Klinge ist es f\u00fcr viele Kunden der ideale Begleiter im Alltag. Die einzige Eigenschaft, die nicht jeden \u00fcberzeugte, war die Gr\u00f6\u00dfe des Messers. Mit dem kompakteren Para 3 bietet Spyderco nun die bew\u00e4hrten [&hellip;]","og_url":"https:\/\/ueberlebenskunst.at\/survivalshop\/shop\/spyderco-para-3-micro-melt-maxamet\/","og_site_name":"Reini Rossmann - Survival Shop","article_publisher":"https:\/\/www.facebook.com\/survival24.org\/","article_modified_time":"2025-12-22T05:36:33+00:00","og_image":[{"width":400,"height":398,"url":"https:\/\/ueberlebenskunst.at\/survivalshop\/wp-content\/uploads\/2024\/06\/01SP261.jpg","type":"image\/jpeg"}],"twitter_card":"summary_large_image","twitter_misc":{"Gesch\u00e4tzte Lesezeit":"1\u00a0Minute"},"schema":{"@context":"https:\/\/schema.org","@graph":[{"@type":"WebPage","@id":"https:\/\/ueberlebenskunst.at\/survivalshop\/shop\/spyderco-para-3-micro-melt-maxamet\/","url":"https:\/\/ueberlebenskunst.at\/survivalshop\/shop\/spyderco-para-3-micro-melt-maxamet\/","name":"Spyderco Para 3 Micro-Melt Maxamet - Reini Rossmann - Survival Shop","isPartOf":{"@id":"https:\/\/ueberlebenskunst.at\/survivalshop\/#website"},"primaryImageOfPage":{"@id":"https:\/\/ueberlebenskunst.at\/survivalshop\/shop\/spyderco-para-3-micro-melt-maxamet\/#primaryimage"},"image":{"@id":"https:\/\/ueberlebenskunst.at\/survivalshop\/shop\/spyderco-para-3-micro-melt-maxamet\/#primaryimage"},"thumbnailUrl":"https:\/\/ueberlebenskunst.at\/survivalshop\/wp-content\/uploads\/2024\/06\/01SP261.jpg","datePublished":"2024-06-17T14:05:40+00:00","dateModified":"2025-12-22T05:36:33+00:00","breadcrumb":{"@id":"https:\/\/ueberlebenskunst.at\/survivalshop\/shop\/spyderco-para-3-micro-melt-maxamet\/#breadcrumb"},"inLanguage":"de","potentialAction":[{"@type":"ReadAction","target":["https:\/\/ueberlebenskunst.at\/survivalshop\/shop\/spyderco-para-3-micro-melt-maxamet\/"]}]},{"@type":"ImageObject","inLanguage":"de","@id":"https:\/\/ueberlebenskunst.at\/survivalshop\/shop\/spyderco-para-3-micro-melt-maxamet\/#primaryimage","url":"https:\/\/ueberlebenskunst.at\/survivalshop\/wp-content\/uploads\/2024\/06\/01SP261.jpg","contentUrl":"https:\/\/ueberlebenskunst.at\/survivalshop\/wp-content\/uploads\/2024\/06\/01SP261.jpg","width":400,"height":398},{"@type":"BreadcrumbList","@id":"https:\/\/ueberlebenskunst.at\/survivalshop\/shop\/spyderco-para-3-micro-melt-maxamet\/#breadcrumb","itemListElement":[{"@type":"ListItem","position":1,"name":"Startseite","item":"https:\/\/ueberlebenskunst.at\/survivalshop\/"},{"@type":"ListItem","position":2,"name":"Shop","item":"https:\/\/ueberlebenskunst.at\/survivalshop\/shop\/"},{"@type":"ListItem","position":3,"name":"Spyderco Para 3 Micro-Melt Maxamet"}]},{"@type":"WebSite","@id":"https:\/\/ueberlebenskunst.at\/survivalshop\/#website","url":"https:\/\/ueberlebenskunst.at\/survivalshop\/","name":"Reini Rossmann - Survival Shop","description":"Survival Shop f\u00fcr Survival, Bushcraft und Prepper","potentialAction":[{"@type":"SearchAction","target":{"@type":"EntryPoint","urlTemplate":"https:\/\/ueberlebenskunst.at\/survivalshop\/?s={search_term_string}"},"query-input":{"@type":"PropertyValueSpecification","valueRequired":true,"valueName":"search_term_string"}}],"inLanguage":"de"}]}},"_links":{"self":[{"href":"https:\/\/ueberlebenskunst.at\/survivalshop\/wp-json\/wp\/v2\/product\/166442","targetHints":{"allow":["GET"]}}],"collection":[{"href":"https:\/\/ueberlebenskunst.at\/survivalshop\/wp-json\/wp\/v2\/product"}],"about":[{"href":"https:\/\/ueberlebenskunst.at\/survivalshop\/wp-json\/wp\/v2\/types\/product"}],"replies":[{"embeddable":true,"href":"https:\/\/ueberlebenskunst.at\/survivalshop\/wp-json\/wp\/v2\/comments?post=166442"}],"wp:featuredmedia":[{"embeddable":true,"href":"https:\/\/ueberlebenskunst.at\/survivalshop\/wp-json\/wp\/v2\/media\/166443"}],"wp:attachment":[{"href":"https:\/\/ueberlebenskunst.at\/survivalshop\/wp-json\/wp\/v2\/media?parent=166442"}],"wp:term":[{"taxonomy":"product_brand","embeddable":true,"href":"https:\/\/ueberlebenskunst.at\/survivalshop\/wp-json\/wp\/v2\/product_brand?post=166442"},{"taxonomy":"product_cat","embeddable":true,"href":"https:\/\/ueberlebenskunst.at\/survivalshop\/wp-json\/wp\/v2\/product_cat?post=166442"},{"taxonomy":"product_tag","embeddable":true,"href":"https:\/\/ueberlebenskunst.at\/survivalshop\/wp-json\/wp\/v2\/product_tag?post=166442"}],"curies":[{"name":"wp","href":"https:\/\/api.w.org\/{rel}","templated":true}]}}