{"id":165329,"date":"2024-05-29T15:12:20","date_gmt":"2024-05-29T13:12:20","guid":{"rendered":"https:\/\/ueberlebenskunst.at\/survivalshop\/?post_type=product&#038;p=165329"},"modified":"2026-03-28T13:12:13","modified_gmt":"2026-03-28T12:12:13","slug":"fischer-zubehoerset","status":"publish","type":"product","link":"https:\/\/ueberlebenskunst.at\/survivalshop\/shop\/fischer-zubehoerset\/","title":{"rendered":"Survival Angler Mini\u00a0Set"},"content":{"rendered":"<p>Erweitere deine Ausr\u00fcstung mit unserem umfassenden Survival Angler Mini Set, perfekt f\u00fcr Survival- und Outdoorsituationen. Dieses Fischer Zubeh\u00f6rset enth\u00e4lt ausreichend Schnur, verschiedene Haken und Gewichte, die dir das Angeln in schwierigen Lagen \u00fcberhaupt erm\u00f6glichen.<\/p>\n<p>Das Zubeh\u00f6r \u00fcberzeugt durch ein kleines Packma\u00df und leichtes Gewicht, wodurch es sich ideal f\u00fcr unterwegs eignet. Mit diesem Set bist du stets bestens ausger\u00fcstet.<\/p>\n<h3>Passende Erg\u00e4nzung:<\/h3>\n<ul>\n<li><a href=\"https:\/\/ueberlebenskunst.at\/survivalshop\/shop\/survival-container-designed-by-reini-rossmann\/\" target=\"_blank\" rel=\"noopener\">Survival Container &#8211; Designed by Reini Rossmann<\/a><\/li>\n<li><a href=\"https:\/\/ueberlebenskunst.at\/survivalshop\/shop\/k4-adc-lampen-bic-halterung-inkl-edc-k4-lampe-mini\/\" target=\"_blank\" rel=\"noopener\">K4 ADC Lampen<\/a><\/li>\n<li><a href=\"https:\/\/ueberlebenskunst.at\/survivalshop\/shop\/k4-all-day-carry-feuerzeug-huelle-kopie\/\" target=\"_blank\" rel=\"noopener\">K4 All Day Carry Feuerzeug H\u00fclle f\u00fcr BIC\u00ae<\/a><\/li>\n<li><a href=\"https:\/\/ueberlebenskunst.at\/survivalshop\/shop\/k4-adc-feuerstahlhalter\/\" target=\"_blank\" rel=\"noopener\">Survival EDC Feuerstahlhalter inkl. Feuerstahl<\/a><\/li>\n<li><a href=\"https:\/\/ueberlebenskunst.at\/survivalshop\/shop\/feuermach-brennlupe\/\" target=\"_blank\" rel=\"noopener\">Feuermach Brennlupe<\/a><\/li>\n<li><a href=\"https:\/\/ueberlebenskunst.at\/survivalshop\/shop\/rettungsdecke-in-profi-qualitaet\/\" target=\"_blank\" rel=\"noopener\">Rettungsdecke in Profi-Qualit\u00e4t gold<\/a><\/li>\n<li><a href=\"https:\/\/ueberlebenskunst.at\/survivalshop\/shop\/k4-universalhalter-fuer-survival-container\/\" target=\"_blank\" rel=\"noopener\">K4 Universalhalter f\u00fcr Survival Container<\/a><\/li>\n<\/ul>\n","protected":false},"excerpt":{"rendered":"<p>Erweitere deine Ausr\u00fcstung mit unserem umfassenden Survival Angler Mini Set, perfekt f\u00fcr Survival- und Outdoorsituationen. Dieses Fischer Zubeh\u00f6rset enth\u00e4lt ausreichend Schnur, verschiedene Haken und Gewichte, die dir das Angeln in schwierigen Lagen \u00fcberhaupt erm\u00f6glichen. Das Zubeh\u00f6r \u00fcberzeugt durch ein kleines Packma\u00df und leichtes Gewicht, wodurch es sich ideal f\u00fcr unterwegs eignet. Mit diesem Set bist [&hellip;]<\/p>\n","protected":false},"featured_media":165330,"comment_status":"open","ping_status":"closed","template":"","meta":{"_acf_changed":false},"product_brand":[],"product_cat":[1101,1945],"product_tag":[226,849,613,237,1564],"class_list":{"0":"post-165329","1":"product","2":"type-product","3":"status-publish","4":"has-post-thumbnail","6":"product_cat-ausruestung","7":"product_cat-survivalausruestung","8":"product_tag-car-survival-kit","9":"product_tag-notfall","10":"product_tag-notfallausruestung","11":"product_tag-survival-kit","12":"product_tag-survival-tool","14":"first","15":"instock","16":"taxable","17":"shipping-taxable","18":"purchasable","19":"product-type-simple"},"acf":[],"yoast_head":"<!-- This site is optimized with the Yoast SEO plugin v27.1.1 - https:\/\/yoast.com\/product\/yoast-seo-wordpress\/ -->\n<title>Survival Angler Mini\u00a0Set<\/title>\n<meta name=\"description\" content=\"Fischer Zubeh\u00f6rset f\u00fcr Survival und Outdoor: Schnur, Haken, Gewichte, kompakt und leicht f\u00fcr unterwegs\" \/>\n<meta name=\"robots\" content=\"index, follow, max-snippet:-1, max-image-preview:large, max-video-preview:-1\" \/>\n<link rel=\"canonical\" href=\"https:\/\/ueberlebenskunst.at\/survivalshop\/shop\/fischer-zubehoerset\/\" \/>\n<meta property=\"og:locale\" content=\"de_DE\" \/>\n<meta property=\"og:type\" content=\"article\" \/>\n<meta property=\"og:title\" content=\"Survival Angler Mini\u00a0Set\" \/>\n<meta property=\"og:description\" content=\"Fischer Zubeh\u00f6rset f\u00fcr Survival und Outdoor: Schnur, Haken, Gewichte, kompakt und leicht f\u00fcr unterwegs\" \/>\n<meta property=\"og:url\" content=\"https:\/\/ueberlebenskunst.at\/survivalshop\/shop\/fischer-zubehoerset\/\" \/>\n<meta property=\"og:site_name\" content=\"Reini Rossmann - Survival Shop\" \/>\n<meta property=\"article:publisher\" content=\"https:\/\/www.facebook.com\/survival24.org\/\" \/>\n<meta property=\"article:modified_time\" content=\"2026-03-28T12:12:13+00:00\" \/>\n<meta property=\"og:image\" content=\"https:\/\/ueberlebenskunst.at\/survivalshop\/wp-content\/uploads\/2024\/05\/AB00-LM-FHK01_400x400.jpg\" \/>\n\t<meta property=\"og:image:width\" content=\"400\" \/>\n\t<meta property=\"og:image:height\" content=\"400\" \/>\n\t<meta property=\"og:image:type\" content=\"image\/jpeg\" \/>\n<meta name=\"twitter:card\" content=\"summary_large_image\" \/>\n<meta name=\"twitter:label1\" content=\"Gesch\u00e4tzte Lesezeit\" \/>\n\t<meta name=\"twitter:data1\" content=\"1\u00a0Minute\" \/>\n<script type=\"application\/ld+json\" class=\"yoast-schema-graph\">{\"@context\":\"https:\/\/schema.org\",\"@graph\":[{\"@type\":\"WebPage\",\"@id\":\"https:\/\/ueberlebenskunst.at\/survivalshop\/shop\/fischer-zubehoerset\/\",\"url\":\"https:\/\/ueberlebenskunst.at\/survivalshop\/shop\/fischer-zubehoerset\/\",\"name\":\"Survival Angler Mini\u00a0Set\",\"isPartOf\":{\"@id\":\"https:\/\/ueberlebenskunst.at\/survivalshop\/#website\"},\"primaryImageOfPage\":{\"@id\":\"https:\/\/ueberlebenskunst.at\/survivalshop\/shop\/fischer-zubehoerset\/#primaryimage\"},\"image\":{\"@id\":\"https:\/\/ueberlebenskunst.at\/survivalshop\/shop\/fischer-zubehoerset\/#primaryimage\"},\"thumbnailUrl\":\"https:\/\/ueberlebenskunst.at\/survivalshop\/wp-content\/uploads\/2024\/05\/AB00-LM-FHK01_400x400.jpg\",\"datePublished\":\"2024-05-29T13:12:20+00:00\",\"dateModified\":\"2026-03-28T12:12:13+00:00\",\"description\":\"Fischer Zubeh\u00f6rset f\u00fcr Survival und Outdoor: Schnur, Haken, Gewichte, kompakt und leicht f\u00fcr unterwegs\",\"breadcrumb\":{\"@id\":\"https:\/\/ueberlebenskunst.at\/survivalshop\/shop\/fischer-zubehoerset\/#breadcrumb\"},\"inLanguage\":\"de\",\"potentialAction\":[{\"@type\":\"ReadAction\",\"target\":[\"https:\/\/ueberlebenskunst.at\/survivalshop\/shop\/fischer-zubehoerset\/\"]}]},{\"@type\":\"ImageObject\",\"inLanguage\":\"de\",\"@id\":\"https:\/\/ueberlebenskunst.at\/survivalshop\/shop\/fischer-zubehoerset\/#primaryimage\",\"url\":\"https:\/\/ueberlebenskunst.at\/survivalshop\/wp-content\/uploads\/2024\/05\/AB00-LM-FHK01_400x400.jpg\",\"contentUrl\":\"https:\/\/ueberlebenskunst.at\/survivalshop\/wp-content\/uploads\/2024\/05\/AB00-LM-FHK01_400x400.jpg\",\"width\":400,\"height\":400},{\"@type\":\"BreadcrumbList\",\"@id\":\"https:\/\/ueberlebenskunst.at\/survivalshop\/shop\/fischer-zubehoerset\/#breadcrumb\",\"itemListElement\":[{\"@type\":\"ListItem\",\"position\":1,\"name\":\"Startseite\",\"item\":\"https:\/\/ueberlebenskunst.at\/survivalshop\/\"},{\"@type\":\"ListItem\",\"position\":2,\"name\":\"Shop\",\"item\":\"https:\/\/ueberlebenskunst.at\/survivalshop\/shop\/\"},{\"@type\":\"ListItem\",\"position\":3,\"name\":\"Survival Angler Mini\u00a0Set\"}]},{\"@type\":\"WebSite\",\"@id\":\"https:\/\/ueberlebenskunst.at\/survivalshop\/#website\",\"url\":\"https:\/\/ueberlebenskunst.at\/survivalshop\/\",\"name\":\"Reini Rossmann - Survival Shop\",\"description\":\"Survival Shop f\u00fcr Survival, Bushcraft und Prepper\",\"potentialAction\":[{\"@type\":\"SearchAction\",\"target\":{\"@type\":\"EntryPoint\",\"urlTemplate\":\"https:\/\/ueberlebenskunst.at\/survivalshop\/?s={search_term_string}\"},\"query-input\":{\"@type\":\"PropertyValueSpecification\",\"valueRequired\":true,\"valueName\":\"search_term_string\"}}],\"inLanguage\":\"de\"}]}<\/script>\n<!-- \/ Yoast SEO plugin. -->","yoast_head_json":{"title":"Survival Angler Mini\u00a0Set","description":"Fischer Zubeh\u00f6rset f\u00fcr Survival und Outdoor: Schnur, Haken, Gewichte, kompakt und leicht f\u00fcr unterwegs","robots":{"index":"index","follow":"follow","max-snippet":"max-snippet:-1","max-image-preview":"max-image-preview:large","max-video-preview":"max-video-preview:-1"},"canonical":"https:\/\/ueberlebenskunst.at\/survivalshop\/shop\/fischer-zubehoerset\/","og_locale":"de_DE","og_type":"article","og_title":"Survival Angler Mini\u00a0Set","og_description":"Fischer Zubeh\u00f6rset f\u00fcr Survival und Outdoor: Schnur, Haken, Gewichte, kompakt und leicht f\u00fcr unterwegs","og_url":"https:\/\/ueberlebenskunst.at\/survivalshop\/shop\/fischer-zubehoerset\/","og_site_name":"Reini Rossmann - Survival Shop","article_publisher":"https:\/\/www.facebook.com\/survival24.org\/","article_modified_time":"2026-03-28T12:12:13+00:00","og_image":[{"width":400,"height":400,"url":"https:\/\/ueberlebenskunst.at\/survivalshop\/wp-content\/uploads\/2024\/05\/AB00-LM-FHK01_400x400.jpg","type":"image\/jpeg"}],"twitter_card":"summary_large_image","twitter_misc":{"Gesch\u00e4tzte Lesezeit":"1\u00a0Minute"},"schema":{"@context":"https:\/\/schema.org","@graph":[{"@type":"WebPage","@id":"https:\/\/ueberlebenskunst.at\/survivalshop\/shop\/fischer-zubehoerset\/","url":"https:\/\/ueberlebenskunst.at\/survivalshop\/shop\/fischer-zubehoerset\/","name":"Survival Angler Mini\u00a0Set","isPartOf":{"@id":"https:\/\/ueberlebenskunst.at\/survivalshop\/#website"},"primaryImageOfPage":{"@id":"https:\/\/ueberlebenskunst.at\/survivalshop\/shop\/fischer-zubehoerset\/#primaryimage"},"image":{"@id":"https:\/\/ueberlebenskunst.at\/survivalshop\/shop\/fischer-zubehoerset\/#primaryimage"},"thumbnailUrl":"https:\/\/ueberlebenskunst.at\/survivalshop\/wp-content\/uploads\/2024\/05\/AB00-LM-FHK01_400x400.jpg","datePublished":"2024-05-29T13:12:20+00:00","dateModified":"2026-03-28T12:12:13+00:00","description":"Fischer Zubeh\u00f6rset f\u00fcr Survival und Outdoor: Schnur, Haken, Gewichte, kompakt und leicht f\u00fcr unterwegs","breadcrumb":{"@id":"https:\/\/ueberlebenskunst.at\/survivalshop\/shop\/fischer-zubehoerset\/#breadcrumb"},"inLanguage":"de","potentialAction":[{"@type":"ReadAction","target":["https:\/\/ueberlebenskunst.at\/survivalshop\/shop\/fischer-zubehoerset\/"]}]},{"@type":"ImageObject","inLanguage":"de","@id":"https:\/\/ueberlebenskunst.at\/survivalshop\/shop\/fischer-zubehoerset\/#primaryimage","url":"https:\/\/ueberlebenskunst.at\/survivalshop\/wp-content\/uploads\/2024\/05\/AB00-LM-FHK01_400x400.jpg","contentUrl":"https:\/\/ueberlebenskunst.at\/survivalshop\/wp-content\/uploads\/2024\/05\/AB00-LM-FHK01_400x400.jpg","width":400,"height":400},{"@type":"BreadcrumbList","@id":"https:\/\/ueberlebenskunst.at\/survivalshop\/shop\/fischer-zubehoerset\/#breadcrumb","itemListElement":[{"@type":"ListItem","position":1,"name":"Startseite","item":"https:\/\/ueberlebenskunst.at\/survivalshop\/"},{"@type":"ListItem","position":2,"name":"Shop","item":"https:\/\/ueberlebenskunst.at\/survivalshop\/shop\/"},{"@type":"ListItem","position":3,"name":"Survival Angler Mini\u00a0Set"}]},{"@type":"WebSite","@id":"https:\/\/ueberlebenskunst.at\/survivalshop\/#website","url":"https:\/\/ueberlebenskunst.at\/survivalshop\/","name":"Reini Rossmann - Survival Shop","description":"Survival Shop f\u00fcr Survival, Bushcraft und Prepper","potentialAction":[{"@type":"SearchAction","target":{"@type":"EntryPoint","urlTemplate":"https:\/\/ueberlebenskunst.at\/survivalshop\/?s={search_term_string}"},"query-input":{"@type":"PropertyValueSpecification","valueRequired":true,"valueName":"search_term_string"}}],"inLanguage":"de"}]}},"_links":{"self":[{"href":"https:\/\/ueberlebenskunst.at\/survivalshop\/wp-json\/wp\/v2\/product\/165329","targetHints":{"allow":["GET"]}}],"collection":[{"href":"https:\/\/ueberlebenskunst.at\/survivalshop\/wp-json\/wp\/v2\/product"}],"about":[{"href":"https:\/\/ueberlebenskunst.at\/survivalshop\/wp-json\/wp\/v2\/types\/product"}],"replies":[{"embeddable":true,"href":"https:\/\/ueberlebenskunst.at\/survivalshop\/wp-json\/wp\/v2\/comments?post=165329"}],"wp:featuredmedia":[{"embeddable":true,"href":"https:\/\/ueberlebenskunst.at\/survivalshop\/wp-json\/wp\/v2\/media\/165330"}],"wp:attachment":[{"href":"https:\/\/ueberlebenskunst.at\/survivalshop\/wp-json\/wp\/v2\/media?parent=165329"}],"wp:term":[{"taxonomy":"product_brand","embeddable":true,"href":"https:\/\/ueberlebenskunst.at\/survivalshop\/wp-json\/wp\/v2\/product_brand?post=165329"},{"taxonomy":"product_cat","embeddable":true,"href":"https:\/\/ueberlebenskunst.at\/survivalshop\/wp-json\/wp\/v2\/product_cat?post=165329"},{"taxonomy":"product_tag","embeddable":true,"href":"https:\/\/ueberlebenskunst.at\/survivalshop\/wp-json\/wp\/v2\/product_tag?post=165329"}],"curies":[{"name":"wp","href":"https:\/\/api.w.org\/{rel}","templated":true}]}}