{"id":153511,"date":"2023-12-04T15:46:21","date_gmt":"2023-12-04T14:46:21","guid":{"rendered":"https:\/\/ueberlebenskunst.at\/survivalshop\/?post_type=product&#038;p=153511"},"modified":"2025-03-14T06:56:53","modified_gmt":"2025-03-14T05:56:53","slug":"cobratec-otf-utility-knife-grey","status":"seo-produkt","type":"product","link":"https:\/\/ueberlebenskunst.at\/survivalshop\/shop\/cobratec-otf-utility-knife-grey\/","title":{"rendered":"CobraTec OTF Utility Knife Grey"},"content":{"rendered":"<p>Das Produkt wird ohne Klinge ausgeliefert, das bedeutet es handelt sich nicht um ein Messer, sondern nur um den Grundk\u00f6rper, der dann entweder mit einem Teppichmesser (Achtung: in Deutschland verboten) oder mit einer <a href=\"https:\/\/ueberlebenskunst.at\/survivalshop\/shop\/ersatz-hakenklinge-fuer-boeker-otf-utility\/\" target=\"_blank\" rel=\"noopener\">Hakenklinge<\/a> verwendet und selbstst\u00e4ndig eingesetzt werden kann.<\/p>\n<h3>Produktdaten:<\/h3>\n<ul>\n<li>Gesamtl\u00e4nge: 13 cm<\/li>\n<li>Gewicht: 91 g<\/li>\n<li>Klingenmaterial: Edelstahl<\/li>\n<li>Griffmaterial: Aluminium<\/li>\n<\/ul>\n<h3>Lieferumfang:<\/h3>\n<ul>\n<li>Grundk\u00f6rper OHNE Klinge<\/li>\n<\/ul>\n","protected":false},"excerpt":{"rendered":"<p>Das Produkt wird ohne Klinge ausgeliefert, das bedeutet es handelt sich nicht um ein Messer, sondern nur um den Grundk\u00f6rper, der dann entweder mit einem Teppichmesser (Achtung: in Deutschland verboten) oder mit einer Hakenklinge verwendet und selbstst\u00e4ndig eingesetzt werden kann. Produktdaten: Gesamtl\u00e4nge: 13 cm Gewicht: 91 g Klingenmaterial: Edelstahl Griffmaterial: Aluminium Lieferumfang: Grundk\u00f6rper OHNE Klinge<\/p>\n","protected":false},"featured_media":179198,"comment_status":"open","ping_status":"closed","template":"","meta":{"_acf_changed":false},"product_brand":[],"product_cat":[426],"product_tag":[2161,1610,1611],"class_list":{"0":"post-153511","1":"product","2":"type-product","3":"status-seo-produkt","4":"has-post-thumbnail","6":"product_cat-unkategorisiert","7":"product_tag-cobratec","8":"product_tag-otf","9":"product_tag-outofthefront","11":"first","12":"outofstock","13":"taxable","14":"shipping-taxable","15":"product-type-simple"},"acf":[],"yoast_head":"<!-- This site is optimized with the Yoast SEO plugin v27.1.1 - https:\/\/yoast.com\/product\/yoast-seo-wordpress\/ -->\n<title>CobraTec OTF Utility Knife Grey<\/title>\n<meta name=\"robots\" content=\"index, follow, max-snippet:-1, max-image-preview:large, max-video-preview:-1\" \/>\n<link rel=\"canonical\" href=\"https:\/\/ueberlebenskunst.at\/survivalshop\/shop\/cobratec-otf-utility-knife-grey\/\" \/>\n<meta property=\"og:locale\" content=\"de_DE\" \/>\n<meta property=\"og:type\" content=\"article\" \/>\n<meta property=\"og:title\" content=\"CobraTec OTF Utility Knife Grey\" \/>\n<meta property=\"og:description\" content=\"Das Produkt wird ohne Klinge ausgeliefert, das bedeutet es handelt sich nicht um ein Messer, sondern nur um den Grundk\u00f6rper, der dann entweder mit einem Teppichmesser (Achtung: in Deutschland verboten) oder mit einer Hakenklinge verwendet und selbstst\u00e4ndig eingesetzt werden kann. Produktdaten: Gesamtl\u00e4nge: 13 cm Gewicht: 91 g Klingenmaterial: Edelstahl Griffmaterial: Aluminium Lieferumfang: Grundk\u00f6rper OHNE Klinge\" \/>\n<meta property=\"og:url\" content=\"https:\/\/ueberlebenskunst.at\/survivalshop\/shop\/cobratec-otf-utility-knife-grey\/\" \/>\n<meta property=\"og:site_name\" content=\"Reini Rossmann - Survival Shop\" \/>\n<meta property=\"article:publisher\" content=\"https:\/\/www.facebook.com\/survival24.org\/\" \/>\n<meta property=\"article:modified_time\" content=\"2025-03-14T05:56:53+00:00\" \/>\n<meta property=\"og:image\" content=\"https:\/\/ueberlebenskunst.at\/survivalshop\/wp-content\/uploads\/2023\/12\/CobraTec_.jpg\" \/>\n\t<meta property=\"og:image:width\" content=\"400\" \/>\n\t<meta property=\"og:image:height\" content=\"400\" \/>\n\t<meta property=\"og:image:type\" content=\"image\/jpeg\" \/>\n<meta name=\"twitter:card\" content=\"summary_large_image\" \/>\n<meta name=\"twitter:label1\" content=\"Gesch\u00e4tzte Lesezeit\" \/>\n\t<meta name=\"twitter:data1\" content=\"1\u00a0Minute\" \/>\n<script type=\"application\/ld+json\" class=\"yoast-schema-graph\">{\"@context\":\"https:\/\/schema.org\",\"@graph\":[{\"@type\":\"WebPage\",\"@id\":\"https:\/\/ueberlebenskunst.at\/survivalshop\/shop\/cobratec-otf-utility-knife-grey\/\",\"url\":\"https:\/\/ueberlebenskunst.at\/survivalshop\/shop\/cobratec-otf-utility-knife-grey\/\",\"name\":\"CobraTec OTF Utility Knife Grey\",\"isPartOf\":{\"@id\":\"https:\/\/ueberlebenskunst.at\/survivalshop\/#website\"},\"primaryImageOfPage\":{\"@id\":\"https:\/\/ueberlebenskunst.at\/survivalshop\/shop\/cobratec-otf-utility-knife-grey\/#primaryimage\"},\"image\":{\"@id\":\"https:\/\/ueberlebenskunst.at\/survivalshop\/shop\/cobratec-otf-utility-knife-grey\/#primaryimage\"},\"thumbnailUrl\":\"https:\/\/ueberlebenskunst.at\/survivalshop\/wp-content\/uploads\/2023\/12\/CobraTec_.jpg\",\"datePublished\":\"2023-12-04T14:46:21+00:00\",\"dateModified\":\"2025-03-14T05:56:53+00:00\",\"breadcrumb\":{\"@id\":\"https:\/\/ueberlebenskunst.at\/survivalshop\/shop\/cobratec-otf-utility-knife-grey\/#breadcrumb\"},\"inLanguage\":\"de\",\"potentialAction\":[{\"@type\":\"ReadAction\",\"target\":[\"https:\/\/ueberlebenskunst.at\/survivalshop\/shop\/cobratec-otf-utility-knife-grey\/\"]}]},{\"@type\":\"ImageObject\",\"inLanguage\":\"de\",\"@id\":\"https:\/\/ueberlebenskunst.at\/survivalshop\/shop\/cobratec-otf-utility-knife-grey\/#primaryimage\",\"url\":\"https:\/\/ueberlebenskunst.at\/survivalshop\/wp-content\/uploads\/2023\/12\/CobraTec_.jpg\",\"contentUrl\":\"https:\/\/ueberlebenskunst.at\/survivalshop\/wp-content\/uploads\/2023\/12\/CobraTec_.jpg\",\"width\":400,\"height\":400},{\"@type\":\"BreadcrumbList\",\"@id\":\"https:\/\/ueberlebenskunst.at\/survivalshop\/shop\/cobratec-otf-utility-knife-grey\/#breadcrumb\",\"itemListElement\":[{\"@type\":\"ListItem\",\"position\":1,\"name\":\"Startseite\",\"item\":\"https:\/\/ueberlebenskunst.at\/survivalshop\/\"},{\"@type\":\"ListItem\",\"position\":2,\"name\":\"Shop\",\"item\":\"https:\/\/ueberlebenskunst.at\/survivalshop\/shop\/\"},{\"@type\":\"ListItem\",\"position\":3,\"name\":\"CobraTec OTF Utility Knife Grey\"}]},{\"@type\":\"WebSite\",\"@id\":\"https:\/\/ueberlebenskunst.at\/survivalshop\/#website\",\"url\":\"https:\/\/ueberlebenskunst.at\/survivalshop\/\",\"name\":\"Reini Rossmann - Survival Shop\",\"description\":\"Survival Shop f\u00fcr Survival, Bushcraft und Prepper\",\"potentialAction\":[{\"@type\":\"SearchAction\",\"target\":{\"@type\":\"EntryPoint\",\"urlTemplate\":\"https:\/\/ueberlebenskunst.at\/survivalshop\/?s={search_term_string}\"},\"query-input\":{\"@type\":\"PropertyValueSpecification\",\"valueRequired\":true,\"valueName\":\"search_term_string\"}}],\"inLanguage\":\"de\"}]}<\/script>\n<!-- \/ Yoast SEO plugin. -->","yoast_head_json":{"title":"CobraTec OTF Utility Knife Grey","robots":{"index":"index","follow":"follow","max-snippet":"max-snippet:-1","max-image-preview":"max-image-preview:large","max-video-preview":"max-video-preview:-1"},"canonical":"https:\/\/ueberlebenskunst.at\/survivalshop\/shop\/cobratec-otf-utility-knife-grey\/","og_locale":"de_DE","og_type":"article","og_title":"CobraTec OTF Utility Knife Grey","og_description":"Das Produkt wird ohne Klinge ausgeliefert, das bedeutet es handelt sich nicht um ein Messer, sondern nur um den Grundk\u00f6rper, der dann entweder mit einem Teppichmesser (Achtung: in Deutschland verboten) oder mit einer Hakenklinge verwendet und selbstst\u00e4ndig eingesetzt werden kann. Produktdaten: Gesamtl\u00e4nge: 13 cm Gewicht: 91 g Klingenmaterial: Edelstahl Griffmaterial: Aluminium Lieferumfang: Grundk\u00f6rper OHNE Klinge","og_url":"https:\/\/ueberlebenskunst.at\/survivalshop\/shop\/cobratec-otf-utility-knife-grey\/","og_site_name":"Reini Rossmann - Survival Shop","article_publisher":"https:\/\/www.facebook.com\/survival24.org\/","article_modified_time":"2025-03-14T05:56:53+00:00","og_image":[{"width":400,"height":400,"url":"https:\/\/ueberlebenskunst.at\/survivalshop\/wp-content\/uploads\/2023\/12\/CobraTec_.jpg","type":"image\/jpeg"}],"twitter_card":"summary_large_image","twitter_misc":{"Gesch\u00e4tzte Lesezeit":"1\u00a0Minute"},"schema":{"@context":"https:\/\/schema.org","@graph":[{"@type":"WebPage","@id":"https:\/\/ueberlebenskunst.at\/survivalshop\/shop\/cobratec-otf-utility-knife-grey\/","url":"https:\/\/ueberlebenskunst.at\/survivalshop\/shop\/cobratec-otf-utility-knife-grey\/","name":"CobraTec OTF Utility Knife Grey","isPartOf":{"@id":"https:\/\/ueberlebenskunst.at\/survivalshop\/#website"},"primaryImageOfPage":{"@id":"https:\/\/ueberlebenskunst.at\/survivalshop\/shop\/cobratec-otf-utility-knife-grey\/#primaryimage"},"image":{"@id":"https:\/\/ueberlebenskunst.at\/survivalshop\/shop\/cobratec-otf-utility-knife-grey\/#primaryimage"},"thumbnailUrl":"https:\/\/ueberlebenskunst.at\/survivalshop\/wp-content\/uploads\/2023\/12\/CobraTec_.jpg","datePublished":"2023-12-04T14:46:21+00:00","dateModified":"2025-03-14T05:56:53+00:00","breadcrumb":{"@id":"https:\/\/ueberlebenskunst.at\/survivalshop\/shop\/cobratec-otf-utility-knife-grey\/#breadcrumb"},"inLanguage":"de","potentialAction":[{"@type":"ReadAction","target":["https:\/\/ueberlebenskunst.at\/survivalshop\/shop\/cobratec-otf-utility-knife-grey\/"]}]},{"@type":"ImageObject","inLanguage":"de","@id":"https:\/\/ueberlebenskunst.at\/survivalshop\/shop\/cobratec-otf-utility-knife-grey\/#primaryimage","url":"https:\/\/ueberlebenskunst.at\/survivalshop\/wp-content\/uploads\/2023\/12\/CobraTec_.jpg","contentUrl":"https:\/\/ueberlebenskunst.at\/survivalshop\/wp-content\/uploads\/2023\/12\/CobraTec_.jpg","width":400,"height":400},{"@type":"BreadcrumbList","@id":"https:\/\/ueberlebenskunst.at\/survivalshop\/shop\/cobratec-otf-utility-knife-grey\/#breadcrumb","itemListElement":[{"@type":"ListItem","position":1,"name":"Startseite","item":"https:\/\/ueberlebenskunst.at\/survivalshop\/"},{"@type":"ListItem","position":2,"name":"Shop","item":"https:\/\/ueberlebenskunst.at\/survivalshop\/shop\/"},{"@type":"ListItem","position":3,"name":"CobraTec OTF Utility Knife Grey"}]},{"@type":"WebSite","@id":"https:\/\/ueberlebenskunst.at\/survivalshop\/#website","url":"https:\/\/ueberlebenskunst.at\/survivalshop\/","name":"Reini Rossmann - Survival Shop","description":"Survival Shop f\u00fcr Survival, Bushcraft und Prepper","potentialAction":[{"@type":"SearchAction","target":{"@type":"EntryPoint","urlTemplate":"https:\/\/ueberlebenskunst.at\/survivalshop\/?s={search_term_string}"},"query-input":{"@type":"PropertyValueSpecification","valueRequired":true,"valueName":"search_term_string"}}],"inLanguage":"de"}]}},"_links":{"self":[{"href":"https:\/\/ueberlebenskunst.at\/survivalshop\/wp-json\/wp\/v2\/product\/153511","targetHints":{"allow":["GET"]}}],"collection":[{"href":"https:\/\/ueberlebenskunst.at\/survivalshop\/wp-json\/wp\/v2\/product"}],"about":[{"href":"https:\/\/ueberlebenskunst.at\/survivalshop\/wp-json\/wp\/v2\/types\/product"}],"replies":[{"embeddable":true,"href":"https:\/\/ueberlebenskunst.at\/survivalshop\/wp-json\/wp\/v2\/comments?post=153511"}],"wp:featuredmedia":[{"embeddable":true,"href":"https:\/\/ueberlebenskunst.at\/survivalshop\/wp-json\/wp\/v2\/media\/179198"}],"wp:attachment":[{"href":"https:\/\/ueberlebenskunst.at\/survivalshop\/wp-json\/wp\/v2\/media?parent=153511"}],"wp:term":[{"taxonomy":"product_brand","embeddable":true,"href":"https:\/\/ueberlebenskunst.at\/survivalshop\/wp-json\/wp\/v2\/product_brand?post=153511"},{"taxonomy":"product_cat","embeddable":true,"href":"https:\/\/ueberlebenskunst.at\/survivalshop\/wp-json\/wp\/v2\/product_cat?post=153511"},{"taxonomy":"product_tag","embeddable":true,"href":"https:\/\/ueberlebenskunst.at\/survivalshop\/wp-json\/wp\/v2\/product_tag?post=153511"}],"curies":[{"name":"wp","href":"https:\/\/api.w.org\/{rel}","templated":true}]}}