{"id":153472,"date":"2023-12-04T14:19:53","date_gmt":"2023-12-04T13:19:53","guid":{"rendered":"https:\/\/ueberlebenskunst.at\/survivalshop\/?post_type=product&#038;p=153472"},"modified":"2025-12-22T06:40:44","modified_gmt":"2025-12-22T05:40:44","slug":"spyderco-civilian","status":"publish","type":"product","link":"https:\/\/ueberlebenskunst.at\/survivalshop\/shop\/spyderco-civilian\/","title":{"rendered":"Spyderco Civilian"},"content":{"rendered":"<p>Das Spyderco Civilian ist ein Messer, das sich durch seine au\u00dfergew\u00f6hnliche Konstruktion und Funktionalit\u00e4t besonders f\u00fcr spezielle, nicht allt\u00e4gliche Schneidarbeiten eignet. Urspr\u00fcnglich f\u00fcr den zivilen Selbstschutz entwickelt, zeichnet es sich durch seine markante, aggressive Klinge mit vollst\u00e4ndigem Wellenschliff aus, der m\u00fchelos durch unterschiedlichste Materialien schneidet. Die Klinge besteht aus hochwertigem VG-10-Stahl, der f\u00fcr seine Schnitthaltigkeit und Korrosionsbest\u00e4ndigkeit bekannt ist.<\/p>\n<p>Besonders hervorzuheben ist der stabile Backlock-Verschluss, der mit einer Aussparung versehen ist und daf\u00fcr sorgt, dass die Klinge auch bei extremem Druck auf den Griff sicher arretiert bleibt. So wird ein ungewolltes Einklappen der Klinge selbst bei intensiver Nutzung vermieden. Der Griff besteht aus schwarzem, griffigem G10-Material, das auch bei N\u00e4sse oder Handschuhen einen sicheren Halt bietet. Mit seiner ergonomischen Form erm\u00f6glicht er pr\u00e4zise Kontrolle und ein komfortables Handling, selbst bei l\u00e4ngeren oder anspruchsvollen Eins\u00e4tzen. Das Civilian ist somit nicht nur ein Werkzeug, sondern ein verl\u00e4sslicher Begleiter f\u00fcr spezielle Aufgaben, bei denen Pr\u00e4zision und Sicherheit im Vordergrund stehen.<\/p>\n<h3>Produktdaten:<\/h3>\n<ul>\n<li>Gesamtl\u00e4nge: 23,3 cm<\/li>\n<li>Klingenl\u00e4nge: 10,5 cm<\/li>\n<li>Gewicht: 134 g<\/li>\n<li>Klingenst\u00e4rke: 3 mm<\/li>\n<li>Klingenmaterial: VG-10<\/li>\n<li>Griffmaterial: G10<\/li>\n<li>Backlock<\/li>\n<\/ul>\n","protected":false},"excerpt":{"rendered":"<p>Das Spyderco Civilian ist ein Messer, das sich durch seine au\u00dfergew\u00f6hnliche Konstruktion und Funktionalit\u00e4t besonders f\u00fcr spezielle, nicht allt\u00e4gliche Schneidarbeiten eignet. Urspr\u00fcnglich f\u00fcr den zivilen Selbstschutz entwickelt, zeichnet es sich durch seine markante, aggressive Klinge mit vollst\u00e4ndigem Wellenschliff aus, der m\u00fchelos durch unterschiedlichste Materialien schneidet. Die Klinge besteht aus hochwertigem VG-10-Stahl, der f\u00fcr seine Schnitthaltigkeit [&hellip;]<\/p>\n","protected":false},"featured_media":153474,"comment_status":"open","ping_status":"closed","template":"","meta":{"_acf_changed":false},"product_brand":[],"product_cat":[1805],"product_tag":[336],"class_list":{"0":"post-153472","1":"product","2":"type-product","3":"status-publish","4":"has-post-thumbnail","6":"product_cat-messer-messer-tools","7":"product_tag-spyderco","9":"first","10":"instock","11":"taxable","12":"shipping-taxable","13":"purchasable","14":"product-type-simple"},"acf":[],"yoast_head":"<!-- This site is optimized with the Yoast SEO plugin v27.1.1 - https:\/\/yoast.com\/product\/yoast-seo-wordpress\/ -->\n<title>Spyderco Civilian - Reini Rossmann - Survival Shop<\/title>\n<meta name=\"robots\" content=\"index, follow, max-snippet:-1, max-image-preview:large, max-video-preview:-1\" \/>\n<link rel=\"canonical\" href=\"https:\/\/ueberlebenskunst.at\/survivalshop\/shop\/spyderco-civilian\/\" \/>\n<meta property=\"og:locale\" content=\"de_DE\" \/>\n<meta property=\"og:type\" content=\"article\" \/>\n<meta property=\"og:title\" content=\"Spyderco Civilian - Reini Rossmann - Survival Shop\" \/>\n<meta property=\"og:description\" content=\"Das Spyderco Civilian ist ein Messer, das sich durch seine au\u00dfergew\u00f6hnliche Konstruktion und Funktionalit\u00e4t besonders f\u00fcr spezielle, nicht allt\u00e4gliche Schneidarbeiten eignet. Urspr\u00fcnglich f\u00fcr den zivilen Selbstschutz entwickelt, zeichnet es sich durch seine markante, aggressive Klinge mit vollst\u00e4ndigem Wellenschliff aus, der m\u00fchelos durch unterschiedlichste Materialien schneidet. Die Klinge besteht aus hochwertigem VG-10-Stahl, der f\u00fcr seine Schnitthaltigkeit [&hellip;]\" \/>\n<meta property=\"og:url\" content=\"https:\/\/ueberlebenskunst.at\/survivalshop\/shop\/spyderco-civilian\/\" \/>\n<meta property=\"og:site_name\" content=\"Reini Rossmann - Survival Shop\" \/>\n<meta property=\"article:publisher\" content=\"https:\/\/www.facebook.com\/survival24.org\/\" \/>\n<meta property=\"article:modified_time\" content=\"2025-12-22T05:40:44+00:00\" \/>\n<meta property=\"og:image\" content=\"https:\/\/ueberlebenskunst.at\/survivalshop\/wp-content\/uploads\/2023\/12\/Spyderco-Civilian.jpg\" \/>\n\t<meta property=\"og:image:width\" content=\"400\" \/>\n\t<meta property=\"og:image:height\" content=\"387\" \/>\n\t<meta property=\"og:image:type\" content=\"image\/jpeg\" \/>\n<meta name=\"twitter:card\" content=\"summary_large_image\" \/>\n<meta name=\"twitter:label1\" content=\"Gesch\u00e4tzte Lesezeit\" \/>\n\t<meta name=\"twitter:data1\" content=\"2\u00a0Minuten\" \/>\n<script type=\"application\/ld+json\" class=\"yoast-schema-graph\">{\"@context\":\"https:\/\/schema.org\",\"@graph\":[{\"@type\":\"WebPage\",\"@id\":\"https:\/\/ueberlebenskunst.at\/survivalshop\/shop\/spyderco-civilian\/\",\"url\":\"https:\/\/ueberlebenskunst.at\/survivalshop\/shop\/spyderco-civilian\/\",\"name\":\"Spyderco Civilian - Reini Rossmann - Survival Shop\",\"isPartOf\":{\"@id\":\"https:\/\/ueberlebenskunst.at\/survivalshop\/#website\"},\"primaryImageOfPage\":{\"@id\":\"https:\/\/ueberlebenskunst.at\/survivalshop\/shop\/spyderco-civilian\/#primaryimage\"},\"image\":{\"@id\":\"https:\/\/ueberlebenskunst.at\/survivalshop\/shop\/spyderco-civilian\/#primaryimage\"},\"thumbnailUrl\":\"https:\/\/ueberlebenskunst.at\/survivalshop\/wp-content\/uploads\/2023\/12\/Spyderco-Civilian.jpg\",\"datePublished\":\"2023-12-04T13:19:53+00:00\",\"dateModified\":\"2025-12-22T05:40:44+00:00\",\"breadcrumb\":{\"@id\":\"https:\/\/ueberlebenskunst.at\/survivalshop\/shop\/spyderco-civilian\/#breadcrumb\"},\"inLanguage\":\"de\",\"potentialAction\":[{\"@type\":\"ReadAction\",\"target\":[\"https:\/\/ueberlebenskunst.at\/survivalshop\/shop\/spyderco-civilian\/\"]}]},{\"@type\":\"ImageObject\",\"inLanguage\":\"de\",\"@id\":\"https:\/\/ueberlebenskunst.at\/survivalshop\/shop\/spyderco-civilian\/#primaryimage\",\"url\":\"https:\/\/ueberlebenskunst.at\/survivalshop\/wp-content\/uploads\/2023\/12\/Spyderco-Civilian.jpg\",\"contentUrl\":\"https:\/\/ueberlebenskunst.at\/survivalshop\/wp-content\/uploads\/2023\/12\/Spyderco-Civilian.jpg\",\"width\":400,\"height\":387},{\"@type\":\"BreadcrumbList\",\"@id\":\"https:\/\/ueberlebenskunst.at\/survivalshop\/shop\/spyderco-civilian\/#breadcrumb\",\"itemListElement\":[{\"@type\":\"ListItem\",\"position\":1,\"name\":\"Startseite\",\"item\":\"https:\/\/ueberlebenskunst.at\/survivalshop\/\"},{\"@type\":\"ListItem\",\"position\":2,\"name\":\"Shop\",\"item\":\"https:\/\/ueberlebenskunst.at\/survivalshop\/shop\/\"},{\"@type\":\"ListItem\",\"position\":3,\"name\":\"Spyderco Civilian\"}]},{\"@type\":\"WebSite\",\"@id\":\"https:\/\/ueberlebenskunst.at\/survivalshop\/#website\",\"url\":\"https:\/\/ueberlebenskunst.at\/survivalshop\/\",\"name\":\"Reini Rossmann - Survival Shop\",\"description\":\"Survival Shop f\u00fcr Survival, Bushcraft und Prepper\",\"potentialAction\":[{\"@type\":\"SearchAction\",\"target\":{\"@type\":\"EntryPoint\",\"urlTemplate\":\"https:\/\/ueberlebenskunst.at\/survivalshop\/?s={search_term_string}\"},\"query-input\":{\"@type\":\"PropertyValueSpecification\",\"valueRequired\":true,\"valueName\":\"search_term_string\"}}],\"inLanguage\":\"de\"}]}<\/script>\n<!-- \/ Yoast SEO plugin. -->","yoast_head_json":{"title":"Spyderco Civilian - Reini Rossmann - Survival Shop","robots":{"index":"index","follow":"follow","max-snippet":"max-snippet:-1","max-image-preview":"max-image-preview:large","max-video-preview":"max-video-preview:-1"},"canonical":"https:\/\/ueberlebenskunst.at\/survivalshop\/shop\/spyderco-civilian\/","og_locale":"de_DE","og_type":"article","og_title":"Spyderco Civilian - Reini Rossmann - Survival Shop","og_description":"Das Spyderco Civilian ist ein Messer, das sich durch seine au\u00dfergew\u00f6hnliche Konstruktion und Funktionalit\u00e4t besonders f\u00fcr spezielle, nicht allt\u00e4gliche Schneidarbeiten eignet. Urspr\u00fcnglich f\u00fcr den zivilen Selbstschutz entwickelt, zeichnet es sich durch seine markante, aggressive Klinge mit vollst\u00e4ndigem Wellenschliff aus, der m\u00fchelos durch unterschiedlichste Materialien schneidet. Die Klinge besteht aus hochwertigem VG-10-Stahl, der f\u00fcr seine Schnitthaltigkeit [&hellip;]","og_url":"https:\/\/ueberlebenskunst.at\/survivalshop\/shop\/spyderco-civilian\/","og_site_name":"Reini Rossmann - Survival Shop","article_publisher":"https:\/\/www.facebook.com\/survival24.org\/","article_modified_time":"2025-12-22T05:40:44+00:00","og_image":[{"width":400,"height":387,"url":"https:\/\/ueberlebenskunst.at\/survivalshop\/wp-content\/uploads\/2023\/12\/Spyderco-Civilian.jpg","type":"image\/jpeg"}],"twitter_card":"summary_large_image","twitter_misc":{"Gesch\u00e4tzte Lesezeit":"2\u00a0Minuten"},"schema":{"@context":"https:\/\/schema.org","@graph":[{"@type":"WebPage","@id":"https:\/\/ueberlebenskunst.at\/survivalshop\/shop\/spyderco-civilian\/","url":"https:\/\/ueberlebenskunst.at\/survivalshop\/shop\/spyderco-civilian\/","name":"Spyderco Civilian - Reini Rossmann - Survival Shop","isPartOf":{"@id":"https:\/\/ueberlebenskunst.at\/survivalshop\/#website"},"primaryImageOfPage":{"@id":"https:\/\/ueberlebenskunst.at\/survivalshop\/shop\/spyderco-civilian\/#primaryimage"},"image":{"@id":"https:\/\/ueberlebenskunst.at\/survivalshop\/shop\/spyderco-civilian\/#primaryimage"},"thumbnailUrl":"https:\/\/ueberlebenskunst.at\/survivalshop\/wp-content\/uploads\/2023\/12\/Spyderco-Civilian.jpg","datePublished":"2023-12-04T13:19:53+00:00","dateModified":"2025-12-22T05:40:44+00:00","breadcrumb":{"@id":"https:\/\/ueberlebenskunst.at\/survivalshop\/shop\/spyderco-civilian\/#breadcrumb"},"inLanguage":"de","potentialAction":[{"@type":"ReadAction","target":["https:\/\/ueberlebenskunst.at\/survivalshop\/shop\/spyderco-civilian\/"]}]},{"@type":"ImageObject","inLanguage":"de","@id":"https:\/\/ueberlebenskunst.at\/survivalshop\/shop\/spyderco-civilian\/#primaryimage","url":"https:\/\/ueberlebenskunst.at\/survivalshop\/wp-content\/uploads\/2023\/12\/Spyderco-Civilian.jpg","contentUrl":"https:\/\/ueberlebenskunst.at\/survivalshop\/wp-content\/uploads\/2023\/12\/Spyderco-Civilian.jpg","width":400,"height":387},{"@type":"BreadcrumbList","@id":"https:\/\/ueberlebenskunst.at\/survivalshop\/shop\/spyderco-civilian\/#breadcrumb","itemListElement":[{"@type":"ListItem","position":1,"name":"Startseite","item":"https:\/\/ueberlebenskunst.at\/survivalshop\/"},{"@type":"ListItem","position":2,"name":"Shop","item":"https:\/\/ueberlebenskunst.at\/survivalshop\/shop\/"},{"@type":"ListItem","position":3,"name":"Spyderco Civilian"}]},{"@type":"WebSite","@id":"https:\/\/ueberlebenskunst.at\/survivalshop\/#website","url":"https:\/\/ueberlebenskunst.at\/survivalshop\/","name":"Reini Rossmann - Survival Shop","description":"Survival Shop f\u00fcr Survival, Bushcraft und Prepper","potentialAction":[{"@type":"SearchAction","target":{"@type":"EntryPoint","urlTemplate":"https:\/\/ueberlebenskunst.at\/survivalshop\/?s={search_term_string}"},"query-input":{"@type":"PropertyValueSpecification","valueRequired":true,"valueName":"search_term_string"}}],"inLanguage":"de"}]}},"_links":{"self":[{"href":"https:\/\/ueberlebenskunst.at\/survivalshop\/wp-json\/wp\/v2\/product\/153472","targetHints":{"allow":["GET"]}}],"collection":[{"href":"https:\/\/ueberlebenskunst.at\/survivalshop\/wp-json\/wp\/v2\/product"}],"about":[{"href":"https:\/\/ueberlebenskunst.at\/survivalshop\/wp-json\/wp\/v2\/types\/product"}],"replies":[{"embeddable":true,"href":"https:\/\/ueberlebenskunst.at\/survivalshop\/wp-json\/wp\/v2\/comments?post=153472"}],"wp:featuredmedia":[{"embeddable":true,"href":"https:\/\/ueberlebenskunst.at\/survivalshop\/wp-json\/wp\/v2\/media\/153474"}],"wp:attachment":[{"href":"https:\/\/ueberlebenskunst.at\/survivalshop\/wp-json\/wp\/v2\/media?parent=153472"}],"wp:term":[{"taxonomy":"product_brand","embeddable":true,"href":"https:\/\/ueberlebenskunst.at\/survivalshop\/wp-json\/wp\/v2\/product_brand?post=153472"},{"taxonomy":"product_cat","embeddable":true,"href":"https:\/\/ueberlebenskunst.at\/survivalshop\/wp-json\/wp\/v2\/product_cat?post=153472"},{"taxonomy":"product_tag","embeddable":true,"href":"https:\/\/ueberlebenskunst.at\/survivalshop\/wp-json\/wp\/v2\/product_tag?post=153472"}],"curies":[{"name":"wp","href":"https:\/\/api.w.org\/{rel}","templated":true}]}}