{"id":147917,"date":"2023-10-24T14:11:39","date_gmt":"2023-10-24T12:11:39","guid":{"rendered":"https:\/\/ueberlebenskunst.at\/survivalshop\/?post_type=product&#038;p=147917"},"modified":"2026-04-20T01:16:16","modified_gmt":"2026-04-19T23:16:16","slug":"5stk-lenyard-beads","status":"publish","type":"product","link":"https:\/\/ueberlebenskunst.at\/survivalshop\/shop\/5stk-lenyard-beads\/","title":{"rendered":"Lenyard Beads 5 Stk."},"content":{"rendered":"<p>Legst du deine Ausr\u00fcstungsgegest\u00e4nde auch gerne einmal am Boden auf Laub, Gras oder einem anderen Untergrund ab, wo sie sich schwer erkennen lassen? Hast du auch schon das eine oder andere Mal l\u00e4nger nach etwas gesucht? Vor allem im Herbst im Laub oder bei schlechter Witterung kann das schon einmal passieren.<\/p>\n<p>Wir haben f\u00fcr dich eine L\u00f6sung. Erweitere deine Ausr\u00fcstung wie z. B. dein Messer mit unseren farbigen 5 Stk. Lenyard Beads, made in Austria in der Reini Rossmann Werkstatt, damit du sie schneller und einfach erkennen kannst.<\/p>\n<p>Unsere Glow in the Dark Edition bringt dir diesen Vorteil sogar nachts! Nur wenig Licht am Tag f\u00fchrt dazu, dass die Lenyard Beads nachts lange leuchten. Schau gleich nach welche Produkte wir noch in <a href=\"https:\/\/ueberlebenskunst.at\/survivalshop\/produkt-schlagwort\/glow-in-the-dark\/\" target=\"_blank\" rel=\"noopener\">Glow in the dark<\/a> anbieten.<\/p>\n<h3>Vorteil unserer Lenyard Beads :<\/h3>\n<p>Unsere Lenyard Beads\u00a0 haben einen Innendurchmesser von 7 mm und k\u00f6nnen somit ganz einfach auf handels\u00fcbliche Paracords oder elastischen Cords aufgef\u00e4delt werden. So machen wir das auch bei unserem <a href=\"https:\/\/ueberlebenskunst.at\/survivalshop\/shop\/der-letzte-feuerstahl-deines-lebens\/\">letzten Feuerstahl deines Lebens<\/a>.<\/p>\n<h3>Abmessungen:<\/h3>\n<p>Au\u00dfendurchmesser: 12 mm<br \/>\nInnendurchmesser: 7 mm<br \/>\nL\u00e4nge: 18 mm<br \/>\nGewicht: 2 g pro Bead<\/p>\n<h3>Erh\u00e4ltlich in folgenden Farben:<\/h3>\n<ul>\n<li>Signalgelb<\/li>\n<li>Orange<\/li>\n<li>Military Green<\/li>\n<li>Wei\u00df<\/li>\n<li>Schwarz<\/li>\n<li><a href=\"https:\/\/ueberlebenskunst.at\/survivalshop\/produkt-schlagwort\/glow-in-the-dark\/\" target=\"_blank\" rel=\"noopener\">Glow in the Dark<\/a><\/li>\n<\/ul>\n<h3>Lieferumfang:<\/h3>\n<p>Je 5 Stk. Lenyard Beads von der selben Farbe. Lenyard oder andere abgebildete Gegenst\u00e4nde sind nicht enthalten.<\/p>\n<h3>Bedienungs- &amp; Pflegeanleitung:<\/h3>\n<ul>\n<li>Die Reinigung der TPU Halterung mit Wasser und Seife ist m\u00f6glich.<\/li>\n<li>Du solltest die Steckscheide nicht direkt in die N\u00e4he von Feuer oder anderen Hitzequellen legen!<\/li>\n<li>Wird deine Steckscheide \u00fcber l\u00e4ngere Zeit sehr kalten Temperaturen unter 0 \u00b0C ausgesetzt, solltest du in dem Moment darauf achten, dass keine starken Belastungen darauf einwirken.<\/li>\n<\/ul>\n<p>Unsere Produkte sind nicht f\u00fcr Kinder unter 3 Jahren geeignet. Es besteht Verschluckungsgefahr.<\/p>\n<p><a href=\"https:\/\/ueberlebenskunst.at\/survivalshop\/wp-content\/uploads\/2021\/11\/Logo_Kinder.png\"><img decoding=\"async\" class=\"alignnone size-medium wp-image-179571\" src=\"https:\/\/ueberlebenskunst.at\/survivalshop\/wp-content\/uploads\/2021\/11\/Logo_Kinder-300x126.png\" alt=\"\" width=\"300\" height=\"126\" srcset=\"https:\/\/ueberlebenskunst.at\/survivalshop\/wp-content\/uploads\/2021\/11\/Logo_Kinder-300x126.png 300w, https:\/\/ueberlebenskunst.at\/survivalshop\/wp-content\/uploads\/2021\/11\/Logo_Kinder-64x27.png 64w, https:\/\/ueberlebenskunst.at\/survivalshop\/wp-content\/uploads\/2021\/11\/Logo_Kinder.png 401w\" sizes=\"(max-width: 300px) 100vw, 300px\" \/><\/a><\/p>\n","protected":false},"excerpt":{"rendered":"<p>Legst du deine Ausr\u00fcstungsgegest\u00e4nde auch gerne einmal am Boden auf Laub, Gras oder einem anderen Untergrund ab, wo sie sich schwer erkennen lassen? Hast du auch schon das eine oder andere Mal l\u00e4nger nach etwas gesucht? Vor allem im Herbst im Laub oder bei schlechter Witterung kann das schon einmal passieren. Wir haben f\u00fcr dich [&hellip;]<\/p>\n","protected":false},"featured_media":150314,"comment_status":"open","ping_status":"closed","template":"","meta":{"_acf_changed":false},"product_brand":[],"product_cat":[1790,1945],"product_tag":[2415,2135],"class_list":{"0":"post-147917","1":"product","2":"type-product","3":"status-publish","4":"has-post-thumbnail","6":"product_cat-knives-4","7":"product_cat-survivalausruestung","8":"product_tag-beads","9":"product_tag-glow-in-the-dark","10":"pa_farbe-gelb","11":"pa_farbe-glow-in-the-dark","12":"pa_farbe-military-green","13":"pa_farbe-orange","14":"pa_farbe-schwarz","15":"pa_farbe-weiss","17":"first","18":"instock","19":"taxable","20":"shipping-taxable","21":"purchasable","22":"product-type-variable","23":"has-default-attributes"},"acf":[],"yoast_head":"<!-- This site is optimized with the Yoast SEO plugin v27.1.1 - https:\/\/yoast.com\/product\/yoast-seo-wordpress\/ -->\n<title>Lenyard Beads 5 Stk. - Reini Rossmann - Survival Shop<\/title>\n<meta name=\"robots\" content=\"index, follow, max-snippet:-1, max-image-preview:large, max-video-preview:-1\" \/>\n<link rel=\"canonical\" href=\"https:\/\/ueberlebenskunst.at\/survivalshop\/shop\/5stk-lenyard-beads\/\" \/>\n<meta property=\"og:locale\" content=\"de_DE\" \/>\n<meta property=\"og:type\" content=\"article\" \/>\n<meta property=\"og:title\" content=\"Lenyard Beads 5 Stk. - Reini Rossmann - Survival Shop\" \/>\n<meta property=\"og:description\" content=\"Legst du deine Ausr\u00fcstungsgegest\u00e4nde auch gerne einmal am Boden auf Laub, Gras oder einem anderen Untergrund ab, wo sie sich schwer erkennen lassen? Hast du auch schon das eine oder andere Mal l\u00e4nger nach etwas gesucht? Vor allem im Herbst im Laub oder bei schlechter Witterung kann das schon einmal passieren. Wir haben f\u00fcr dich [&hellip;]\" \/>\n<meta property=\"og:url\" content=\"https:\/\/ueberlebenskunst.at\/survivalshop\/shop\/5stk-lenyard-beads\/\" \/>\n<meta property=\"og:site_name\" content=\"Reini Rossmann - Survival Shop\" \/>\n<meta property=\"article:publisher\" content=\"https:\/\/www.facebook.com\/survival24.org\/\" \/>\n<meta property=\"article:modified_time\" content=\"2026-04-19T23:16:16+00:00\" \/>\n<meta property=\"og:image\" content=\"https:\/\/ueberlebenskunst.at\/survivalshop\/wp-content\/uploads\/2023\/10\/Lenyard_Bead\u00b4s_Farben__sk.jpg\" \/>\n\t<meta property=\"og:image:width\" content=\"400\" \/>\n\t<meta property=\"og:image:height\" content=\"400\" \/>\n\t<meta property=\"og:image:type\" content=\"image\/jpeg\" \/>\n<meta name=\"twitter:card\" content=\"summary_large_image\" \/>\n<meta name=\"twitter:label1\" content=\"Gesch\u00e4tzte Lesezeit\" \/>\n\t<meta name=\"twitter:data1\" content=\"2\u00a0Minuten\" \/>\n<script type=\"application\/ld+json\" class=\"yoast-schema-graph\">{\"@context\":\"https:\/\/schema.org\",\"@graph\":[{\"@type\":\"WebPage\",\"@id\":\"https:\/\/ueberlebenskunst.at\/survivalshop\/shop\/5stk-lenyard-beads\/\",\"url\":\"https:\/\/ueberlebenskunst.at\/survivalshop\/shop\/5stk-lenyard-beads\/\",\"name\":\"Lenyard Beads 5 Stk. - Reini Rossmann - Survival Shop\",\"isPartOf\":{\"@id\":\"https:\/\/ueberlebenskunst.at\/survivalshop\/#website\"},\"primaryImageOfPage\":{\"@id\":\"https:\/\/ueberlebenskunst.at\/survivalshop\/shop\/5stk-lenyard-beads\/#primaryimage\"},\"image\":{\"@id\":\"https:\/\/ueberlebenskunst.at\/survivalshop\/shop\/5stk-lenyard-beads\/#primaryimage\"},\"thumbnailUrl\":\"https:\/\/ueberlebenskunst.at\/survivalshop\/wp-content\/uploads\/2023\/10\/Lenyard_Bead\u00b4s_Farben__sk.jpg\",\"datePublished\":\"2023-10-24T12:11:39+00:00\",\"dateModified\":\"2026-04-19T23:16:16+00:00\",\"breadcrumb\":{\"@id\":\"https:\/\/ueberlebenskunst.at\/survivalshop\/shop\/5stk-lenyard-beads\/#breadcrumb\"},\"inLanguage\":\"de\",\"potentialAction\":[{\"@type\":\"ReadAction\",\"target\":[\"https:\/\/ueberlebenskunst.at\/survivalshop\/shop\/5stk-lenyard-beads\/\"]}]},{\"@type\":\"ImageObject\",\"inLanguage\":\"de\",\"@id\":\"https:\/\/ueberlebenskunst.at\/survivalshop\/shop\/5stk-lenyard-beads\/#primaryimage\",\"url\":\"https:\/\/ueberlebenskunst.at\/survivalshop\/wp-content\/uploads\/2023\/10\/Lenyard_Bead\u00b4s_Farben__sk.jpg\",\"contentUrl\":\"https:\/\/ueberlebenskunst.at\/survivalshop\/wp-content\/uploads\/2023\/10\/Lenyard_Bead\u00b4s_Farben__sk.jpg\",\"width\":400,\"height\":400},{\"@type\":\"BreadcrumbList\",\"@id\":\"https:\/\/ueberlebenskunst.at\/survivalshop\/shop\/5stk-lenyard-beads\/#breadcrumb\",\"itemListElement\":[{\"@type\":\"ListItem\",\"position\":1,\"name\":\"Startseite\",\"item\":\"https:\/\/ueberlebenskunst.at\/survivalshop\/\"},{\"@type\":\"ListItem\",\"position\":2,\"name\":\"Shop\",\"item\":\"https:\/\/ueberlebenskunst.at\/survivalshop\/shop\/\"},{\"@type\":\"ListItem\",\"position\":3,\"name\":\"Lenyard Beads 5 Stk.\"}]},{\"@type\":\"WebSite\",\"@id\":\"https:\/\/ueberlebenskunst.at\/survivalshop\/#website\",\"url\":\"https:\/\/ueberlebenskunst.at\/survivalshop\/\",\"name\":\"Reini Rossmann - Survival Shop\",\"description\":\"Survival Shop f\u00fcr Survival, Bushcraft und Prepper\",\"potentialAction\":[{\"@type\":\"SearchAction\",\"target\":{\"@type\":\"EntryPoint\",\"urlTemplate\":\"https:\/\/ueberlebenskunst.at\/survivalshop\/?s={search_term_string}\"},\"query-input\":{\"@type\":\"PropertyValueSpecification\",\"valueRequired\":true,\"valueName\":\"search_term_string\"}}],\"inLanguage\":\"de\"}]}<\/script>\n<!-- \/ Yoast SEO plugin. -->","yoast_head_json":{"title":"Lenyard Beads 5 Stk. - Reini Rossmann - Survival Shop","robots":{"index":"index","follow":"follow","max-snippet":"max-snippet:-1","max-image-preview":"max-image-preview:large","max-video-preview":"max-video-preview:-1"},"canonical":"https:\/\/ueberlebenskunst.at\/survivalshop\/shop\/5stk-lenyard-beads\/","og_locale":"de_DE","og_type":"article","og_title":"Lenyard Beads 5 Stk. - Reini Rossmann - Survival Shop","og_description":"Legst du deine Ausr\u00fcstungsgegest\u00e4nde auch gerne einmal am Boden auf Laub, Gras oder einem anderen Untergrund ab, wo sie sich schwer erkennen lassen? Hast du auch schon das eine oder andere Mal l\u00e4nger nach etwas gesucht? Vor allem im Herbst im Laub oder bei schlechter Witterung kann das schon einmal passieren. Wir haben f\u00fcr dich [&hellip;]","og_url":"https:\/\/ueberlebenskunst.at\/survivalshop\/shop\/5stk-lenyard-beads\/","og_site_name":"Reini Rossmann - Survival Shop","article_publisher":"https:\/\/www.facebook.com\/survival24.org\/","article_modified_time":"2026-04-19T23:16:16+00:00","og_image":[{"width":400,"height":400,"url":"https:\/\/ueberlebenskunst.at\/survivalshop\/wp-content\/uploads\/2023\/10\/Lenyard_Bead\u00b4s_Farben__sk.jpg","type":"image\/jpeg"}],"twitter_card":"summary_large_image","twitter_misc":{"Gesch\u00e4tzte Lesezeit":"2\u00a0Minuten"},"schema":{"@context":"https:\/\/schema.org","@graph":[{"@type":"WebPage","@id":"https:\/\/ueberlebenskunst.at\/survivalshop\/shop\/5stk-lenyard-beads\/","url":"https:\/\/ueberlebenskunst.at\/survivalshop\/shop\/5stk-lenyard-beads\/","name":"Lenyard Beads 5 Stk. - Reini Rossmann - Survival Shop","isPartOf":{"@id":"https:\/\/ueberlebenskunst.at\/survivalshop\/#website"},"primaryImageOfPage":{"@id":"https:\/\/ueberlebenskunst.at\/survivalshop\/shop\/5stk-lenyard-beads\/#primaryimage"},"image":{"@id":"https:\/\/ueberlebenskunst.at\/survivalshop\/shop\/5stk-lenyard-beads\/#primaryimage"},"thumbnailUrl":"https:\/\/ueberlebenskunst.at\/survivalshop\/wp-content\/uploads\/2023\/10\/Lenyard_Bead\u00b4s_Farben__sk.jpg","datePublished":"2023-10-24T12:11:39+00:00","dateModified":"2026-04-19T23:16:16+00:00","breadcrumb":{"@id":"https:\/\/ueberlebenskunst.at\/survivalshop\/shop\/5stk-lenyard-beads\/#breadcrumb"},"inLanguage":"de","potentialAction":[{"@type":"ReadAction","target":["https:\/\/ueberlebenskunst.at\/survivalshop\/shop\/5stk-lenyard-beads\/"]}]},{"@type":"ImageObject","inLanguage":"de","@id":"https:\/\/ueberlebenskunst.at\/survivalshop\/shop\/5stk-lenyard-beads\/#primaryimage","url":"https:\/\/ueberlebenskunst.at\/survivalshop\/wp-content\/uploads\/2023\/10\/Lenyard_Bead\u00b4s_Farben__sk.jpg","contentUrl":"https:\/\/ueberlebenskunst.at\/survivalshop\/wp-content\/uploads\/2023\/10\/Lenyard_Bead\u00b4s_Farben__sk.jpg","width":400,"height":400},{"@type":"BreadcrumbList","@id":"https:\/\/ueberlebenskunst.at\/survivalshop\/shop\/5stk-lenyard-beads\/#breadcrumb","itemListElement":[{"@type":"ListItem","position":1,"name":"Startseite","item":"https:\/\/ueberlebenskunst.at\/survivalshop\/"},{"@type":"ListItem","position":2,"name":"Shop","item":"https:\/\/ueberlebenskunst.at\/survivalshop\/shop\/"},{"@type":"ListItem","position":3,"name":"Lenyard Beads 5 Stk."}]},{"@type":"WebSite","@id":"https:\/\/ueberlebenskunst.at\/survivalshop\/#website","url":"https:\/\/ueberlebenskunst.at\/survivalshop\/","name":"Reini Rossmann - Survival Shop","description":"Survival Shop f\u00fcr Survival, Bushcraft und Prepper","potentialAction":[{"@type":"SearchAction","target":{"@type":"EntryPoint","urlTemplate":"https:\/\/ueberlebenskunst.at\/survivalshop\/?s={search_term_string}"},"query-input":{"@type":"PropertyValueSpecification","valueRequired":true,"valueName":"search_term_string"}}],"inLanguage":"de"}]}},"_links":{"self":[{"href":"https:\/\/ueberlebenskunst.at\/survivalshop\/wp-json\/wp\/v2\/product\/147917","targetHints":{"allow":["GET"]}}],"collection":[{"href":"https:\/\/ueberlebenskunst.at\/survivalshop\/wp-json\/wp\/v2\/product"}],"about":[{"href":"https:\/\/ueberlebenskunst.at\/survivalshop\/wp-json\/wp\/v2\/types\/product"}],"replies":[{"embeddable":true,"href":"https:\/\/ueberlebenskunst.at\/survivalshop\/wp-json\/wp\/v2\/comments?post=147917"}],"wp:featuredmedia":[{"embeddable":true,"href":"https:\/\/ueberlebenskunst.at\/survivalshop\/wp-json\/wp\/v2\/media\/150314"}],"wp:attachment":[{"href":"https:\/\/ueberlebenskunst.at\/survivalshop\/wp-json\/wp\/v2\/media?parent=147917"}],"wp:term":[{"taxonomy":"product_brand","embeddable":true,"href":"https:\/\/ueberlebenskunst.at\/survivalshop\/wp-json\/wp\/v2\/product_brand?post=147917"},{"taxonomy":"product_cat","embeddable":true,"href":"https:\/\/ueberlebenskunst.at\/survivalshop\/wp-json\/wp\/v2\/product_cat?post=147917"},{"taxonomy":"product_tag","embeddable":true,"href":"https:\/\/ueberlebenskunst.at\/survivalshop\/wp-json\/wp\/v2\/product_tag?post=147917"}],"curies":[{"name":"wp","href":"https:\/\/api.w.org\/{rel}","templated":true}]}}