{"id":141397,"date":"2023-08-22T14:10:51","date_gmt":"2023-08-22T12:10:51","guid":{"rendered":"https:\/\/ueberlebenskunst.at\/survivalshop\/?post_type=product&#038;p=141397"},"modified":"2025-08-25T11:12:07","modified_gmt":"2025-08-25T09:12:07","slug":"surefire-stiletto-pro","status":"seo-produkt","type":"product","link":"https:\/\/ueberlebenskunst.at\/survivalshop\/shop\/surefire-stiletto-pro\/","title":{"rendered":"SureFire Stiletto Pro"},"content":{"rendered":"<p>Die kompakte SureFire Stiletto Pro stellt eine schlanke taktische Taschenlampe dar, die \u00fcber drei verschiedene Leuchtstufen (1000\/300\/25 Lumen) verf\u00fcgt und eine maximale Reichweite von etwa 142 Metern aufweist. Mithilfe des eigens von SureFire entwickelten MaxVision Beam Reflektors wird ein gleichm\u00e4\u00dfiger und optimierter Lichtstrahl erzeugt. Die Aktivierung der verschiedenen Funktionen erfolgt \u00fcber die Schalter auf der Oberseite des wasserdichten Geh\u00e4uses gem\u00e4\u00df IPX7.<\/p>\n<p>Dank des praktischen Micro-USB-Anschlusses ist das Aufladen des integrierten Akkus unkompliziert m\u00f6glich, ohne dass ein separates Ladeger\u00e4t erforderlich ist. Zudem bietet die in das Geh\u00e4use integrierte Kapazit\u00e4tsanzeige eine klare \u00dcbersicht \u00fcber den aktuellen Ladestand. Die SureFire Stiletto Pro kann bei maximaler Leistung etwa 60 Minuten lang betrieben werden. Ein umsetzbarer und strapazierf\u00e4higer Clip erg\u00e4nzt die praktischen Eigenschaften dieser Taschenlampe.<\/p>\n<h3>Produktdaten:<\/h3>\n<ul>\n<li>Gesamtl\u00e4nge: 11,4 cm<\/li>\n<li>Gewicht: 113 g<\/li>\n<li>Lumen: 1000<\/li>\n<li>Integrierter Akku<\/li>\n<li>Material: Aluminium<\/li>\n<\/ul>\n","protected":false},"excerpt":{"rendered":"<p>Die kompakte SureFire Stiletto Pro stellt eine schlanke taktische Taschenlampe dar, die \u00fcber drei verschiedene Leuchtstufen (1000\/300\/25 Lumen) verf\u00fcgt und eine maximale Reichweite von etwa 142 Metern aufweist. Mithilfe des eigens von SureFire entwickelten MaxVision Beam Reflektors wird ein gleichm\u00e4\u00dfiger und optimierter Lichtstrahl erzeugt. Die Aktivierung der verschiedenen Funktionen erfolgt \u00fcber die Schalter auf der [&hellip;]<\/p>\n","protected":false},"featured_media":141400,"comment_status":"open","ping_status":"closed","template":"","meta":{"_acf_changed":false},"product_brand":[],"product_cat":[1101],"product_tag":[676,750],"class_list":{"0":"post-141397","1":"product","2":"type-product","3":"status-seo-produkt","4":"has-post-thumbnail","6":"product_cat-ausruestung","7":"product_tag-surefire","8":"product_tag-taschenlampe","10":"first","11":"outofstock","12":"taxable","13":"shipping-taxable","14":"product-type-simple"},"acf":[],"yoast_head":"<!-- This site is optimized with the Yoast SEO plugin v27.1.1 - https:\/\/yoast.com\/product\/yoast-seo-wordpress\/ -->\n<title>SureFire Stiletto Pro - Reini Rossmann - Survival Shop<\/title>\n<meta name=\"robots\" content=\"index, follow, max-snippet:-1, max-image-preview:large, max-video-preview:-1\" \/>\n<link rel=\"canonical\" href=\"https:\/\/ueberlebenskunst.at\/survivalshop\/shop\/surefire-stiletto-pro\/\" \/>\n<meta property=\"og:locale\" content=\"de_DE\" \/>\n<meta property=\"og:type\" content=\"article\" \/>\n<meta property=\"og:title\" content=\"SureFire Stiletto Pro - Reini Rossmann - Survival Shop\" \/>\n<meta property=\"og:description\" content=\"Die kompakte SureFire Stiletto Pro stellt eine schlanke taktische Taschenlampe dar, die \u00fcber drei verschiedene Leuchtstufen (1000\/300\/25 Lumen) verf\u00fcgt und eine maximale Reichweite von etwa 142 Metern aufweist. Mithilfe des eigens von SureFire entwickelten MaxVision Beam Reflektors wird ein gleichm\u00e4\u00dfiger und optimierter Lichtstrahl erzeugt. Die Aktivierung der verschiedenen Funktionen erfolgt \u00fcber die Schalter auf der [&hellip;]\" \/>\n<meta property=\"og:url\" content=\"https:\/\/ueberlebenskunst.at\/survivalshop\/shop\/surefire-stiletto-pro\/\" \/>\n<meta property=\"og:site_name\" content=\"Reini Rossmann - Survival Shop\" \/>\n<meta property=\"article:publisher\" content=\"https:\/\/www.facebook.com\/survival24.org\/\" \/>\n<meta property=\"article:modified_time\" content=\"2025-08-25T09:12:07+00:00\" \/>\n<meta property=\"og:image\" content=\"https:\/\/ueberlebenskunst.at\/survivalshop\/wp-content\/uploads\/2023\/08\/SureFire-Stiletto-Pro.jpg\" \/>\n\t<meta property=\"og:image:width\" content=\"400\" \/>\n\t<meta property=\"og:image:height\" content=\"398\" \/>\n\t<meta property=\"og:image:type\" content=\"image\/jpeg\" \/>\n<meta name=\"twitter:card\" content=\"summary_large_image\" \/>\n<meta name=\"twitter:label1\" content=\"Gesch\u00e4tzte Lesezeit\" \/>\n\t<meta name=\"twitter:data1\" content=\"1\u00a0Minute\" \/>\n<script type=\"application\/ld+json\" class=\"yoast-schema-graph\">{\"@context\":\"https:\/\/schema.org\",\"@graph\":[{\"@type\":\"WebPage\",\"@id\":\"https:\/\/ueberlebenskunst.at\/survivalshop\/shop\/surefire-stiletto-pro\/\",\"url\":\"https:\/\/ueberlebenskunst.at\/survivalshop\/shop\/surefire-stiletto-pro\/\",\"name\":\"SureFire Stiletto Pro - Reini Rossmann - Survival Shop\",\"isPartOf\":{\"@id\":\"https:\/\/ueberlebenskunst.at\/survivalshop\/#website\"},\"primaryImageOfPage\":{\"@id\":\"https:\/\/ueberlebenskunst.at\/survivalshop\/shop\/surefire-stiletto-pro\/#primaryimage\"},\"image\":{\"@id\":\"https:\/\/ueberlebenskunst.at\/survivalshop\/shop\/surefire-stiletto-pro\/#primaryimage\"},\"thumbnailUrl\":\"https:\/\/ueberlebenskunst.at\/survivalshop\/wp-content\/uploads\/2023\/08\/SureFire-Stiletto-Pro.jpg\",\"datePublished\":\"2023-08-22T12:10:51+00:00\",\"dateModified\":\"2025-08-25T09:12:07+00:00\",\"breadcrumb\":{\"@id\":\"https:\/\/ueberlebenskunst.at\/survivalshop\/shop\/surefire-stiletto-pro\/#breadcrumb\"},\"inLanguage\":\"de\",\"potentialAction\":[{\"@type\":\"ReadAction\",\"target\":[\"https:\/\/ueberlebenskunst.at\/survivalshop\/shop\/surefire-stiletto-pro\/\"]}]},{\"@type\":\"ImageObject\",\"inLanguage\":\"de\",\"@id\":\"https:\/\/ueberlebenskunst.at\/survivalshop\/shop\/surefire-stiletto-pro\/#primaryimage\",\"url\":\"https:\/\/ueberlebenskunst.at\/survivalshop\/wp-content\/uploads\/2023\/08\/SureFire-Stiletto-Pro.jpg\",\"contentUrl\":\"https:\/\/ueberlebenskunst.at\/survivalshop\/wp-content\/uploads\/2023\/08\/SureFire-Stiletto-Pro.jpg\",\"width\":400,\"height\":398},{\"@type\":\"BreadcrumbList\",\"@id\":\"https:\/\/ueberlebenskunst.at\/survivalshop\/shop\/surefire-stiletto-pro\/#breadcrumb\",\"itemListElement\":[{\"@type\":\"ListItem\",\"position\":1,\"name\":\"Startseite\",\"item\":\"https:\/\/ueberlebenskunst.at\/survivalshop\/\"},{\"@type\":\"ListItem\",\"position\":2,\"name\":\"Shop\",\"item\":\"https:\/\/ueberlebenskunst.at\/survivalshop\/shop\/\"},{\"@type\":\"ListItem\",\"position\":3,\"name\":\"SureFire Stiletto Pro\"}]},{\"@type\":\"WebSite\",\"@id\":\"https:\/\/ueberlebenskunst.at\/survivalshop\/#website\",\"url\":\"https:\/\/ueberlebenskunst.at\/survivalshop\/\",\"name\":\"Reini Rossmann - Survival Shop\",\"description\":\"Survival Shop f\u00fcr Survival, Bushcraft und Prepper\",\"potentialAction\":[{\"@type\":\"SearchAction\",\"target\":{\"@type\":\"EntryPoint\",\"urlTemplate\":\"https:\/\/ueberlebenskunst.at\/survivalshop\/?s={search_term_string}\"},\"query-input\":{\"@type\":\"PropertyValueSpecification\",\"valueRequired\":true,\"valueName\":\"search_term_string\"}}],\"inLanguage\":\"de\"}]}<\/script>\n<!-- \/ Yoast SEO plugin. -->","yoast_head_json":{"title":"SureFire Stiletto Pro - Reini Rossmann - Survival Shop","robots":{"index":"index","follow":"follow","max-snippet":"max-snippet:-1","max-image-preview":"max-image-preview:large","max-video-preview":"max-video-preview:-1"},"canonical":"https:\/\/ueberlebenskunst.at\/survivalshop\/shop\/surefire-stiletto-pro\/","og_locale":"de_DE","og_type":"article","og_title":"SureFire Stiletto Pro - Reini Rossmann - Survival Shop","og_description":"Die kompakte SureFire Stiletto Pro stellt eine schlanke taktische Taschenlampe dar, die \u00fcber drei verschiedene Leuchtstufen (1000\/300\/25 Lumen) verf\u00fcgt und eine maximale Reichweite von etwa 142 Metern aufweist. Mithilfe des eigens von SureFire entwickelten MaxVision Beam Reflektors wird ein gleichm\u00e4\u00dfiger und optimierter Lichtstrahl erzeugt. Die Aktivierung der verschiedenen Funktionen erfolgt \u00fcber die Schalter auf der [&hellip;]","og_url":"https:\/\/ueberlebenskunst.at\/survivalshop\/shop\/surefire-stiletto-pro\/","og_site_name":"Reini Rossmann - Survival Shop","article_publisher":"https:\/\/www.facebook.com\/survival24.org\/","article_modified_time":"2025-08-25T09:12:07+00:00","og_image":[{"width":400,"height":398,"url":"https:\/\/ueberlebenskunst.at\/survivalshop\/wp-content\/uploads\/2023\/08\/SureFire-Stiletto-Pro.jpg","type":"image\/jpeg"}],"twitter_card":"summary_large_image","twitter_misc":{"Gesch\u00e4tzte Lesezeit":"1\u00a0Minute"},"schema":{"@context":"https:\/\/schema.org","@graph":[{"@type":"WebPage","@id":"https:\/\/ueberlebenskunst.at\/survivalshop\/shop\/surefire-stiletto-pro\/","url":"https:\/\/ueberlebenskunst.at\/survivalshop\/shop\/surefire-stiletto-pro\/","name":"SureFire Stiletto Pro - Reini Rossmann - Survival Shop","isPartOf":{"@id":"https:\/\/ueberlebenskunst.at\/survivalshop\/#website"},"primaryImageOfPage":{"@id":"https:\/\/ueberlebenskunst.at\/survivalshop\/shop\/surefire-stiletto-pro\/#primaryimage"},"image":{"@id":"https:\/\/ueberlebenskunst.at\/survivalshop\/shop\/surefire-stiletto-pro\/#primaryimage"},"thumbnailUrl":"https:\/\/ueberlebenskunst.at\/survivalshop\/wp-content\/uploads\/2023\/08\/SureFire-Stiletto-Pro.jpg","datePublished":"2023-08-22T12:10:51+00:00","dateModified":"2025-08-25T09:12:07+00:00","breadcrumb":{"@id":"https:\/\/ueberlebenskunst.at\/survivalshop\/shop\/surefire-stiletto-pro\/#breadcrumb"},"inLanguage":"de","potentialAction":[{"@type":"ReadAction","target":["https:\/\/ueberlebenskunst.at\/survivalshop\/shop\/surefire-stiletto-pro\/"]}]},{"@type":"ImageObject","inLanguage":"de","@id":"https:\/\/ueberlebenskunst.at\/survivalshop\/shop\/surefire-stiletto-pro\/#primaryimage","url":"https:\/\/ueberlebenskunst.at\/survivalshop\/wp-content\/uploads\/2023\/08\/SureFire-Stiletto-Pro.jpg","contentUrl":"https:\/\/ueberlebenskunst.at\/survivalshop\/wp-content\/uploads\/2023\/08\/SureFire-Stiletto-Pro.jpg","width":400,"height":398},{"@type":"BreadcrumbList","@id":"https:\/\/ueberlebenskunst.at\/survivalshop\/shop\/surefire-stiletto-pro\/#breadcrumb","itemListElement":[{"@type":"ListItem","position":1,"name":"Startseite","item":"https:\/\/ueberlebenskunst.at\/survivalshop\/"},{"@type":"ListItem","position":2,"name":"Shop","item":"https:\/\/ueberlebenskunst.at\/survivalshop\/shop\/"},{"@type":"ListItem","position":3,"name":"SureFire Stiletto Pro"}]},{"@type":"WebSite","@id":"https:\/\/ueberlebenskunst.at\/survivalshop\/#website","url":"https:\/\/ueberlebenskunst.at\/survivalshop\/","name":"Reini Rossmann - Survival Shop","description":"Survival Shop f\u00fcr Survival, Bushcraft und Prepper","potentialAction":[{"@type":"SearchAction","target":{"@type":"EntryPoint","urlTemplate":"https:\/\/ueberlebenskunst.at\/survivalshop\/?s={search_term_string}"},"query-input":{"@type":"PropertyValueSpecification","valueRequired":true,"valueName":"search_term_string"}}],"inLanguage":"de"}]}},"_links":{"self":[{"href":"https:\/\/ueberlebenskunst.at\/survivalshop\/wp-json\/wp\/v2\/product\/141397","targetHints":{"allow":["GET"]}}],"collection":[{"href":"https:\/\/ueberlebenskunst.at\/survivalshop\/wp-json\/wp\/v2\/product"}],"about":[{"href":"https:\/\/ueberlebenskunst.at\/survivalshop\/wp-json\/wp\/v2\/types\/product"}],"replies":[{"embeddable":true,"href":"https:\/\/ueberlebenskunst.at\/survivalshop\/wp-json\/wp\/v2\/comments?post=141397"}],"wp:featuredmedia":[{"embeddable":true,"href":"https:\/\/ueberlebenskunst.at\/survivalshop\/wp-json\/wp\/v2\/media\/141400"}],"wp:attachment":[{"href":"https:\/\/ueberlebenskunst.at\/survivalshop\/wp-json\/wp\/v2\/media?parent=141397"}],"wp:term":[{"taxonomy":"product_brand","embeddable":true,"href":"https:\/\/ueberlebenskunst.at\/survivalshop\/wp-json\/wp\/v2\/product_brand?post=141397"},{"taxonomy":"product_cat","embeddable":true,"href":"https:\/\/ueberlebenskunst.at\/survivalshop\/wp-json\/wp\/v2\/product_cat?post=141397"},{"taxonomy":"product_tag","embeddable":true,"href":"https:\/\/ueberlebenskunst.at\/survivalshop\/wp-json\/wp\/v2\/product_tag?post=141397"}],"curies":[{"name":"wp","href":"https:\/\/api.w.org\/{rel}","templated":true}]}}