{"id":137453,"date":"2023-06-29T06:07:35","date_gmt":"2023-06-29T04:07:35","guid":{"rendered":"https:\/\/ueberlebenskunst.at\/survivalshop\/?post_type=product&#038;p=137453"},"modified":"2024-03-11T07:36:55","modified_gmt":"2024-03-11T06:36:55","slug":"fx-airguns-wireless-chronograph-pocket-mk2","status":"seo-produkt","type":"product","link":"https:\/\/ueberlebenskunst.at\/survivalshop\/shop\/fx-airguns-wireless-chronograph-pocket-mk2\/","title":{"rendered":"FX Airguns Wireless Chronograph Pocket MK2"},"content":{"rendered":"<p>Eine ganz neue \u00c4ra f\u00fcr Bogen Sch\u00fctzen, Luftgewehr- Sch\u00fctzen, pr\u00e4zise und zuverl\u00e4ssige Geschwindigkeitsmessung per Radar! FX Airguns ist stets auf der Suche nach M\u00f6glichkeiten, die Geschoss Geschwindigkeitsmessung zu revolutionieren und zu verbessern. Das Ultrakompakte FX Pocket Radar Chronograph ist leicht zu bedienen, extrem pr\u00e4zise, vollkommen zuverl\u00e4ssig.<\/p>\n<p>Ein kabelloser Radar-Chronograph, ist mit zahlreichen Funktionen ausgestattet ist. Der Pocket Chronograph kommuniziert \u00fcber Bluetooth mit dem Smartphone. Die kostenlose (englischsprachige) App (sowohl f\u00fcr iOS als auch f\u00fcr Android verf\u00fcgbar) zeigt die Geschossgeschwindigkeit an, speichert eine exportierbare Schussfolge und listet sogar die M\u00fcndungsenergie auf (entweder in ft-lbs oder Joule). Der Anwender kann sehr einfach selbst Profile f\u00fcr verschiedene Gewehre, Kaliber, Diabolotypen, Bolzen oder Pfeile speichern, sodass sich der Pocket Chronograph problemlos f\u00fcr alle Anforderungen verwenden l\u00e4sst. Das Pocket Chronograph ist nicht nur f\u00fcr den Einsatz mit leistungsstarken Luftgewehren geeignet. Jedes Projektil, das sich unter 394 m\/s (1300 FPS) bewegt, kann genau gemessen werden. Der FX Pocket Chronograph ist perfekt f\u00fcr Bogenschie\u00dfen, CO2 Gewehre und Pistolen, Airsoft, Slingshot, Paintball und mehr geeignet. Da der FX Pocket Chronograph mit Radartechnologie arbeitet, funktioniert er bei jeder Witterung, auch bei Dunkelheit. Es wird keine externen Lichtquellen ben\u00f6tigt!<\/p>\n<h3>Technische Daten:<\/h3>\n<ul>\n<li>Gr\u00f6\u00dfe: 72 x 70 x 42 mm<\/li>\n<li>Gewicht: 133 g<\/li>\n<li>Bluetooth<\/li>\n<li>Intelligente App: iOS und Android<\/li>\n<li>Geschwindigkeitsbereich: &lt;335 m\/s (1099 fps)<\/li>\n<li>Stromquelle: 3 x AAA-Batterien (nicht im Lieferumfang enthalten)<\/li>\n<\/ul>\n","protected":false},"excerpt":{"rendered":"<p>Eine ganz neue \u00c4ra f\u00fcr Bogen Sch\u00fctzen, Luftgewehr- Sch\u00fctzen, pr\u00e4zise und zuverl\u00e4ssige Geschwindigkeitsmessung per Radar! FX Airguns ist stets auf der Suche nach M\u00f6glichkeiten, die Geschoss Geschwindigkeitsmessung zu revolutionieren und zu verbessern. Das Ultrakompakte FX Pocket Radar Chronograph ist leicht zu bedienen, extrem pr\u00e4zise, vollkommen zuverl\u00e4ssig. Ein kabelloser Radar-Chronograph, ist mit zahlreichen Funktionen ausgestattet ist. [&hellip;]<\/p>\n","protected":false},"featured_media":137454,"comment_status":"open","ping_status":"closed","template":"","meta":{"_acf_changed":false},"product_brand":[],"product_cat":[426],"product_tag":[],"class_list":{"0":"post-137453","1":"product","2":"type-product","3":"status-seo-produkt","4":"has-post-thumbnail","6":"product_cat-unkategorisiert","8":"first","9":"outofstock","10":"taxable","11":"shipping-taxable","12":"product-type-simple"},"acf":[],"yoast_head":"<!-- This site is optimized with the Yoast SEO plugin v27.1.1 - https:\/\/yoast.com\/product\/yoast-seo-wordpress\/ -->\n<title>FX Airguns Wireless Chronograph Pocket MK2 - Reini Rossmann - Survival Shop<\/title>\n<meta name=\"robots\" content=\"index, follow, max-snippet:-1, max-image-preview:large, max-video-preview:-1\" \/>\n<link rel=\"canonical\" href=\"https:\/\/ueberlebenskunst.at\/survivalshop\/shop\/fx-airguns-wireless-chronograph-pocket-mk2\/\" \/>\n<meta property=\"og:locale\" content=\"de_DE\" \/>\n<meta property=\"og:type\" content=\"article\" \/>\n<meta property=\"og:title\" content=\"FX Airguns Wireless Chronograph Pocket MK2 - Reini Rossmann - Survival Shop\" \/>\n<meta property=\"og:description\" content=\"Eine ganz neue \u00c4ra f\u00fcr Bogen Sch\u00fctzen, Luftgewehr- Sch\u00fctzen, pr\u00e4zise und zuverl\u00e4ssige Geschwindigkeitsmessung per Radar! FX Airguns ist stets auf der Suche nach M\u00f6glichkeiten, die Geschoss Geschwindigkeitsmessung zu revolutionieren und zu verbessern. Das Ultrakompakte FX Pocket Radar Chronograph ist leicht zu bedienen, extrem pr\u00e4zise, vollkommen zuverl\u00e4ssig. Ein kabelloser Radar-Chronograph, ist mit zahlreichen Funktionen ausgestattet ist. [&hellip;]\" \/>\n<meta property=\"og:url\" content=\"https:\/\/ueberlebenskunst.at\/survivalshop\/shop\/fx-airguns-wireless-chronograph-pocket-mk2\/\" \/>\n<meta property=\"og:site_name\" content=\"Reini Rossmann - Survival Shop\" \/>\n<meta property=\"article:publisher\" content=\"https:\/\/www.facebook.com\/survival24.org\/\" \/>\n<meta property=\"article:modified_time\" content=\"2024-03-11T06:36:55+00:00\" \/>\n<meta property=\"og:image\" content=\"https:\/\/ueberlebenskunst.at\/survivalshop\/wp-content\/uploads\/2023\/06\/WirelessChronograph.jpg\" \/>\n\t<meta property=\"og:image:width\" content=\"400\" \/>\n\t<meta property=\"og:image:height\" content=\"418\" \/>\n\t<meta property=\"og:image:type\" content=\"image\/jpeg\" \/>\n<meta name=\"twitter:card\" content=\"summary_large_image\" \/>\n<meta name=\"twitter:label1\" content=\"Gesch\u00e4tzte Lesezeit\" \/>\n\t<meta name=\"twitter:data1\" content=\"2\u00a0Minuten\" \/>\n<script type=\"application\/ld+json\" class=\"yoast-schema-graph\">{\"@context\":\"https:\/\/schema.org\",\"@graph\":[{\"@type\":\"WebPage\",\"@id\":\"https:\/\/ueberlebenskunst.at\/survivalshop\/shop\/fx-airguns-wireless-chronograph-pocket-mk2\/\",\"url\":\"https:\/\/ueberlebenskunst.at\/survivalshop\/shop\/fx-airguns-wireless-chronograph-pocket-mk2\/\",\"name\":\"FX Airguns Wireless Chronograph Pocket MK2 - Reini Rossmann - Survival Shop\",\"isPartOf\":{\"@id\":\"https:\/\/ueberlebenskunst.at\/survivalshop\/#website\"},\"primaryImageOfPage\":{\"@id\":\"https:\/\/ueberlebenskunst.at\/survivalshop\/shop\/fx-airguns-wireless-chronograph-pocket-mk2\/#primaryimage\"},\"image\":{\"@id\":\"https:\/\/ueberlebenskunst.at\/survivalshop\/shop\/fx-airguns-wireless-chronograph-pocket-mk2\/#primaryimage\"},\"thumbnailUrl\":\"https:\/\/ueberlebenskunst.at\/survivalshop\/wp-content\/uploads\/2023\/06\/WirelessChronograph.jpg\",\"datePublished\":\"2023-06-29T04:07:35+00:00\",\"dateModified\":\"2024-03-11T06:36:55+00:00\",\"breadcrumb\":{\"@id\":\"https:\/\/ueberlebenskunst.at\/survivalshop\/shop\/fx-airguns-wireless-chronograph-pocket-mk2\/#breadcrumb\"},\"inLanguage\":\"de\",\"potentialAction\":[{\"@type\":\"ReadAction\",\"target\":[\"https:\/\/ueberlebenskunst.at\/survivalshop\/shop\/fx-airguns-wireless-chronograph-pocket-mk2\/\"]}]},{\"@type\":\"ImageObject\",\"inLanguage\":\"de\",\"@id\":\"https:\/\/ueberlebenskunst.at\/survivalshop\/shop\/fx-airguns-wireless-chronograph-pocket-mk2\/#primaryimage\",\"url\":\"https:\/\/ueberlebenskunst.at\/survivalshop\/wp-content\/uploads\/2023\/06\/WirelessChronograph.jpg\",\"contentUrl\":\"https:\/\/ueberlebenskunst.at\/survivalshop\/wp-content\/uploads\/2023\/06\/WirelessChronograph.jpg\",\"width\":400,\"height\":418},{\"@type\":\"BreadcrumbList\",\"@id\":\"https:\/\/ueberlebenskunst.at\/survivalshop\/shop\/fx-airguns-wireless-chronograph-pocket-mk2\/#breadcrumb\",\"itemListElement\":[{\"@type\":\"ListItem\",\"position\":1,\"name\":\"Startseite\",\"item\":\"https:\/\/ueberlebenskunst.at\/survivalshop\/\"},{\"@type\":\"ListItem\",\"position\":2,\"name\":\"Shop\",\"item\":\"https:\/\/ueberlebenskunst.at\/survivalshop\/shop\/\"},{\"@type\":\"ListItem\",\"position\":3,\"name\":\"FX Airguns Wireless Chronograph Pocket MK2\"}]},{\"@type\":\"WebSite\",\"@id\":\"https:\/\/ueberlebenskunst.at\/survivalshop\/#website\",\"url\":\"https:\/\/ueberlebenskunst.at\/survivalshop\/\",\"name\":\"Reini Rossmann - Survival Shop\",\"description\":\"Survival Shop f\u00fcr Survival, Bushcraft und Prepper\",\"potentialAction\":[{\"@type\":\"SearchAction\",\"target\":{\"@type\":\"EntryPoint\",\"urlTemplate\":\"https:\/\/ueberlebenskunst.at\/survivalshop\/?s={search_term_string}\"},\"query-input\":{\"@type\":\"PropertyValueSpecification\",\"valueRequired\":true,\"valueName\":\"search_term_string\"}}],\"inLanguage\":\"de\"}]}<\/script>\n<!-- \/ Yoast SEO plugin. -->","yoast_head_json":{"title":"FX Airguns Wireless Chronograph Pocket MK2 - Reini Rossmann - Survival Shop","robots":{"index":"index","follow":"follow","max-snippet":"max-snippet:-1","max-image-preview":"max-image-preview:large","max-video-preview":"max-video-preview:-1"},"canonical":"https:\/\/ueberlebenskunst.at\/survivalshop\/shop\/fx-airguns-wireless-chronograph-pocket-mk2\/","og_locale":"de_DE","og_type":"article","og_title":"FX Airguns Wireless Chronograph Pocket MK2 - Reini Rossmann - Survival Shop","og_description":"Eine ganz neue \u00c4ra f\u00fcr Bogen Sch\u00fctzen, Luftgewehr- Sch\u00fctzen, pr\u00e4zise und zuverl\u00e4ssige Geschwindigkeitsmessung per Radar! FX Airguns ist stets auf der Suche nach M\u00f6glichkeiten, die Geschoss Geschwindigkeitsmessung zu revolutionieren und zu verbessern. Das Ultrakompakte FX Pocket Radar Chronograph ist leicht zu bedienen, extrem pr\u00e4zise, vollkommen zuverl\u00e4ssig. Ein kabelloser Radar-Chronograph, ist mit zahlreichen Funktionen ausgestattet ist. [&hellip;]","og_url":"https:\/\/ueberlebenskunst.at\/survivalshop\/shop\/fx-airguns-wireless-chronograph-pocket-mk2\/","og_site_name":"Reini Rossmann - Survival Shop","article_publisher":"https:\/\/www.facebook.com\/survival24.org\/","article_modified_time":"2024-03-11T06:36:55+00:00","og_image":[{"width":400,"height":418,"url":"https:\/\/ueberlebenskunst.at\/survivalshop\/wp-content\/uploads\/2023\/06\/WirelessChronograph.jpg","type":"image\/jpeg"}],"twitter_card":"summary_large_image","twitter_misc":{"Gesch\u00e4tzte Lesezeit":"2\u00a0Minuten"},"schema":{"@context":"https:\/\/schema.org","@graph":[{"@type":"WebPage","@id":"https:\/\/ueberlebenskunst.at\/survivalshop\/shop\/fx-airguns-wireless-chronograph-pocket-mk2\/","url":"https:\/\/ueberlebenskunst.at\/survivalshop\/shop\/fx-airguns-wireless-chronograph-pocket-mk2\/","name":"FX Airguns Wireless Chronograph Pocket MK2 - Reini Rossmann - Survival Shop","isPartOf":{"@id":"https:\/\/ueberlebenskunst.at\/survivalshop\/#website"},"primaryImageOfPage":{"@id":"https:\/\/ueberlebenskunst.at\/survivalshop\/shop\/fx-airguns-wireless-chronograph-pocket-mk2\/#primaryimage"},"image":{"@id":"https:\/\/ueberlebenskunst.at\/survivalshop\/shop\/fx-airguns-wireless-chronograph-pocket-mk2\/#primaryimage"},"thumbnailUrl":"https:\/\/ueberlebenskunst.at\/survivalshop\/wp-content\/uploads\/2023\/06\/WirelessChronograph.jpg","datePublished":"2023-06-29T04:07:35+00:00","dateModified":"2024-03-11T06:36:55+00:00","breadcrumb":{"@id":"https:\/\/ueberlebenskunst.at\/survivalshop\/shop\/fx-airguns-wireless-chronograph-pocket-mk2\/#breadcrumb"},"inLanguage":"de","potentialAction":[{"@type":"ReadAction","target":["https:\/\/ueberlebenskunst.at\/survivalshop\/shop\/fx-airguns-wireless-chronograph-pocket-mk2\/"]}]},{"@type":"ImageObject","inLanguage":"de","@id":"https:\/\/ueberlebenskunst.at\/survivalshop\/shop\/fx-airguns-wireless-chronograph-pocket-mk2\/#primaryimage","url":"https:\/\/ueberlebenskunst.at\/survivalshop\/wp-content\/uploads\/2023\/06\/WirelessChronograph.jpg","contentUrl":"https:\/\/ueberlebenskunst.at\/survivalshop\/wp-content\/uploads\/2023\/06\/WirelessChronograph.jpg","width":400,"height":418},{"@type":"BreadcrumbList","@id":"https:\/\/ueberlebenskunst.at\/survivalshop\/shop\/fx-airguns-wireless-chronograph-pocket-mk2\/#breadcrumb","itemListElement":[{"@type":"ListItem","position":1,"name":"Startseite","item":"https:\/\/ueberlebenskunst.at\/survivalshop\/"},{"@type":"ListItem","position":2,"name":"Shop","item":"https:\/\/ueberlebenskunst.at\/survivalshop\/shop\/"},{"@type":"ListItem","position":3,"name":"FX Airguns Wireless Chronograph Pocket MK2"}]},{"@type":"WebSite","@id":"https:\/\/ueberlebenskunst.at\/survivalshop\/#website","url":"https:\/\/ueberlebenskunst.at\/survivalshop\/","name":"Reini Rossmann - Survival Shop","description":"Survival Shop f\u00fcr Survival, Bushcraft und Prepper","potentialAction":[{"@type":"SearchAction","target":{"@type":"EntryPoint","urlTemplate":"https:\/\/ueberlebenskunst.at\/survivalshop\/?s={search_term_string}"},"query-input":{"@type":"PropertyValueSpecification","valueRequired":true,"valueName":"search_term_string"}}],"inLanguage":"de"}]}},"_links":{"self":[{"href":"https:\/\/ueberlebenskunst.at\/survivalshop\/wp-json\/wp\/v2\/product\/137453","targetHints":{"allow":["GET"]}}],"collection":[{"href":"https:\/\/ueberlebenskunst.at\/survivalshop\/wp-json\/wp\/v2\/product"}],"about":[{"href":"https:\/\/ueberlebenskunst.at\/survivalshop\/wp-json\/wp\/v2\/types\/product"}],"replies":[{"embeddable":true,"href":"https:\/\/ueberlebenskunst.at\/survivalshop\/wp-json\/wp\/v2\/comments?post=137453"}],"wp:featuredmedia":[{"embeddable":true,"href":"https:\/\/ueberlebenskunst.at\/survivalshop\/wp-json\/wp\/v2\/media\/137454"}],"wp:attachment":[{"href":"https:\/\/ueberlebenskunst.at\/survivalshop\/wp-json\/wp\/v2\/media?parent=137453"}],"wp:term":[{"taxonomy":"product_brand","embeddable":true,"href":"https:\/\/ueberlebenskunst.at\/survivalshop\/wp-json\/wp\/v2\/product_brand?post=137453"},{"taxonomy":"product_cat","embeddable":true,"href":"https:\/\/ueberlebenskunst.at\/survivalshop\/wp-json\/wp\/v2\/product_cat?post=137453"},{"taxonomy":"product_tag","embeddable":true,"href":"https:\/\/ueberlebenskunst.at\/survivalshop\/wp-json\/wp\/v2\/product_tag?post=137453"}],"curies":[{"name":"wp","href":"https:\/\/api.w.org\/{rel}","templated":true}]}}