{"id":13678,"date":"2020-01-05T09:22:08","date_gmt":"2020-01-05T07:22:08","guid":{"rendered":"https:\/\/ueberlebenskunst.at\/survivalshop\/survivalshop\/?post_type=product&#038;p=13678"},"modified":"2024-03-21T08:08:25","modified_gmt":"2024-03-21T07:08:25","slug":"tt-mesh-pouch-vl-set","status":"seo-produkt","type":"product","link":"https:\/\/ueberlebenskunst.at\/survivalshop\/shop\/tt-mesh-pouch-vl-set\/","title":{"rendered":"TT MESH POUCH VL SET"},"content":{"rendered":"<p>[ezplayer id=&#8221;9a9a6609dbb536d3435565973a4fac01e9d7600f&#8221; ]<\/p>\n<p>Das 3er Set an wertig verarbeiteten Klett-Pouches. Wahlweise in den modularen Rucksack-Systemen von Tasmanian Tiger wie zum Beispiel dem <a href=\"https:\/\/ueberlebenskunst.at\/survivalshop\/shop\/tt-modular-pack-30-einsatzrucksack\/\" target=\"_blank\" rel=\"noopener noreferrer\">TT Modular Pack 30<\/a> oder dem <a href=\"https:\/\/ueberlebenskunst.at\/survivalshop\/shop\/tasmanian-tiger-tt-city-daypack-20\/\" target=\"_blank\" rel=\"noopener noreferrer\">TT City Daypack 20<\/a>. Oder Du l\u00e4sst die Klettfl\u00e4che an der R\u00fcckseite und kannst die Mesh Pouches als &#8220;normale&#8221; Taschen einsetzen.<\/p>\n<figure id=\"attachment_13683\" aria-describedby=\"caption-attachment-13683\" style=\"width: 429px\" class=\"wp-caption alignnone\"><a href=\"https:\/\/ueberlebenskunst.at\/survivalshop\/survivalshop\/wp-content\/uploads\/2020\/01\/TT-MESH-POUCH-VL-SET-Hinten.jpg\" target=\"_blank\" rel=\"noopener noreferrer\"><img decoding=\"async\" class=\"wp-image-13683\" src=\"https:\/\/ueberlebenskunst.at\/survivalshop\/survivalshop\/wp-content\/uploads\/2020\/01\/TT-MESH-POUCH-VL-SET-Hinten-1024x629.jpg\" alt=\"TT MESH POUCH VL SET\" width=\"429\" height=\"264\" srcset=\"https:\/\/ueberlebenskunst.at\/survivalshop\/wp-content\/uploads\/2020\/01\/TT-MESH-POUCH-VL-SET-Hinten-1024x629.jpg 1024w, https:\/\/ueberlebenskunst.at\/survivalshop\/wp-content\/uploads\/2020\/01\/TT-MESH-POUCH-VL-SET-Hinten-300x184.jpg 300w, https:\/\/ueberlebenskunst.at\/survivalshop\/wp-content\/uploads\/2020\/01\/TT-MESH-POUCH-VL-SET-Hinten-600x369.jpg 600w, https:\/\/ueberlebenskunst.at\/survivalshop\/wp-content\/uploads\/2020\/01\/TT-MESH-POUCH-VL-SET-Hinten-768x472.jpg 768w, https:\/\/ueberlebenskunst.at\/survivalshop\/wp-content\/uploads\/2020\/01\/TT-MESH-POUCH-VL-SET-Hinten.jpg 1406w\" sizes=\"(max-width: 429px) 100vw, 429px\" \/><\/a><figcaption id=\"caption-attachment-13683\" class=\"wp-caption-text\">Du kannst auch die Klettfl\u00e4che an dem TT MESH POUCH lassen und das Teil so als &#8220;normalen&#8221; Ordnungsbeutel einsetzen.<\/figcaption><\/figure>\n<h3>Lieferumfang<\/h3>\n<p>Im Lieferumfang des TT MESH POUCH VL SET sind folgende 3 Taschen enthalten:<br \/>\n&#8211; 16 x 10,5 x 1,5 cm<br \/>\n&#8211; 11 x 7,5 x 1,5 cm<br \/>\n&#8211; 8 x 5 x 1,5 cm<\/p>\n<figure id=\"attachment_13681\" aria-describedby=\"caption-attachment-13681\" style=\"width: 316px\" class=\"wp-caption alignnone\"><a href=\"https:\/\/ueberlebenskunst.at\/survivalshop\/survivalshop\/wp-content\/uploads\/2020\/01\/MESH-POUCH-VL-SET.jpg\" target=\"_blank\" rel=\"noopener noreferrer\"><img decoding=\"async\" class=\"wp-image-13681\" src=\"https:\/\/ueberlebenskunst.at\/survivalshop\/survivalshop\/wp-content\/uploads\/2020\/01\/MESH-POUCH-VL-SET-1024x886.jpg\" alt=\"TT MESH POUCH VL SET\" width=\"316\" height=\"274\" srcset=\"https:\/\/ueberlebenskunst.at\/survivalshop\/wp-content\/uploads\/2020\/01\/MESH-POUCH-VL-SET-1024x886.jpg 1024w, https:\/\/ueberlebenskunst.at\/survivalshop\/wp-content\/uploads\/2020\/01\/MESH-POUCH-VL-SET-300x260.jpg 300w, https:\/\/ueberlebenskunst.at\/survivalshop\/wp-content\/uploads\/2020\/01\/MESH-POUCH-VL-SET-600x519.jpg 600w, https:\/\/ueberlebenskunst.at\/survivalshop\/wp-content\/uploads\/2020\/01\/MESH-POUCH-VL-SET-768x665.jpg 768w, https:\/\/ueberlebenskunst.at\/survivalshop\/wp-content\/uploads\/2020\/01\/MESH-POUCH-VL-SET.jpg 1116w\" sizes=\"(max-width: 316px) 100vw, 316px\" \/><\/a><figcaption id=\"caption-attachment-13681\" class=\"wp-caption-text\">Das TT MESH POUCH VL SET besteht aus 3 Taschen in verschiedenen Gr\u00f6\u00dfen.<\/figcaption><\/figure>\n","protected":false},"excerpt":{"rendered":"<p>Ideale Erg\u00e4nzung zu den Modular Systemen von Tasmanian Tiger<\/p>\n","protected":false},"featured_media":13681,"comment_status":"open","ping_status":"closed","template":"","meta":{"_acf_changed":false},"product_brand":[],"product_cat":[426],"product_tag":[541,199],"class_list":{"0":"post-13678","1":"product","2":"type-product","3":"status-seo-produkt","4":"has-post-thumbnail","6":"product_cat-unkategorisiert","7":"product_tag-ordnung-im-rucksack","8":"product_tag-tasmanian-tiger","10":"first","11":"outofstock","12":"taxable","13":"shipping-taxable","14":"product-type-simple"},"acf":[],"yoast_head":"<!-- This site is optimized with the Yoast SEO plugin v27.1.1 - https:\/\/yoast.com\/product\/yoast-seo-wordpress\/ -->\n<title>TT MESH POUCH VL SET - Reini Rossmann - Survival Shop<\/title>\n<meta name=\"robots\" content=\"index, follow, max-snippet:-1, max-image-preview:large, max-video-preview:-1\" \/>\n<link rel=\"canonical\" href=\"https:\/\/ueberlebenskunst.at\/survivalshop\/shop\/tt-mesh-pouch-vl-set\/\" \/>\n<meta property=\"og:locale\" content=\"de_DE\" \/>\n<meta property=\"og:type\" content=\"article\" \/>\n<meta property=\"og:title\" content=\"TT MESH POUCH VL SET - Reini Rossmann - Survival Shop\" \/>\n<meta property=\"og:description\" content=\"Ideale Erg\u00e4nzung zu den Modular Systemen von Tasmanian Tiger\" \/>\n<meta property=\"og:url\" content=\"https:\/\/ueberlebenskunst.at\/survivalshop\/shop\/tt-mesh-pouch-vl-set\/\" \/>\n<meta property=\"og:site_name\" content=\"Reini Rossmann - Survival Shop\" \/>\n<meta property=\"article:publisher\" content=\"https:\/\/www.facebook.com\/survival24.org\/\" \/>\n<meta property=\"article:modified_time\" content=\"2024-03-21T07:08:25+00:00\" \/>\n<meta property=\"og:image\" content=\"https:\/\/ueberlebenskunst.at\/survivalshop\/wp-content\/uploads\/2020\/01\/MESH-POUCH-VL-SET.jpg\" \/>\n\t<meta property=\"og:image:width\" content=\"1116\" \/>\n\t<meta property=\"og:image:height\" content=\"966\" \/>\n\t<meta property=\"og:image:type\" content=\"image\/jpeg\" \/>\n<meta name=\"twitter:card\" content=\"summary_large_image\" \/>\n<meta name=\"twitter:label1\" content=\"Gesch\u00e4tzte Lesezeit\" \/>\n\t<meta name=\"twitter:data1\" content=\"2\u00a0Minuten\" \/>\n<script type=\"application\/ld+json\" class=\"yoast-schema-graph\">{\"@context\":\"https:\/\/schema.org\",\"@graph\":[{\"@type\":\"WebPage\",\"@id\":\"https:\/\/ueberlebenskunst.at\/survivalshop\/shop\/tt-mesh-pouch-vl-set\/\",\"url\":\"https:\/\/ueberlebenskunst.at\/survivalshop\/shop\/tt-mesh-pouch-vl-set\/\",\"name\":\"TT MESH POUCH VL SET - Reini Rossmann - Survival Shop\",\"isPartOf\":{\"@id\":\"https:\/\/ueberlebenskunst.at\/survivalshop\/#website\"},\"primaryImageOfPage\":{\"@id\":\"https:\/\/ueberlebenskunst.at\/survivalshop\/shop\/tt-mesh-pouch-vl-set\/#primaryimage\"},\"image\":{\"@id\":\"https:\/\/ueberlebenskunst.at\/survivalshop\/shop\/tt-mesh-pouch-vl-set\/#primaryimage\"},\"thumbnailUrl\":\"https:\/\/ueberlebenskunst.at\/survivalshop\/wp-content\/uploads\/2020\/01\/MESH-POUCH-VL-SET.jpg\",\"datePublished\":\"2020-01-05T07:22:08+00:00\",\"dateModified\":\"2024-03-21T07:08:25+00:00\",\"breadcrumb\":{\"@id\":\"https:\/\/ueberlebenskunst.at\/survivalshop\/shop\/tt-mesh-pouch-vl-set\/#breadcrumb\"},\"inLanguage\":\"de\",\"potentialAction\":[{\"@type\":\"ReadAction\",\"target\":[\"https:\/\/ueberlebenskunst.at\/survivalshop\/shop\/tt-mesh-pouch-vl-set\/\"]}]},{\"@type\":\"ImageObject\",\"inLanguage\":\"de\",\"@id\":\"https:\/\/ueberlebenskunst.at\/survivalshop\/shop\/tt-mesh-pouch-vl-set\/#primaryimage\",\"url\":\"https:\/\/ueberlebenskunst.at\/survivalshop\/wp-content\/uploads\/2020\/01\/MESH-POUCH-VL-SET.jpg\",\"contentUrl\":\"https:\/\/ueberlebenskunst.at\/survivalshop\/wp-content\/uploads\/2020\/01\/MESH-POUCH-VL-SET.jpg\",\"width\":1116,\"height\":966},{\"@type\":\"BreadcrumbList\",\"@id\":\"https:\/\/ueberlebenskunst.at\/survivalshop\/shop\/tt-mesh-pouch-vl-set\/#breadcrumb\",\"itemListElement\":[{\"@type\":\"ListItem\",\"position\":1,\"name\":\"Startseite\",\"item\":\"https:\/\/ueberlebenskunst.at\/survivalshop\/\"},{\"@type\":\"ListItem\",\"position\":2,\"name\":\"Shop\",\"item\":\"https:\/\/ueberlebenskunst.at\/survivalshop\/shop\/\"},{\"@type\":\"ListItem\",\"position\":3,\"name\":\"TT MESH POUCH VL SET\"}]},{\"@type\":\"WebSite\",\"@id\":\"https:\/\/ueberlebenskunst.at\/survivalshop\/#website\",\"url\":\"https:\/\/ueberlebenskunst.at\/survivalshop\/\",\"name\":\"Reini Rossmann - Survival Shop\",\"description\":\"Survival Shop f\u00fcr Survival, Bushcraft und Prepper\",\"potentialAction\":[{\"@type\":\"SearchAction\",\"target\":{\"@type\":\"EntryPoint\",\"urlTemplate\":\"https:\/\/ueberlebenskunst.at\/survivalshop\/?s={search_term_string}\"},\"query-input\":{\"@type\":\"PropertyValueSpecification\",\"valueRequired\":true,\"valueName\":\"search_term_string\"}}],\"inLanguage\":\"de\"}]}<\/script>\n<!-- \/ Yoast SEO plugin. -->","yoast_head_json":{"title":"TT MESH POUCH VL SET - Reini Rossmann - Survival Shop","robots":{"index":"index","follow":"follow","max-snippet":"max-snippet:-1","max-image-preview":"max-image-preview:large","max-video-preview":"max-video-preview:-1"},"canonical":"https:\/\/ueberlebenskunst.at\/survivalshop\/shop\/tt-mesh-pouch-vl-set\/","og_locale":"de_DE","og_type":"article","og_title":"TT MESH POUCH VL SET - Reini Rossmann - Survival Shop","og_description":"Ideale Erg\u00e4nzung zu den Modular Systemen von Tasmanian Tiger","og_url":"https:\/\/ueberlebenskunst.at\/survivalshop\/shop\/tt-mesh-pouch-vl-set\/","og_site_name":"Reini Rossmann - Survival Shop","article_publisher":"https:\/\/www.facebook.com\/survival24.org\/","article_modified_time":"2024-03-21T07:08:25+00:00","og_image":[{"width":1116,"height":966,"url":"https:\/\/ueberlebenskunst.at\/survivalshop\/wp-content\/uploads\/2020\/01\/MESH-POUCH-VL-SET.jpg","type":"image\/jpeg"}],"twitter_card":"summary_large_image","twitter_misc":{"Gesch\u00e4tzte Lesezeit":"2\u00a0Minuten"},"schema":{"@context":"https:\/\/schema.org","@graph":[{"@type":"WebPage","@id":"https:\/\/ueberlebenskunst.at\/survivalshop\/shop\/tt-mesh-pouch-vl-set\/","url":"https:\/\/ueberlebenskunst.at\/survivalshop\/shop\/tt-mesh-pouch-vl-set\/","name":"TT MESH POUCH VL SET - Reini Rossmann - Survival Shop","isPartOf":{"@id":"https:\/\/ueberlebenskunst.at\/survivalshop\/#website"},"primaryImageOfPage":{"@id":"https:\/\/ueberlebenskunst.at\/survivalshop\/shop\/tt-mesh-pouch-vl-set\/#primaryimage"},"image":{"@id":"https:\/\/ueberlebenskunst.at\/survivalshop\/shop\/tt-mesh-pouch-vl-set\/#primaryimage"},"thumbnailUrl":"https:\/\/ueberlebenskunst.at\/survivalshop\/wp-content\/uploads\/2020\/01\/MESH-POUCH-VL-SET.jpg","datePublished":"2020-01-05T07:22:08+00:00","dateModified":"2024-03-21T07:08:25+00:00","breadcrumb":{"@id":"https:\/\/ueberlebenskunst.at\/survivalshop\/shop\/tt-mesh-pouch-vl-set\/#breadcrumb"},"inLanguage":"de","potentialAction":[{"@type":"ReadAction","target":["https:\/\/ueberlebenskunst.at\/survivalshop\/shop\/tt-mesh-pouch-vl-set\/"]}]},{"@type":"ImageObject","inLanguage":"de","@id":"https:\/\/ueberlebenskunst.at\/survivalshop\/shop\/tt-mesh-pouch-vl-set\/#primaryimage","url":"https:\/\/ueberlebenskunst.at\/survivalshop\/wp-content\/uploads\/2020\/01\/MESH-POUCH-VL-SET.jpg","contentUrl":"https:\/\/ueberlebenskunst.at\/survivalshop\/wp-content\/uploads\/2020\/01\/MESH-POUCH-VL-SET.jpg","width":1116,"height":966},{"@type":"BreadcrumbList","@id":"https:\/\/ueberlebenskunst.at\/survivalshop\/shop\/tt-mesh-pouch-vl-set\/#breadcrumb","itemListElement":[{"@type":"ListItem","position":1,"name":"Startseite","item":"https:\/\/ueberlebenskunst.at\/survivalshop\/"},{"@type":"ListItem","position":2,"name":"Shop","item":"https:\/\/ueberlebenskunst.at\/survivalshop\/shop\/"},{"@type":"ListItem","position":3,"name":"TT MESH POUCH VL SET"}]},{"@type":"WebSite","@id":"https:\/\/ueberlebenskunst.at\/survivalshop\/#website","url":"https:\/\/ueberlebenskunst.at\/survivalshop\/","name":"Reini Rossmann - Survival Shop","description":"Survival Shop f\u00fcr Survival, Bushcraft und Prepper","potentialAction":[{"@type":"SearchAction","target":{"@type":"EntryPoint","urlTemplate":"https:\/\/ueberlebenskunst.at\/survivalshop\/?s={search_term_string}"},"query-input":{"@type":"PropertyValueSpecification","valueRequired":true,"valueName":"search_term_string"}}],"inLanguage":"de"}]}},"_links":{"self":[{"href":"https:\/\/ueberlebenskunst.at\/survivalshop\/wp-json\/wp\/v2\/product\/13678","targetHints":{"allow":["GET"]}}],"collection":[{"href":"https:\/\/ueberlebenskunst.at\/survivalshop\/wp-json\/wp\/v2\/product"}],"about":[{"href":"https:\/\/ueberlebenskunst.at\/survivalshop\/wp-json\/wp\/v2\/types\/product"}],"replies":[{"embeddable":true,"href":"https:\/\/ueberlebenskunst.at\/survivalshop\/wp-json\/wp\/v2\/comments?post=13678"}],"wp:featuredmedia":[{"embeddable":true,"href":"https:\/\/ueberlebenskunst.at\/survivalshop\/wp-json\/wp\/v2\/media\/13681"}],"wp:attachment":[{"href":"https:\/\/ueberlebenskunst.at\/survivalshop\/wp-json\/wp\/v2\/media?parent=13678"}],"wp:term":[{"taxonomy":"product_brand","embeddable":true,"href":"https:\/\/ueberlebenskunst.at\/survivalshop\/wp-json\/wp\/v2\/product_brand?post=13678"},{"taxonomy":"product_cat","embeddable":true,"href":"https:\/\/ueberlebenskunst.at\/survivalshop\/wp-json\/wp\/v2\/product_cat?post=13678"},{"taxonomy":"product_tag","embeddable":true,"href":"https:\/\/ueberlebenskunst.at\/survivalshop\/wp-json\/wp\/v2\/product_tag?post=13678"}],"curies":[{"name":"wp","href":"https:\/\/api.w.org\/{rel}","templated":true}]}}