{"id":135263,"date":"2023-05-25T15:16:49","date_gmt":"2023-05-25T13:16:49","guid":{"rendered":"https:\/\/ueberlebenskunst.at\/survivalshop\/?post_type=product&#038;p=135263"},"modified":"2025-10-29T06:47:09","modified_gmt":"2025-10-29T05:47:09","slug":"boeker-atlas-backlock","status":"seo-produkt","type":"product","link":"https:\/\/ueberlebenskunst.at\/survivalshop\/shop\/boeker-atlas-backlock\/","title":{"rendered":"B\u00f6ker Atlas Backlock &#8211; EDC Messer"},"content":{"rendered":"<p>Das B\u00f6ker Atlas Backlock ist in 3 Ausf\u00fchrungen erh\u00e4ltlich: Droppoint, Clippoint und Sheepfoot.<\/p>\n<h3>B\u00f6ker Plus Atlas Backlock Droppoint<\/h3>\n<p><span class=\"description\">Das B\u00f6ker Plus Atlas besticht durch seine schlichte Eleganz und ist ein zuverl\u00e4ssiges Taschenmesser mit einem Edelstahlgriff im markanten Stonewash-Finish. Die minimalistische, aber dennoch robuste Konstruktion macht dieses kompakte Messer zu einem idealen Begleiter in jeder Lebenslage. Die satinierte Droppoint-Klinge aus D2-Stahl l\u00e4sst sich m\u00fchelos \u00fcber den Nagelhau \u00f6ffnen, w\u00e4hrend der stabile Back Lock f\u00fcr eine sichere Verriegelung sorgt. Ausgestattet mit einem Tip-Up Clip (r), vereint das Atlas Funktionalit\u00e4t und Stil.\u00a0<\/span><\/p>\n<h3><strong>Produktdaten:<\/strong><\/h3>\n<ul>\n<li>Gesamtl\u00e4nge: 16,7 cm<\/li>\n<li>Klingenl\u00e4nge: 7,1 cm<\/li>\n<li>Gewicht: 55 g<\/li>\n<li>Klingenst\u00e4rke: 2,5 mm<\/li>\n<li>Klingenmaterial: D2<\/li>\n<li>Griffmaterial: Stahl<\/li>\n<li>Backlock<\/li>\n<\/ul>\n<p><a href=\"https:\/\/ueberlebenskunst.at\/survivalshop\/wp-content\/uploads\/2023\/05\/01bo865_2.jpg\"><img decoding=\"async\" class=\"alignnone size-medium wp-image-135272\" src=\"https:\/\/ueberlebenskunst.at\/survivalshop\/wp-content\/uploads\/2023\/05\/01bo865_2-300x242.jpg\" alt=\"\" width=\"300\" height=\"242\" srcset=\"https:\/\/ueberlebenskunst.at\/survivalshop\/wp-content\/uploads\/2023\/05\/01bo865_2-300x242.jpg 300w, https:\/\/ueberlebenskunst.at\/survivalshop\/wp-content\/uploads\/2023\/05\/01bo865_2.jpg 400w\" sizes=\"(max-width: 300px) 100vw, 300px\" \/><\/a><\/p>\n<h3>B\u00f6ker Plus Atlas Backlock Clippoint<\/h3>\n<p>Das B\u00f6ker Plus Atlas zeichnet sich durch sein schlichtes Design aus und ist ein zuverl\u00e4ssiges Taschenmesser mit einem Griffk\u00f6rper aus Edelstahl, der in einem markanten Dark-Stonewash-Finish gehalten ist. Die minimalistische und dennoch \u00e4u\u00dferst robuste Konstruktion macht dieses kompakte Messer zu einem idealen Begleiter in jeder Situation. Die satinierte Clippoint-Klinge aus D2-Stahl l\u00e4sst sich bequem \u00fcber den Nagelhau \u00f6ffnen, w\u00e4hrend der stabile Back Lock f\u00fcr eine sichere Verriegelung sorgt. Ausgestattet mit einem Tip-Up Clip (r) bietet das Atlas eine gelungene Kombination aus Funktionalit\u00e4t und Stil.<\/p>\n<h3><strong>Produktdaten:<\/strong><\/h3>\n<ul>\n<li>Gesamtl\u00e4nge: 16,8 cm<\/li>\n<li>Klingenl\u00e4nge: 7,4 cm<\/li>\n<li>Gewicht: 53 g<\/li>\n<li>Klingenst\u00e4rke: 2,3 mm<\/li>\n<li>Klingenmaterial: D2<\/li>\n<li>Griffmaterial: Stahl<\/li>\n<li>Backlock<\/li>\n<\/ul>\n<p><a href=\"https:\/\/ueberlebenskunst.at\/survivalshop\/wp-content\/uploads\/2023\/05\/01bo866_2-1.jpg\"><img decoding=\"async\" class=\"alignnone size-medium wp-image-135274\" src=\"https:\/\/ueberlebenskunst.at\/survivalshop\/wp-content\/uploads\/2023\/05\/01bo866_2-1-300x240.jpg\" alt=\"\" width=\"300\" height=\"240\" srcset=\"https:\/\/ueberlebenskunst.at\/survivalshop\/wp-content\/uploads\/2023\/05\/01bo866_2-1-300x240.jpg 300w, https:\/\/ueberlebenskunst.at\/survivalshop\/wp-content\/uploads\/2023\/05\/01bo866_2-1.jpg 400w\" sizes=\"(max-width: 300px) 100vw, 300px\" \/><\/a><\/p>\n<h3>B\u00f6ker Plus Atlas Backlock Sheepfoot<\/h3>\n<p>Das B\u00f6ker Plus Atlas \u00fcberzeugt durch sein klares Design und ist ein zuverl\u00e4ssiges Taschenmesser mit einem Edelstahlgriff im markanten Dark-Stonewash-Finish. Die minimalistische und \u00e4u\u00dferst robuste Konstruktion macht dieses kompakte Messer zu einem idealen Begleiter f\u00fcr jede Gelegenheit. Die satinierte Sheepfoot-Klinge aus D2-Stahl l\u00e4sst sich m\u00fchelos \u00fcber den Nagelhau \u00f6ffnen, w\u00e4hrend der stabile Back Lock f\u00fcr eine sichere Verriegelung sorgt. Mit einem Tip-Up Clip (r) ausgestattet, vereint das Atlas Funktionalit\u00e4t und Stil in einem praktischen Format.<\/p>\n<h3><strong>Produktdaten:<\/strong><\/h3>\n<ul>\n<li>Gesamtl\u00e4nge: 16,5 cm<\/li>\n<li>Klingenl\u00e4nge: 6,8 cm<\/li>\n<li>Gewicht: 54 g<\/li>\n<li>Klingenst\u00e4rke: 2,5 mm<\/li>\n<li>Klingenmaterial: D2<\/li>\n<li>Griffmaterial: Stahl<\/li>\n<li>Backlock<\/li>\n<\/ul>\n<p><a href=\"https:\/\/ueberlebenskunst.at\/survivalshop\/wp-content\/uploads\/2023\/05\/01BO867_2.jpg\"><img decoding=\"async\" class=\"alignnone size-medium wp-image-135275\" src=\"https:\/\/ueberlebenskunst.at\/survivalshop\/wp-content\/uploads\/2023\/05\/01BO867_2-300x245.jpg\" alt=\"\" width=\"300\" height=\"245\" srcset=\"https:\/\/ueberlebenskunst.at\/survivalshop\/wp-content\/uploads\/2023\/05\/01BO867_2-300x245.jpg 300w, https:\/\/ueberlebenskunst.at\/survivalshop\/wp-content\/uploads\/2023\/05\/01BO867_2.jpg 400w\" sizes=\"(max-width: 300px) 100vw, 300px\" \/><\/a><\/p>\n","protected":false},"excerpt":{"rendered":"<p>Das B\u00f6ker Atlas Backlock ist in 3 Ausf\u00fchrungen erh\u00e4ltlich: Droppoint, Clippoint und Sheepfoot. B\u00f6ker Plus Atlas Backlock Droppoint Das B\u00f6ker Plus Atlas besticht durch seine schlichte Eleganz und ist ein zuverl\u00e4ssiges Taschenmesser mit einem Edelstahlgriff im markanten Stonewash-Finish. Die minimalistische, aber dennoch robuste Konstruktion macht dieses kompakte Messer zu einem idealen Begleiter in jeder Lebenslage. [&hellip;]<\/p>\n","protected":false},"featured_media":135267,"comment_status":"open","ping_status":"closed","template":"","meta":{"_acf_changed":false},"product_brand":[],"product_cat":[1805],"product_tag":[669,1630],"class_list":{"0":"post-135263","1":"product","2":"type-product","3":"status-seo-produkt","4":"has-post-thumbnail","6":"product_cat-messer-messer-tools","7":"product_tag-backlock","8":"product_tag-boeker-atlas","10":"first","11":"outofstock","12":"sale","13":"taxable","14":"shipping-taxable","15":"product-type-variable","16":"has-default-attributes"},"acf":[],"yoast_head":"<!-- This site is optimized with the Yoast SEO plugin v27.1.1 - https:\/\/yoast.com\/product\/yoast-seo-wordpress\/ -->\n<title>B\u00f6ker Atlas Backlock - EDC Messer - Reini Rossmann - Survival Shop<\/title>\n<meta name=\"robots\" content=\"index, follow, max-snippet:-1, max-image-preview:large, max-video-preview:-1\" \/>\n<link rel=\"canonical\" href=\"https:\/\/ueberlebenskunst.at\/survivalshop\/shop\/boeker-atlas-backlock\/\" \/>\n<meta property=\"og:locale\" content=\"de_DE\" \/>\n<meta property=\"og:type\" content=\"article\" \/>\n<meta property=\"og:title\" content=\"B\u00f6ker Atlas Backlock - EDC Messer - Reini Rossmann - Survival Shop\" \/>\n<meta property=\"og:description\" content=\"Das B\u00f6ker Atlas Backlock ist in 3 Ausf\u00fchrungen erh\u00e4ltlich: Droppoint, Clippoint und Sheepfoot. B\u00f6ker Plus Atlas Backlock Droppoint Das B\u00f6ker Plus Atlas besticht durch seine schlichte Eleganz und ist ein zuverl\u00e4ssiges Taschenmesser mit einem Edelstahlgriff im markanten Stonewash-Finish. Die minimalistische, aber dennoch robuste Konstruktion macht dieses kompakte Messer zu einem idealen Begleiter in jeder Lebenslage. [&hellip;]\" \/>\n<meta property=\"og:url\" content=\"https:\/\/ueberlebenskunst.at\/survivalshop\/shop\/boeker-atlas-backlock\/\" \/>\n<meta property=\"og:site_name\" content=\"Reini Rossmann - Survival Shop\" \/>\n<meta property=\"article:publisher\" content=\"https:\/\/www.facebook.com\/survival24.org\/\" \/>\n<meta property=\"article:modified_time\" content=\"2025-10-29T05:47:09+00:00\" \/>\n<meta property=\"og:image\" content=\"https:\/\/ueberlebenskunst.at\/survivalshop\/wp-content\/uploads\/2023\/05\/01bo865.jpg\" \/>\n\t<meta property=\"og:image:width\" content=\"400\" \/>\n\t<meta property=\"og:image:height\" content=\"326\" \/>\n\t<meta property=\"og:image:type\" content=\"image\/jpeg\" \/>\n<meta name=\"twitter:card\" content=\"summary_large_image\" \/>\n<meta name=\"twitter:label1\" content=\"Gesch\u00e4tzte Lesezeit\" \/>\n\t<meta name=\"twitter:data1\" content=\"3\u00a0Minuten\" \/>\n<script type=\"application\/ld+json\" class=\"yoast-schema-graph\">{\"@context\":\"https:\/\/schema.org\",\"@graph\":[{\"@type\":\"WebPage\",\"@id\":\"https:\/\/ueberlebenskunst.at\/survivalshop\/shop\/boeker-atlas-backlock\/\",\"url\":\"https:\/\/ueberlebenskunst.at\/survivalshop\/shop\/boeker-atlas-backlock\/\",\"name\":\"B\u00f6ker Atlas Backlock - EDC Messer - Reini Rossmann - Survival Shop\",\"isPartOf\":{\"@id\":\"https:\/\/ueberlebenskunst.at\/survivalshop\/#website\"},\"primaryImageOfPage\":{\"@id\":\"https:\/\/ueberlebenskunst.at\/survivalshop\/shop\/boeker-atlas-backlock\/#primaryimage\"},\"image\":{\"@id\":\"https:\/\/ueberlebenskunst.at\/survivalshop\/shop\/boeker-atlas-backlock\/#primaryimage\"},\"thumbnailUrl\":\"https:\/\/ueberlebenskunst.at\/survivalshop\/wp-content\/uploads\/2023\/05\/01bo865.jpg\",\"datePublished\":\"2023-05-25T13:16:49+00:00\",\"dateModified\":\"2025-10-29T05:47:09+00:00\",\"breadcrumb\":{\"@id\":\"https:\/\/ueberlebenskunst.at\/survivalshop\/shop\/boeker-atlas-backlock\/#breadcrumb\"},\"inLanguage\":\"de\",\"potentialAction\":[{\"@type\":\"ReadAction\",\"target\":[\"https:\/\/ueberlebenskunst.at\/survivalshop\/shop\/boeker-atlas-backlock\/\"]}]},{\"@type\":\"ImageObject\",\"inLanguage\":\"de\",\"@id\":\"https:\/\/ueberlebenskunst.at\/survivalshop\/shop\/boeker-atlas-backlock\/#primaryimage\",\"url\":\"https:\/\/ueberlebenskunst.at\/survivalshop\/wp-content\/uploads\/2023\/05\/01bo865.jpg\",\"contentUrl\":\"https:\/\/ueberlebenskunst.at\/survivalshop\/wp-content\/uploads\/2023\/05\/01bo865.jpg\",\"width\":400,\"height\":326},{\"@type\":\"BreadcrumbList\",\"@id\":\"https:\/\/ueberlebenskunst.at\/survivalshop\/shop\/boeker-atlas-backlock\/#breadcrumb\",\"itemListElement\":[{\"@type\":\"ListItem\",\"position\":1,\"name\":\"Startseite\",\"item\":\"https:\/\/ueberlebenskunst.at\/survivalshop\/\"},{\"@type\":\"ListItem\",\"position\":2,\"name\":\"Shop\",\"item\":\"https:\/\/ueberlebenskunst.at\/survivalshop\/shop\/\"},{\"@type\":\"ListItem\",\"position\":3,\"name\":\"B\u00f6ker Atlas Backlock &#8211; EDC Messer\"}]},{\"@type\":\"WebSite\",\"@id\":\"https:\/\/ueberlebenskunst.at\/survivalshop\/#website\",\"url\":\"https:\/\/ueberlebenskunst.at\/survivalshop\/\",\"name\":\"Reini Rossmann - Survival Shop\",\"description\":\"Survival Shop f\u00fcr Survival, Bushcraft und Prepper\",\"potentialAction\":[{\"@type\":\"SearchAction\",\"target\":{\"@type\":\"EntryPoint\",\"urlTemplate\":\"https:\/\/ueberlebenskunst.at\/survivalshop\/?s={search_term_string}\"},\"query-input\":{\"@type\":\"PropertyValueSpecification\",\"valueRequired\":true,\"valueName\":\"search_term_string\"}}],\"inLanguage\":\"de\"}]}<\/script>\n<!-- \/ Yoast SEO plugin. -->","yoast_head_json":{"title":"B\u00f6ker Atlas Backlock - EDC Messer - Reini Rossmann - Survival Shop","robots":{"index":"index","follow":"follow","max-snippet":"max-snippet:-1","max-image-preview":"max-image-preview:large","max-video-preview":"max-video-preview:-1"},"canonical":"https:\/\/ueberlebenskunst.at\/survivalshop\/shop\/boeker-atlas-backlock\/","og_locale":"de_DE","og_type":"article","og_title":"B\u00f6ker Atlas Backlock - EDC Messer - Reini Rossmann - Survival Shop","og_description":"Das B\u00f6ker Atlas Backlock ist in 3 Ausf\u00fchrungen erh\u00e4ltlich: Droppoint, Clippoint und Sheepfoot. B\u00f6ker Plus Atlas Backlock Droppoint Das B\u00f6ker Plus Atlas besticht durch seine schlichte Eleganz und ist ein zuverl\u00e4ssiges Taschenmesser mit einem Edelstahlgriff im markanten Stonewash-Finish. Die minimalistische, aber dennoch robuste Konstruktion macht dieses kompakte Messer zu einem idealen Begleiter in jeder Lebenslage. [&hellip;]","og_url":"https:\/\/ueberlebenskunst.at\/survivalshop\/shop\/boeker-atlas-backlock\/","og_site_name":"Reini Rossmann - Survival Shop","article_publisher":"https:\/\/www.facebook.com\/survival24.org\/","article_modified_time":"2025-10-29T05:47:09+00:00","og_image":[{"width":400,"height":326,"url":"https:\/\/ueberlebenskunst.at\/survivalshop\/wp-content\/uploads\/2023\/05\/01bo865.jpg","type":"image\/jpeg"}],"twitter_card":"summary_large_image","twitter_misc":{"Gesch\u00e4tzte Lesezeit":"3\u00a0Minuten"},"schema":{"@context":"https:\/\/schema.org","@graph":[{"@type":"WebPage","@id":"https:\/\/ueberlebenskunst.at\/survivalshop\/shop\/boeker-atlas-backlock\/","url":"https:\/\/ueberlebenskunst.at\/survivalshop\/shop\/boeker-atlas-backlock\/","name":"B\u00f6ker Atlas Backlock - EDC Messer - Reini Rossmann - Survival Shop","isPartOf":{"@id":"https:\/\/ueberlebenskunst.at\/survivalshop\/#website"},"primaryImageOfPage":{"@id":"https:\/\/ueberlebenskunst.at\/survivalshop\/shop\/boeker-atlas-backlock\/#primaryimage"},"image":{"@id":"https:\/\/ueberlebenskunst.at\/survivalshop\/shop\/boeker-atlas-backlock\/#primaryimage"},"thumbnailUrl":"https:\/\/ueberlebenskunst.at\/survivalshop\/wp-content\/uploads\/2023\/05\/01bo865.jpg","datePublished":"2023-05-25T13:16:49+00:00","dateModified":"2025-10-29T05:47:09+00:00","breadcrumb":{"@id":"https:\/\/ueberlebenskunst.at\/survivalshop\/shop\/boeker-atlas-backlock\/#breadcrumb"},"inLanguage":"de","potentialAction":[{"@type":"ReadAction","target":["https:\/\/ueberlebenskunst.at\/survivalshop\/shop\/boeker-atlas-backlock\/"]}]},{"@type":"ImageObject","inLanguage":"de","@id":"https:\/\/ueberlebenskunst.at\/survivalshop\/shop\/boeker-atlas-backlock\/#primaryimage","url":"https:\/\/ueberlebenskunst.at\/survivalshop\/wp-content\/uploads\/2023\/05\/01bo865.jpg","contentUrl":"https:\/\/ueberlebenskunst.at\/survivalshop\/wp-content\/uploads\/2023\/05\/01bo865.jpg","width":400,"height":326},{"@type":"BreadcrumbList","@id":"https:\/\/ueberlebenskunst.at\/survivalshop\/shop\/boeker-atlas-backlock\/#breadcrumb","itemListElement":[{"@type":"ListItem","position":1,"name":"Startseite","item":"https:\/\/ueberlebenskunst.at\/survivalshop\/"},{"@type":"ListItem","position":2,"name":"Shop","item":"https:\/\/ueberlebenskunst.at\/survivalshop\/shop\/"},{"@type":"ListItem","position":3,"name":"B\u00f6ker Atlas Backlock &#8211; EDC Messer"}]},{"@type":"WebSite","@id":"https:\/\/ueberlebenskunst.at\/survivalshop\/#website","url":"https:\/\/ueberlebenskunst.at\/survivalshop\/","name":"Reini Rossmann - Survival Shop","description":"Survival Shop f\u00fcr Survival, Bushcraft und Prepper","potentialAction":[{"@type":"SearchAction","target":{"@type":"EntryPoint","urlTemplate":"https:\/\/ueberlebenskunst.at\/survivalshop\/?s={search_term_string}"},"query-input":{"@type":"PropertyValueSpecification","valueRequired":true,"valueName":"search_term_string"}}],"inLanguage":"de"}]}},"_links":{"self":[{"href":"https:\/\/ueberlebenskunst.at\/survivalshop\/wp-json\/wp\/v2\/product\/135263","targetHints":{"allow":["GET"]}}],"collection":[{"href":"https:\/\/ueberlebenskunst.at\/survivalshop\/wp-json\/wp\/v2\/product"}],"about":[{"href":"https:\/\/ueberlebenskunst.at\/survivalshop\/wp-json\/wp\/v2\/types\/product"}],"replies":[{"embeddable":true,"href":"https:\/\/ueberlebenskunst.at\/survivalshop\/wp-json\/wp\/v2\/comments?post=135263"}],"wp:featuredmedia":[{"embeddable":true,"href":"https:\/\/ueberlebenskunst.at\/survivalshop\/wp-json\/wp\/v2\/media\/135267"}],"wp:attachment":[{"href":"https:\/\/ueberlebenskunst.at\/survivalshop\/wp-json\/wp\/v2\/media?parent=135263"}],"wp:term":[{"taxonomy":"product_brand","embeddable":true,"href":"https:\/\/ueberlebenskunst.at\/survivalshop\/wp-json\/wp\/v2\/product_brand?post=135263"},{"taxonomy":"product_cat","embeddable":true,"href":"https:\/\/ueberlebenskunst.at\/survivalshop\/wp-json\/wp\/v2\/product_cat?post=135263"},{"taxonomy":"product_tag","embeddable":true,"href":"https:\/\/ueberlebenskunst.at\/survivalshop\/wp-json\/wp\/v2\/product_tag?post=135263"}],"curies":[{"name":"wp","href":"https:\/\/api.w.org\/{rel}","templated":true}]}}