{"id":135240,"date":"2023-05-25T10:04:47","date_gmt":"2023-05-25T08:04:47","guid":{"rendered":"https:\/\/ueberlebenskunst.at\/survivalshop\/?post_type=product&#038;p=135240"},"modified":"2025-06-26T20:13:23","modified_gmt":"2025-06-26T18:13:23","slug":"k4-pocket-carry-fuer-cold-steel-kudo-lite","status":"publish","type":"product","link":"https:\/\/ueberlebenskunst.at\/survivalshop\/shop\/k4-pocket-carry-fuer-cold-steel-kudo-lite\/","title":{"rendered":"K4 Pocket Carry f\u00fcr Cold Steel Kudo Lite"},"content":{"rendered":"<p>F\u00fcr das Cold Steel Klappmesser Kudo Lite gibt es nun ein sogenanntes Pocket Carry aus dem Haus Knives4. Was bedeutet das konkret? Du hast die M\u00f6glichkeit das Klappmesser im Hosensack zu sichern und durch die mitgelieferte Kugelkette, die du nat\u00fcrlich auch gegen ein Paracord oder ein andere Schnur austauschen kannst, im Hosensack fixieren kannst und gleichzeitig das Messer beim Arbeiten aus dem Pocket Carry Holster entnehmen kannst. Nachdem du mit dem Arbeiten fertig bist, steckst du das zusammengeklappte Messer wieder in das Pocket Carry und hast damit wieder die volle Sicherung.<\/p>\n<p>Nat\u00fcrlich kannst du diesen Holster f\u00fcr das Cold Steel Kudo Lite auch als Neck Knife Scheide benutzen. Jedoch sind wir der Meinung, dass das Messer dazu einfach zu gro\u00df und zu schwer ist. Es sind Geschm\u00e4cker und Meinungen unterschiedlich, und so kannst du es halten wie es f\u00fcr dich am besten ist.<\/p>\n<p>Dieser K4 Pocket Carry Holster wird in \u00d6sterreich direkt in der Reini Rossmann Werkstatt produziert.<\/p>\n<h3><strong>Produktdaten:<\/strong><\/h3>\n<ul>\n<li>Gewicht: 17 g<\/li>\n<li>Abmessungen: 20 x 34 x 36 mm<\/li>\n<\/ul>\n<h3><strong>Passt auf: <\/strong><\/h3>\n<ul>\n<li>Kudo Lite Klappmesser von Cold Steel<\/li>\n<\/ul>\n<h3><strong>Lieferumfang:<\/strong><\/h3>\n<ul>\n<li>ADC Halterung inkl. Kugelkette (ohne Messer)<\/li>\n<li><strong>ACHTUNG: auf den Produktbildern befindet sich optionales Zubeh\u00f6r, das im Lieferumfang NICHT enthalten ist.<\/strong><\/li>\n<\/ul>\n<h3>Bedienungs- &amp; Pflegeanleitung:<\/h3>\n<ul>\n<li>Die Reinigung mit Wasser und Seife ist m\u00f6glich.<\/li>\n<li>Du solltest die Steckscheide nicht direkt in die N\u00e4he von Feuer oder anderen Hitzequellen legen!<\/li>\n<li>Wird deine Steckscheide \u00fcber l\u00e4ngere Zeit sehr kalten Temperaturen unter 0 \u00b0C ausgesetzt, solltest du<br \/>\nin dem Moment darauf achten, dass keine starken Belastungen darauf einwirken.<\/li>\n<\/ul>\n<p>Unsere Produkte sind nicht f\u00fcr Kinder unter 3 Jahren geeignet. Es besteht Verschluckungsgefahr.<\/p>\n<p><a href=\"https:\/\/ueberlebenskunst.at\/survivalshop\/wp-content\/uploads\/2021\/11\/Logo_Kinder.png\"><img decoding=\"async\" class=\"alignnone wp-image-179571\" src=\"https:\/\/ueberlebenskunst.at\/survivalshop\/wp-content\/uploads\/2021\/11\/Logo_Kinder-300x126.png\" alt=\"\" width=\"236\" height=\"99\" srcset=\"https:\/\/ueberlebenskunst.at\/survivalshop\/wp-content\/uploads\/2021\/11\/Logo_Kinder-300x126.png 300w, https:\/\/ueberlebenskunst.at\/survivalshop\/wp-content\/uploads\/2021\/11\/Logo_Kinder-64x27.png 64w, https:\/\/ueberlebenskunst.at\/survivalshop\/wp-content\/uploads\/2021\/11\/Logo_Kinder.png 401w\" sizes=\"(max-width: 236px) 100vw, 236px\" \/><\/a><\/p>\n<p><span style=\"color: #99cc00;\">Du willst das Produkt in einer anderen Farbe? Schick uns eine E-Mail an shop@ueberlebenskunst.at und wir pr\u00fcfen, ob dein Farbwunsch\u00a0m\u00f6glich\u00a0ist.<\/span><\/p>\n","protected":false},"excerpt":{"rendered":"<p>F\u00fcr das Cold Steel Klappmesser Kudo Lite gibt es nun ein sogenanntes Pocket Carry aus dem Haus Knives4. Was bedeutet das konkret? Du hast die M\u00f6glichkeit das Klappmesser im Hosensack zu sichern und durch die mitgelieferte Kugelkette, die du nat\u00fcrlich auch gegen ein Paracord oder ein andere Schnur austauschen kannst, im Hosensack fixieren kannst und [&hellip;]<\/p>\n","protected":false},"featured_media":135871,"comment_status":"open","ping_status":"closed","template":"","meta":{"_acf_changed":false},"product_brand":[],"product_cat":[1945],"product_tag":[151,1256,1255,1634],"class_list":{"0":"post-135240","1":"product","2":"type-product","3":"status-publish","4":"has-post-thumbnail","6":"product_cat-survivalausruestung","7":"product_tag-cold-steel","8":"product_tag-k4","9":"product_tag-knives4","10":"product_tag-pocket-carry","12":"first","13":"instock","14":"taxable","15":"shipping-taxable","16":"purchasable","17":"product-type-simple"},"acf":[],"yoast_head":"<!-- This site is optimized with the Yoast SEO plugin v27.1.1 - https:\/\/yoast.com\/product\/yoast-seo-wordpress\/ -->\n<title>K4 Pocket Carry f\u00fcr Cold Steel Kudo Lite -<\/title>\n<meta name=\"description\" content=\"Du hast die M\u00f6glichkeit das Klappmesser im Hosensack zu sichern und durch die mitgelieferte Kugelkette, die du nat\u00fcrlich auch gegen ein Paracord oder ein andere Schnur austauschen kannst, im Hosensack fixieren kannst und gleichzeitig das Messer beim Arbeiten aus dem Pocket Carry Holster entnehmen kannst.\" \/>\n<meta name=\"robots\" content=\"index, follow, max-snippet:-1, max-image-preview:large, max-video-preview:-1\" \/>\n<link rel=\"canonical\" href=\"https:\/\/ueberlebenskunst.at\/survivalshop\/shop\/k4-pocket-carry-fuer-cold-steel-kudo-lite\/\" \/>\n<meta property=\"og:locale\" content=\"de_DE\" \/>\n<meta property=\"og:type\" content=\"article\" \/>\n<meta property=\"og:title\" content=\"K4 Pocket Carry f\u00fcr Cold Steel Kudo Lite -\" \/>\n<meta property=\"og:description\" content=\"Du hast die M\u00f6glichkeit das Klappmesser im Hosensack zu sichern und durch die mitgelieferte Kugelkette, die du nat\u00fcrlich auch gegen ein Paracord oder ein andere Schnur austauschen kannst, im Hosensack fixieren kannst und gleichzeitig das Messer beim Arbeiten aus dem Pocket Carry Holster entnehmen kannst.\" \/>\n<meta property=\"og:url\" content=\"https:\/\/ueberlebenskunst.at\/survivalshop\/shop\/k4-pocket-carry-fuer-cold-steel-kudo-lite\/\" \/>\n<meta property=\"og:site_name\" content=\"Reini Rossmann - Survival Shop\" \/>\n<meta property=\"article:publisher\" content=\"https:\/\/www.facebook.com\/survival24.org\/\" \/>\n<meta property=\"article:modified_time\" content=\"2025-06-26T18:13:23+00:00\" \/>\n<meta property=\"og:image\" content=\"https:\/\/ueberlebenskunst.at\/survivalshop\/wp-content\/uploads\/2023\/05\/K4_Pocket_Carry_Cold-Steel_-Kudo-Lite_KULT91_liegend_ab.jpg\" \/>\n\t<meta property=\"og:image:width\" content=\"400\" \/>\n\t<meta property=\"og:image:height\" content=\"400\" \/>\n\t<meta property=\"og:image:type\" content=\"image\/jpeg\" \/>\n<meta name=\"twitter:card\" content=\"summary_large_image\" \/>\n<meta name=\"twitter:label1\" content=\"Gesch\u00e4tzte Lesezeit\" \/>\n\t<meta name=\"twitter:data1\" content=\"2\u00a0Minuten\" \/>\n<script type=\"application\/ld+json\" class=\"yoast-schema-graph\">{\"@context\":\"https:\/\/schema.org\",\"@graph\":[{\"@type\":\"WebPage\",\"@id\":\"https:\/\/ueberlebenskunst.at\/survivalshop\/shop\/k4-pocket-carry-fuer-cold-steel-kudo-lite\/\",\"url\":\"https:\/\/ueberlebenskunst.at\/survivalshop\/shop\/k4-pocket-carry-fuer-cold-steel-kudo-lite\/\",\"name\":\"K4 Pocket Carry f\u00fcr Cold Steel Kudo Lite -\",\"isPartOf\":{\"@id\":\"https:\/\/ueberlebenskunst.at\/survivalshop\/#website\"},\"primaryImageOfPage\":{\"@id\":\"https:\/\/ueberlebenskunst.at\/survivalshop\/shop\/k4-pocket-carry-fuer-cold-steel-kudo-lite\/#primaryimage\"},\"image\":{\"@id\":\"https:\/\/ueberlebenskunst.at\/survivalshop\/shop\/k4-pocket-carry-fuer-cold-steel-kudo-lite\/#primaryimage\"},\"thumbnailUrl\":\"https:\/\/ueberlebenskunst.at\/survivalshop\/wp-content\/uploads\/2023\/05\/K4_Pocket_Carry_Cold-Steel_-Kudo-Lite_KULT91_liegend_ab.jpg\",\"datePublished\":\"2023-05-25T08:04:47+00:00\",\"dateModified\":\"2025-06-26T18:13:23+00:00\",\"description\":\"Du hast die M\u00f6glichkeit das Klappmesser im Hosensack zu sichern und durch die mitgelieferte Kugelkette, die du nat\u00fcrlich auch gegen ein Paracord oder ein andere Schnur austauschen kannst, im Hosensack fixieren kannst und gleichzeitig das Messer beim Arbeiten aus dem Pocket Carry Holster entnehmen kannst.\",\"breadcrumb\":{\"@id\":\"https:\/\/ueberlebenskunst.at\/survivalshop\/shop\/k4-pocket-carry-fuer-cold-steel-kudo-lite\/#breadcrumb\"},\"inLanguage\":\"de\",\"potentialAction\":[{\"@type\":\"ReadAction\",\"target\":[\"https:\/\/ueberlebenskunst.at\/survivalshop\/shop\/k4-pocket-carry-fuer-cold-steel-kudo-lite\/\"]}]},{\"@type\":\"ImageObject\",\"inLanguage\":\"de\",\"@id\":\"https:\/\/ueberlebenskunst.at\/survivalshop\/shop\/k4-pocket-carry-fuer-cold-steel-kudo-lite\/#primaryimage\",\"url\":\"https:\/\/ueberlebenskunst.at\/survivalshop\/wp-content\/uploads\/2023\/05\/K4_Pocket_Carry_Cold-Steel_-Kudo-Lite_KULT91_liegend_ab.jpg\",\"contentUrl\":\"https:\/\/ueberlebenskunst.at\/survivalshop\/wp-content\/uploads\/2023\/05\/K4_Pocket_Carry_Cold-Steel_-Kudo-Lite_KULT91_liegend_ab.jpg\",\"width\":400,\"height\":400},{\"@type\":\"BreadcrumbList\",\"@id\":\"https:\/\/ueberlebenskunst.at\/survivalshop\/shop\/k4-pocket-carry-fuer-cold-steel-kudo-lite\/#breadcrumb\",\"itemListElement\":[{\"@type\":\"ListItem\",\"position\":1,\"name\":\"Startseite\",\"item\":\"https:\/\/ueberlebenskunst.at\/survivalshop\/\"},{\"@type\":\"ListItem\",\"position\":2,\"name\":\"Shop\",\"item\":\"https:\/\/ueberlebenskunst.at\/survivalshop\/shop\/\"},{\"@type\":\"ListItem\",\"position\":3,\"name\":\"K4 Pocket Carry f\u00fcr Cold Steel Kudo Lite\"}]},{\"@type\":\"WebSite\",\"@id\":\"https:\/\/ueberlebenskunst.at\/survivalshop\/#website\",\"url\":\"https:\/\/ueberlebenskunst.at\/survivalshop\/\",\"name\":\"Reini Rossmann - Survival Shop\",\"description\":\"Survival Shop f\u00fcr Survival, Bushcraft und Prepper\",\"potentialAction\":[{\"@type\":\"SearchAction\",\"target\":{\"@type\":\"EntryPoint\",\"urlTemplate\":\"https:\/\/ueberlebenskunst.at\/survivalshop\/?s={search_term_string}\"},\"query-input\":{\"@type\":\"PropertyValueSpecification\",\"valueRequired\":true,\"valueName\":\"search_term_string\"}}],\"inLanguage\":\"de\"}]}<\/script>\n<!-- \/ Yoast SEO plugin. -->","yoast_head_json":{"title":"K4 Pocket Carry f\u00fcr Cold Steel Kudo Lite -","description":"Du hast die M\u00f6glichkeit das Klappmesser im Hosensack zu sichern und durch die mitgelieferte Kugelkette, die du nat\u00fcrlich auch gegen ein Paracord oder ein andere Schnur austauschen kannst, im Hosensack fixieren kannst und gleichzeitig das Messer beim Arbeiten aus dem Pocket Carry Holster entnehmen kannst.","robots":{"index":"index","follow":"follow","max-snippet":"max-snippet:-1","max-image-preview":"max-image-preview:large","max-video-preview":"max-video-preview:-1"},"canonical":"https:\/\/ueberlebenskunst.at\/survivalshop\/shop\/k4-pocket-carry-fuer-cold-steel-kudo-lite\/","og_locale":"de_DE","og_type":"article","og_title":"K4 Pocket Carry f\u00fcr Cold Steel Kudo Lite -","og_description":"Du hast die M\u00f6glichkeit das Klappmesser im Hosensack zu sichern und durch die mitgelieferte Kugelkette, die du nat\u00fcrlich auch gegen ein Paracord oder ein andere Schnur austauschen kannst, im Hosensack fixieren kannst und gleichzeitig das Messer beim Arbeiten aus dem Pocket Carry Holster entnehmen kannst.","og_url":"https:\/\/ueberlebenskunst.at\/survivalshop\/shop\/k4-pocket-carry-fuer-cold-steel-kudo-lite\/","og_site_name":"Reini Rossmann - Survival Shop","article_publisher":"https:\/\/www.facebook.com\/survival24.org\/","article_modified_time":"2025-06-26T18:13:23+00:00","og_image":[{"width":400,"height":400,"url":"https:\/\/ueberlebenskunst.at\/survivalshop\/wp-content\/uploads\/2023\/05\/K4_Pocket_Carry_Cold-Steel_-Kudo-Lite_KULT91_liegend_ab.jpg","type":"image\/jpeg"}],"twitter_card":"summary_large_image","twitter_misc":{"Gesch\u00e4tzte Lesezeit":"2\u00a0Minuten"},"schema":{"@context":"https:\/\/schema.org","@graph":[{"@type":"WebPage","@id":"https:\/\/ueberlebenskunst.at\/survivalshop\/shop\/k4-pocket-carry-fuer-cold-steel-kudo-lite\/","url":"https:\/\/ueberlebenskunst.at\/survivalshop\/shop\/k4-pocket-carry-fuer-cold-steel-kudo-lite\/","name":"K4 Pocket Carry f\u00fcr Cold Steel Kudo Lite -","isPartOf":{"@id":"https:\/\/ueberlebenskunst.at\/survivalshop\/#website"},"primaryImageOfPage":{"@id":"https:\/\/ueberlebenskunst.at\/survivalshop\/shop\/k4-pocket-carry-fuer-cold-steel-kudo-lite\/#primaryimage"},"image":{"@id":"https:\/\/ueberlebenskunst.at\/survivalshop\/shop\/k4-pocket-carry-fuer-cold-steel-kudo-lite\/#primaryimage"},"thumbnailUrl":"https:\/\/ueberlebenskunst.at\/survivalshop\/wp-content\/uploads\/2023\/05\/K4_Pocket_Carry_Cold-Steel_-Kudo-Lite_KULT91_liegend_ab.jpg","datePublished":"2023-05-25T08:04:47+00:00","dateModified":"2025-06-26T18:13:23+00:00","description":"Du hast die M\u00f6glichkeit das Klappmesser im Hosensack zu sichern und durch die mitgelieferte Kugelkette, die du nat\u00fcrlich auch gegen ein Paracord oder ein andere Schnur austauschen kannst, im Hosensack fixieren kannst und gleichzeitig das Messer beim Arbeiten aus dem Pocket Carry Holster entnehmen kannst.","breadcrumb":{"@id":"https:\/\/ueberlebenskunst.at\/survivalshop\/shop\/k4-pocket-carry-fuer-cold-steel-kudo-lite\/#breadcrumb"},"inLanguage":"de","potentialAction":[{"@type":"ReadAction","target":["https:\/\/ueberlebenskunst.at\/survivalshop\/shop\/k4-pocket-carry-fuer-cold-steel-kudo-lite\/"]}]},{"@type":"ImageObject","inLanguage":"de","@id":"https:\/\/ueberlebenskunst.at\/survivalshop\/shop\/k4-pocket-carry-fuer-cold-steel-kudo-lite\/#primaryimage","url":"https:\/\/ueberlebenskunst.at\/survivalshop\/wp-content\/uploads\/2023\/05\/K4_Pocket_Carry_Cold-Steel_-Kudo-Lite_KULT91_liegend_ab.jpg","contentUrl":"https:\/\/ueberlebenskunst.at\/survivalshop\/wp-content\/uploads\/2023\/05\/K4_Pocket_Carry_Cold-Steel_-Kudo-Lite_KULT91_liegend_ab.jpg","width":400,"height":400},{"@type":"BreadcrumbList","@id":"https:\/\/ueberlebenskunst.at\/survivalshop\/shop\/k4-pocket-carry-fuer-cold-steel-kudo-lite\/#breadcrumb","itemListElement":[{"@type":"ListItem","position":1,"name":"Startseite","item":"https:\/\/ueberlebenskunst.at\/survivalshop\/"},{"@type":"ListItem","position":2,"name":"Shop","item":"https:\/\/ueberlebenskunst.at\/survivalshop\/shop\/"},{"@type":"ListItem","position":3,"name":"K4 Pocket Carry f\u00fcr Cold Steel Kudo Lite"}]},{"@type":"WebSite","@id":"https:\/\/ueberlebenskunst.at\/survivalshop\/#website","url":"https:\/\/ueberlebenskunst.at\/survivalshop\/","name":"Reini Rossmann - Survival Shop","description":"Survival Shop f\u00fcr Survival, Bushcraft und Prepper","potentialAction":[{"@type":"SearchAction","target":{"@type":"EntryPoint","urlTemplate":"https:\/\/ueberlebenskunst.at\/survivalshop\/?s={search_term_string}"},"query-input":{"@type":"PropertyValueSpecification","valueRequired":true,"valueName":"search_term_string"}}],"inLanguage":"de"}]}},"_links":{"self":[{"href":"https:\/\/ueberlebenskunst.at\/survivalshop\/wp-json\/wp\/v2\/product\/135240","targetHints":{"allow":["GET"]}}],"collection":[{"href":"https:\/\/ueberlebenskunst.at\/survivalshop\/wp-json\/wp\/v2\/product"}],"about":[{"href":"https:\/\/ueberlebenskunst.at\/survivalshop\/wp-json\/wp\/v2\/types\/product"}],"replies":[{"embeddable":true,"href":"https:\/\/ueberlebenskunst.at\/survivalshop\/wp-json\/wp\/v2\/comments?post=135240"}],"wp:featuredmedia":[{"embeddable":true,"href":"https:\/\/ueberlebenskunst.at\/survivalshop\/wp-json\/wp\/v2\/media\/135871"}],"wp:attachment":[{"href":"https:\/\/ueberlebenskunst.at\/survivalshop\/wp-json\/wp\/v2\/media?parent=135240"}],"wp:term":[{"taxonomy":"product_brand","embeddable":true,"href":"https:\/\/ueberlebenskunst.at\/survivalshop\/wp-json\/wp\/v2\/product_brand?post=135240"},{"taxonomy":"product_cat","embeddable":true,"href":"https:\/\/ueberlebenskunst.at\/survivalshop\/wp-json\/wp\/v2\/product_cat?post=135240"},{"taxonomy":"product_tag","embeddable":true,"href":"https:\/\/ueberlebenskunst.at\/survivalshop\/wp-json\/wp\/v2\/product_tag?post=135240"}],"curies":[{"name":"wp","href":"https:\/\/api.w.org\/{rel}","templated":true}]}}