{"id":135238,"date":"2023-05-25T09:36:09","date_gmt":"2023-05-25T07:36:09","guid":{"rendered":"https:\/\/ueberlebenskunst.at\/survivalshop\/?post_type=product&#038;p=135238"},"modified":"2026-02-27T09:48:58","modified_gmt":"2026-02-27T08:48:58","slug":"k4-universal-halterung-fuer-victorinox-dual-messerschleifer","status":"publish","type":"product","link":"https:\/\/ueberlebenskunst.at\/survivalshop\/shop\/k4-universal-halterung-fuer-victorinox-dual-messerschleifer\/","title":{"rendered":"K4 Universal Halterung f\u00fcr Victorinox Dual Messerschleifer"},"content":{"rendered":"<p>Unser K4 Universal Halter f\u00fcr das weltweit beliebte Victorinox Dual Schleifsystem ist eine ideale Erg\u00e4nzung, um auf deiner Kydexscheide den Schleifer jederzeit mit dabei zu haben.<\/p>\n<p>Die Idee zu diesem Produkt ist durch viele Anfragen durch unsere Kunden entstanden. Wir haben immer wieder E-Mails und Anrufe erhalten, ob wir in der Lage w\u00e4ren in der Reini Rossmann Werkstatt ein solches Produkt zu kreieren. Gesagt, getan ist nun der K4 Universal Halter f\u00fcr das Victorinox Dual Sharpener-System verf\u00fcgbar. F\u00fcr die meisten Kydexscheiden mit einer Dicke von ca. 4mm ist das System kompatibel. Durch die angebrachten Langl\u00f6cher ist das auch unerheblich wie der Hersteller deines Messers die Befestigungs\u00f6sen in der Kydexscheide umgesetzt hat.<\/p>\n<p>Wie funktioniert das System konkret? Der Victorinox Dual Sharpener hat eine H\u00fclle, in der der Schleifstein eingesteckt wird. Diese H\u00fclle wird durch unsere Universal Halterung fixiert und somit direkt mit dem Messer verbunden. Das gibt dir die M\u00f6glichkeit den Sharpener, also den Schleifstein, direkt aus dieser H\u00fclle zu ziehen und dann dein Messer nachzusch\u00e4rfen.<\/p>\n<p>Mit diesem System wollen wir wieder allen Messerliebhabern und -enthusiasten die M\u00f6glichkeit geben ihre Messer nochmals aufzupeppen und ein weiteres Nutzungs-Spektrum erm\u00f6glichen. Konkret kann dieses System f\u00fcr den Victorinox Dual Sharpener f\u00fcr Survivalisten f\u00fcr die Erweiterung ihres Survival Messers bzw. in Bushcraft Szene eine Bereicherung darstellen.<\/p>\n<p>Wenn du diese Innovation aus der \u00f6sterreichischen Reini Rossmann Werkstatt unterst\u00fctzen willst, bist du hier richtig. Die Entwicklung und Produktion erfolgt in \u00d6sterreich, also innerhalb der Europ\u00e4ischen Union.<\/p>\n<h3><strong>Produktdaten:<\/strong><\/h3>\n<ul>\n<li>Gewicht: 15 g<\/li>\n<li>Abmessungen: 30 x 40 x 68 mm<\/li>\n<\/ul>\n<h3><strong>Passt auf: <\/strong><\/h3>\n<ul>\n<li>Die meisten Kydexscheiden mit ca. 4 mm Dicke<\/li>\n<\/ul>\n<h3><strong>Passendes Zubeh\u00f6r:<\/strong><\/h3>\n<ul>\n<li><a href=\"https:\/\/ueberlebenskunst.at\/survivalshop\/shop\/dual-knife-sharpener\/\" target=\"_blank\" rel=\"noopener\">Victorinox Dual Sharpener Messerschleifer<\/a> 4.3323<\/li>\n<\/ul>\n<h3><strong>Lieferumfang:<\/strong><\/h3>\n<ul>\n<li>Universalhalter inkl. Befestigungsmaterial ohne Messerschleifer<\/li>\n<li><strong>ACHTUNG: auf den Produktbildern befindet sich optionales Zubeh\u00f6r, das im Lieferumfang NICHT enthalten ist.<\/strong><\/li>\n<\/ul>\n<h3><strong>Bedienungs- &amp; Pflegeanleitung<\/strong><\/h3>\n<ul>\n<li>Die Reinigung mit Wasser und Seife ist m\u00f6glich.<\/li>\n<li>Du solltest die Steckscheide nicht direkt in die N\u00e4he von Feuer oder anderen Hitzequellen legen!<\/li>\n<li>Wird deine Steckscheide \u00fcber l\u00e4ngere Zeit sehr kalten Temperaturen unter 0 \u00b0C ausgesetzt, solltest du<br \/>\nin dem Moment darauf achten, dass keine starken Belastungen darauf einwirken.<\/li>\n<\/ul>\n<p>Unsere Produkte sind nicht f\u00fcr Kinder unter 3 Jahren geeignet. Es besteht Verschluckungsgefahr.<\/p>\n<p><a href=\"https:\/\/ueberlebenskunst.at\/survivalshop\/wp-content\/uploads\/2021\/11\/Logo_Kinder.png\"><img decoding=\"async\" class=\"alignnone size-medium wp-image-179571\" src=\"https:\/\/ueberlebenskunst.at\/survivalshop\/wp-content\/uploads\/2021\/11\/Logo_Kinder-300x126.png\" alt=\"\" width=\"300\" height=\"126\" srcset=\"https:\/\/ueberlebenskunst.at\/survivalshop\/wp-content\/uploads\/2021\/11\/Logo_Kinder-300x126.png 300w, https:\/\/ueberlebenskunst.at\/survivalshop\/wp-content\/uploads\/2021\/11\/Logo_Kinder-64x27.png 64w, https:\/\/ueberlebenskunst.at\/survivalshop\/wp-content\/uploads\/2021\/11\/Logo_Kinder.png 401w\" sizes=\"(max-width: 300px) 100vw, 300px\" \/><\/a><\/p>\n<p><span style=\"color: #99cc00;\">Du willst das Produkt in einer anderen Farbe? Schick uns eine E-Mail an shop@ueberlebenskunst.at und wir pr\u00fcfen, ob dein Farbwunsch\u00a0m\u00f6glich\u00a0ist.<\/span><\/p>\n","protected":false},"excerpt":{"rendered":"<p>Unser K4 Universal Halter f\u00fcr das weltweit beliebte Victorinox Dual Schleifsystem ist eine ideale Erg\u00e4nzung, um auf deiner Kydexscheide den Schleifer jederzeit mit dabei zu haben. Die Idee zu diesem Produkt ist durch viele Anfragen durch unsere Kunden entstanden. Wir haben immer wieder E-Mails und Anrufe erhalten, ob wir in der Lage w\u00e4ren in der [&hellip;]<\/p>\n","protected":false},"featured_media":136118,"comment_status":"open","ping_status":"closed","template":"","meta":{"_acf_changed":false},"product_brand":[],"product_cat":[1790,1100],"product_tag":[1739,1631,1340,1147],"class_list":{"0":"post-135238","1":"product","2":"type-product","3":"status-publish","4":"has-post-thumbnail","6":"product_cat-knives-4","7":"product_cat-schaerfegeraete","8":"product_tag-dualsharp","9":"product_tag-k4-schleifen","10":"product_tag-schleifgeraet","11":"product_tag-victorinox","13":"first","14":"instock","15":"taxable","16":"shipping-taxable","17":"purchasable","18":"product-type-variable","19":"has-default-attributes"},"acf":[],"yoast_head":"<!-- This site is optimized with the Yoast SEO plugin v27.1.1 - https:\/\/yoast.com\/product\/yoast-seo-wordpress\/ -->\n<title>K4 Universal Halterung f\u00fcr Victorinox Dual Messerschleifer<\/title>\n<meta name=\"description\" content=\"Unser K4 Universal Halter f\u00fcr das weltweit beliebte Victorinox Dual Schleifsystem ist eine ideale Erg\u00e4nzung, um auf deiner Kydexscheide den Schleifer jederzeit mit dabei zu haben.\" \/>\n<meta name=\"robots\" content=\"index, follow, max-snippet:-1, max-image-preview:large, max-video-preview:-1\" \/>\n<link rel=\"canonical\" href=\"https:\/\/ueberlebenskunst.at\/survivalshop\/shop\/k4-universal-halterung-fuer-victorinox-dual-messerschleifer\/\" \/>\n<meta property=\"og:locale\" content=\"de_DE\" \/>\n<meta property=\"og:type\" content=\"article\" \/>\n<meta property=\"og:title\" content=\"K4 Universal Halterung f\u00fcr Victorinox Dual Messerschleifer\" \/>\n<meta property=\"og:description\" content=\"Unser K4 Universal Halter f\u00fcr das weltweit beliebte Victorinox Dual Schleifsystem ist eine ideale Erg\u00e4nzung, um auf deiner Kydexscheide den Schleifer jederzeit mit dabei zu haben.\" \/>\n<meta property=\"og:url\" content=\"https:\/\/ueberlebenskunst.at\/survivalshop\/shop\/k4-universal-halterung-fuer-victorinox-dual-messerschleifer\/\" \/>\n<meta property=\"og:site_name\" content=\"Reini Rossmann - Survival Shop\" \/>\n<meta property=\"article:publisher\" content=\"https:\/\/www.facebook.com\/survival24.org\/\" \/>\n<meta property=\"article:modified_time\" content=\"2026-02-27T08:48:58+00:00\" \/>\n<meta property=\"og:image\" content=\"https:\/\/ueberlebenskunst.at\/survivalshop\/wp-content\/uploads\/2023\/05\/Universalhalterung_K4_Schleifgeraet_K4Schleifen_Victorinox_VICUNI_Beaver_sk.jpg\" \/>\n\t<meta property=\"og:image:width\" content=\"400\" \/>\n\t<meta property=\"og:image:height\" content=\"400\" \/>\n\t<meta property=\"og:image:type\" content=\"image\/jpeg\" \/>\n<meta name=\"twitter:card\" content=\"summary_large_image\" \/>\n<meta name=\"twitter:label1\" content=\"Gesch\u00e4tzte Lesezeit\" \/>\n\t<meta name=\"twitter:data1\" content=\"3\u00a0Minuten\" \/>\n<script type=\"application\/ld+json\" class=\"yoast-schema-graph\">{\"@context\":\"https:\/\/schema.org\",\"@graph\":[{\"@type\":\"WebPage\",\"@id\":\"https:\/\/ueberlebenskunst.at\/survivalshop\/shop\/k4-universal-halterung-fuer-victorinox-dual-messerschleifer\/\",\"url\":\"https:\/\/ueberlebenskunst.at\/survivalshop\/shop\/k4-universal-halterung-fuer-victorinox-dual-messerschleifer\/\",\"name\":\"K4 Universal Halterung f\u00fcr Victorinox Dual Messerschleifer\",\"isPartOf\":{\"@id\":\"https:\/\/ueberlebenskunst.at\/survivalshop\/#website\"},\"primaryImageOfPage\":{\"@id\":\"https:\/\/ueberlebenskunst.at\/survivalshop\/shop\/k4-universal-halterung-fuer-victorinox-dual-messerschleifer\/#primaryimage\"},\"image\":{\"@id\":\"https:\/\/ueberlebenskunst.at\/survivalshop\/shop\/k4-universal-halterung-fuer-victorinox-dual-messerschleifer\/#primaryimage\"},\"thumbnailUrl\":\"https:\/\/ueberlebenskunst.at\/survivalshop\/wp-content\/uploads\/2023\/05\/Universalhalterung_K4_Schleifgeraet_K4Schleifen_Victorinox_VICUNI_Beaver_sk.jpg\",\"datePublished\":\"2023-05-25T07:36:09+00:00\",\"dateModified\":\"2026-02-27T08:48:58+00:00\",\"description\":\"Unser K4 Universal Halter f\u00fcr das weltweit beliebte Victorinox Dual Schleifsystem ist eine ideale Erg\u00e4nzung, um auf deiner Kydexscheide den Schleifer jederzeit mit dabei zu haben.\",\"breadcrumb\":{\"@id\":\"https:\/\/ueberlebenskunst.at\/survivalshop\/shop\/k4-universal-halterung-fuer-victorinox-dual-messerschleifer\/#breadcrumb\"},\"inLanguage\":\"de\",\"potentialAction\":[{\"@type\":\"ReadAction\",\"target\":[\"https:\/\/ueberlebenskunst.at\/survivalshop\/shop\/k4-universal-halterung-fuer-victorinox-dual-messerschleifer\/\"]}]},{\"@type\":\"ImageObject\",\"inLanguage\":\"de\",\"@id\":\"https:\/\/ueberlebenskunst.at\/survivalshop\/shop\/k4-universal-halterung-fuer-victorinox-dual-messerschleifer\/#primaryimage\",\"url\":\"https:\/\/ueberlebenskunst.at\/survivalshop\/wp-content\/uploads\/2023\/05\/Universalhalterung_K4_Schleifgeraet_K4Schleifen_Victorinox_VICUNI_Beaver_sk.jpg\",\"contentUrl\":\"https:\/\/ueberlebenskunst.at\/survivalshop\/wp-content\/uploads\/2023\/05\/Universalhalterung_K4_Schleifgeraet_K4Schleifen_Victorinox_VICUNI_Beaver_sk.jpg\",\"width\":400,\"height\":400},{\"@type\":\"BreadcrumbList\",\"@id\":\"https:\/\/ueberlebenskunst.at\/survivalshop\/shop\/k4-universal-halterung-fuer-victorinox-dual-messerschleifer\/#breadcrumb\",\"itemListElement\":[{\"@type\":\"ListItem\",\"position\":1,\"name\":\"Startseite\",\"item\":\"https:\/\/ueberlebenskunst.at\/survivalshop\/\"},{\"@type\":\"ListItem\",\"position\":2,\"name\":\"Shop\",\"item\":\"https:\/\/ueberlebenskunst.at\/survivalshop\/shop\/\"},{\"@type\":\"ListItem\",\"position\":3,\"name\":\"K4 Universal Halterung f\u00fcr Victorinox Dual Messerschleifer\"}]},{\"@type\":\"WebSite\",\"@id\":\"https:\/\/ueberlebenskunst.at\/survivalshop\/#website\",\"url\":\"https:\/\/ueberlebenskunst.at\/survivalshop\/\",\"name\":\"Reini Rossmann - Survival Shop\",\"description\":\"Survival Shop f\u00fcr Survival, Bushcraft und Prepper\",\"potentialAction\":[{\"@type\":\"SearchAction\",\"target\":{\"@type\":\"EntryPoint\",\"urlTemplate\":\"https:\/\/ueberlebenskunst.at\/survivalshop\/?s={search_term_string}\"},\"query-input\":{\"@type\":\"PropertyValueSpecification\",\"valueRequired\":true,\"valueName\":\"search_term_string\"}}],\"inLanguage\":\"de\"}]}<\/script>\n<!-- \/ Yoast SEO plugin. -->","yoast_head_json":{"title":"K4 Universal Halterung f\u00fcr Victorinox Dual Messerschleifer","description":"Unser K4 Universal Halter f\u00fcr das weltweit beliebte Victorinox Dual Schleifsystem ist eine ideale Erg\u00e4nzung, um auf deiner Kydexscheide den Schleifer jederzeit mit dabei zu haben.","robots":{"index":"index","follow":"follow","max-snippet":"max-snippet:-1","max-image-preview":"max-image-preview:large","max-video-preview":"max-video-preview:-1"},"canonical":"https:\/\/ueberlebenskunst.at\/survivalshop\/shop\/k4-universal-halterung-fuer-victorinox-dual-messerschleifer\/","og_locale":"de_DE","og_type":"article","og_title":"K4 Universal Halterung f\u00fcr Victorinox Dual Messerschleifer","og_description":"Unser K4 Universal Halter f\u00fcr das weltweit beliebte Victorinox Dual Schleifsystem ist eine ideale Erg\u00e4nzung, um auf deiner Kydexscheide den Schleifer jederzeit mit dabei zu haben.","og_url":"https:\/\/ueberlebenskunst.at\/survivalshop\/shop\/k4-universal-halterung-fuer-victorinox-dual-messerschleifer\/","og_site_name":"Reini Rossmann - Survival Shop","article_publisher":"https:\/\/www.facebook.com\/survival24.org\/","article_modified_time":"2026-02-27T08:48:58+00:00","og_image":[{"width":400,"height":400,"url":"https:\/\/ueberlebenskunst.at\/survivalshop\/wp-content\/uploads\/2023\/05\/Universalhalterung_K4_Schleifgeraet_K4Schleifen_Victorinox_VICUNI_Beaver_sk.jpg","type":"image\/jpeg"}],"twitter_card":"summary_large_image","twitter_misc":{"Gesch\u00e4tzte Lesezeit":"3\u00a0Minuten"},"schema":{"@context":"https:\/\/schema.org","@graph":[{"@type":"WebPage","@id":"https:\/\/ueberlebenskunst.at\/survivalshop\/shop\/k4-universal-halterung-fuer-victorinox-dual-messerschleifer\/","url":"https:\/\/ueberlebenskunst.at\/survivalshop\/shop\/k4-universal-halterung-fuer-victorinox-dual-messerschleifer\/","name":"K4 Universal Halterung f\u00fcr Victorinox Dual Messerschleifer","isPartOf":{"@id":"https:\/\/ueberlebenskunst.at\/survivalshop\/#website"},"primaryImageOfPage":{"@id":"https:\/\/ueberlebenskunst.at\/survivalshop\/shop\/k4-universal-halterung-fuer-victorinox-dual-messerschleifer\/#primaryimage"},"image":{"@id":"https:\/\/ueberlebenskunst.at\/survivalshop\/shop\/k4-universal-halterung-fuer-victorinox-dual-messerschleifer\/#primaryimage"},"thumbnailUrl":"https:\/\/ueberlebenskunst.at\/survivalshop\/wp-content\/uploads\/2023\/05\/Universalhalterung_K4_Schleifgeraet_K4Schleifen_Victorinox_VICUNI_Beaver_sk.jpg","datePublished":"2023-05-25T07:36:09+00:00","dateModified":"2026-02-27T08:48:58+00:00","description":"Unser K4 Universal Halter f\u00fcr das weltweit beliebte Victorinox Dual Schleifsystem ist eine ideale Erg\u00e4nzung, um auf deiner Kydexscheide den Schleifer jederzeit mit dabei zu haben.","breadcrumb":{"@id":"https:\/\/ueberlebenskunst.at\/survivalshop\/shop\/k4-universal-halterung-fuer-victorinox-dual-messerschleifer\/#breadcrumb"},"inLanguage":"de","potentialAction":[{"@type":"ReadAction","target":["https:\/\/ueberlebenskunst.at\/survivalshop\/shop\/k4-universal-halterung-fuer-victorinox-dual-messerschleifer\/"]}]},{"@type":"ImageObject","inLanguage":"de","@id":"https:\/\/ueberlebenskunst.at\/survivalshop\/shop\/k4-universal-halterung-fuer-victorinox-dual-messerschleifer\/#primaryimage","url":"https:\/\/ueberlebenskunst.at\/survivalshop\/wp-content\/uploads\/2023\/05\/Universalhalterung_K4_Schleifgeraet_K4Schleifen_Victorinox_VICUNI_Beaver_sk.jpg","contentUrl":"https:\/\/ueberlebenskunst.at\/survivalshop\/wp-content\/uploads\/2023\/05\/Universalhalterung_K4_Schleifgeraet_K4Schleifen_Victorinox_VICUNI_Beaver_sk.jpg","width":400,"height":400},{"@type":"BreadcrumbList","@id":"https:\/\/ueberlebenskunst.at\/survivalshop\/shop\/k4-universal-halterung-fuer-victorinox-dual-messerschleifer\/#breadcrumb","itemListElement":[{"@type":"ListItem","position":1,"name":"Startseite","item":"https:\/\/ueberlebenskunst.at\/survivalshop\/"},{"@type":"ListItem","position":2,"name":"Shop","item":"https:\/\/ueberlebenskunst.at\/survivalshop\/shop\/"},{"@type":"ListItem","position":3,"name":"K4 Universal Halterung f\u00fcr Victorinox Dual Messerschleifer"}]},{"@type":"WebSite","@id":"https:\/\/ueberlebenskunst.at\/survivalshop\/#website","url":"https:\/\/ueberlebenskunst.at\/survivalshop\/","name":"Reini Rossmann - Survival Shop","description":"Survival Shop f\u00fcr Survival, Bushcraft und Prepper","potentialAction":[{"@type":"SearchAction","target":{"@type":"EntryPoint","urlTemplate":"https:\/\/ueberlebenskunst.at\/survivalshop\/?s={search_term_string}"},"query-input":{"@type":"PropertyValueSpecification","valueRequired":true,"valueName":"search_term_string"}}],"inLanguage":"de"}]}},"_links":{"self":[{"href":"https:\/\/ueberlebenskunst.at\/survivalshop\/wp-json\/wp\/v2\/product\/135238","targetHints":{"allow":["GET"]}}],"collection":[{"href":"https:\/\/ueberlebenskunst.at\/survivalshop\/wp-json\/wp\/v2\/product"}],"about":[{"href":"https:\/\/ueberlebenskunst.at\/survivalshop\/wp-json\/wp\/v2\/types\/product"}],"replies":[{"embeddable":true,"href":"https:\/\/ueberlebenskunst.at\/survivalshop\/wp-json\/wp\/v2\/comments?post=135238"}],"wp:featuredmedia":[{"embeddable":true,"href":"https:\/\/ueberlebenskunst.at\/survivalshop\/wp-json\/wp\/v2\/media\/136118"}],"wp:attachment":[{"href":"https:\/\/ueberlebenskunst.at\/survivalshop\/wp-json\/wp\/v2\/media?parent=135238"}],"wp:term":[{"taxonomy":"product_brand","embeddable":true,"href":"https:\/\/ueberlebenskunst.at\/survivalshop\/wp-json\/wp\/v2\/product_brand?post=135238"},{"taxonomy":"product_cat","embeddable":true,"href":"https:\/\/ueberlebenskunst.at\/survivalshop\/wp-json\/wp\/v2\/product_cat?post=135238"},{"taxonomy":"product_tag","embeddable":true,"href":"https:\/\/ueberlebenskunst.at\/survivalshop\/wp-json\/wp\/v2\/product_tag?post=135238"}],"curies":[{"name":"wp","href":"https:\/\/api.w.org\/{rel}","templated":true}]}}