{"id":133793,"date":"2023-04-26T12:03:43","date_gmt":"2023-04-26T10:03:43","guid":{"rendered":"https:\/\/ueberlebenskunst.at\/survivalshop\/?post_type=product&#038;p=133793"},"modified":"2025-12-09T11:05:37","modified_gmt":"2025-12-09T10:05:37","slug":"k4-all-day-carry-huelle-fuer-japan-army-pen-knife","status":"publish","type":"product","link":"https:\/\/ueberlebenskunst.at\/survivalshop\/shop\/k4-all-day-carry-huelle-fuer-japan-army-pen-knife\/","title":{"rendered":"K4 All Day Carry H\u00fclle f\u00fcr Japan Army Pen Knife"},"content":{"rendered":"<p>Unsere K4 All Day Carry Scheide f\u00fcr das historische, japanische Armeemesser gibt es in unterschiedlichen Variationen, die wir dir an dieser Stelle genauer beschreiben. Die erste Version ist eine einfache Steckh\u00fclle, die als Pocket Carry gedacht ist. Der gro\u00dfe Vorteil dieser Steckscheide liegt darin, dass das Messer im Hosensack oder in einer anderen Transporteinheit (Rucksack, EDC Pack usw.) nicht selbstst\u00e4ndig aufgehen kann.<\/p>\n<p>Diese einfache Pocket Carry Scheide gibt es auch als Neck Carry, das bedeutet du kannst das Messer dann auch mit Hilfe der im Lieferumfang enthaltenen Kugelkette um den Hals tragen bzw. im Hosensack gesichert transportieren. Zus\u00e4tzlich bieten wir dir noch eine weitere Every Day Carry Scheide an. Und zwar mit unserer K4 Mini EDC Lampe, die nat\u00fcrlich im Lieferumfang enthalten ist, in Kombination mit der Halterung f\u00fcr ein Mini BIC Feuerzeug.<\/p>\n<p>Bei allen Produkten ist das Messer selbst NICHT im Lieferumfang enthalten und kann an dieser Stelle dazubestellt werden: <a href=\"https:\/\/ueberlebenskunst.at\/survivalshop\/shop\/history-knife-tool-japanese-army-pen-knife-saw-hawkbill\/\" target=\"_blank\" rel=\"noopener\">History Knife &amp; Tool Japanese Army Pen Knife Saw &amp; Hawkbill.<\/a><\/p>\n<h3><strong>Produktdaten Steckh\u00fclle:<br \/>\n<\/strong><\/h3>\n<ul>\n<li>Gewicht: 9 g<\/li>\n<li>Abmessungen: 13 x 24 x 52,5 mm<\/li>\n<li>Lieferumfang: nur die H\u00fclle, exklusive Messer<\/li>\n<\/ul>\n<h3><strong>Produktdaten Steckh\u00fclle + K4 Lampe Mini + Kugelkette:<br \/>\n<\/strong><\/h3>\n<ul>\n<li>Gewicht: 17 g H\u00fclle, 27 g inkl. Lampe<\/li>\n<li>Abmessungen: 33 x 24 x 52,5 mm<\/li>\n<li>Lieferumfang: ADC H\u00fclle, K4 Lampe Mini, Kugelkette, exklusive Messer<\/li>\n<\/ul>\n<h3><strong>Produktdaten Steckh\u00fclle f\u00fcr BIC25 + K4 Lampe Mini + Kugelkette:<br \/>\n<\/strong><\/h3>\n<ul>\n<li>Gewicht: 23 g H\u00fclle, 33 g inkl. Lampe<\/li>\n<li>Abmessungen: 46 x 26 x 52,5 mm<\/li>\n<li>Lieferumfang: ADC H\u00fclle, K4 Lampe Mini, Kugelkette, exklusive Messer, exklusive BIC25<\/li>\n<\/ul>\n<h3><strong>Passt auf:<br \/>\n<\/strong><\/h3>\n<ul>\n<li><a href=\"https:\/\/ueberlebenskunst.at\/survivalshop\/shop\/history-knife-tool-japanese-army-pen-knife-saw-hawkbill\/\" target=\"_blank\" rel=\"noopener\">History Knife &amp; Tool Japanese Army Pen Knife Saw &amp; Hawkbill<\/a><\/li>\n<\/ul>\n<h3><strong>Bedienungs- &amp; Pflegeanleitung:<\/strong><\/h3>\n<ul>\n<li>Die Reinigung mit Seife und Wasser ist m\u00f6glich.<\/li>\n<li>Du solltest das Produkt nicht direkt in die N\u00e4he von Feuer oder anderen Hitzequellen legen!<\/li>\n<li>Wird es \u00fcber l\u00e4ngere Zeit sehr kalten Temperaturen unter 0 \u00b0C ausgesetzt, solltest du in dem Moment darauf achten, dass keine starken Belastungen darauf einwirken.<\/li>\n<\/ul>\n<p>Unsere Produkte sind nicht f\u00fcr Kinder unter 3 Jahren geeignet. Es besteht Verschluckungsgefahr.<\/p>\n<p><a href=\"https:\/\/ueberlebenskunst.at\/survivalshop\/wp-content\/uploads\/2021\/11\/Logo_Kinder.png\"><img decoding=\"async\" class=\"alignnone size-medium wp-image-179571\" src=\"https:\/\/ueberlebenskunst.at\/survivalshop\/wp-content\/uploads\/2021\/11\/Logo_Kinder-300x126.png\" alt=\"\" width=\"300\" height=\"126\" srcset=\"https:\/\/ueberlebenskunst.at\/survivalshop\/wp-content\/uploads\/2021\/11\/Logo_Kinder-300x126.png 300w, https:\/\/ueberlebenskunst.at\/survivalshop\/wp-content\/uploads\/2021\/11\/Logo_Kinder-64x27.png 64w, https:\/\/ueberlebenskunst.at\/survivalshop\/wp-content\/uploads\/2021\/11\/Logo_Kinder.png 401w\" sizes=\"(max-width: 300px) 100vw, 300px\" \/><\/a><\/p>\n<p><span style=\"color: #99cc00;\">Du willst das Produkt in einer anderen Farbe? Schick uns eine E-Mail an shop@ueberlebenskunst.at und wir pr\u00fcfen, ob dein Farbwunsch\u00a0m\u00f6glich\u00a0ist.<\/span><\/p>\n","protected":false},"excerpt":{"rendered":"<p>Unsere K4 All Day Carry Scheide f\u00fcr das historische, japanische Armeemesser gibt es in unterschiedlichen Variationen, die wir dir an dieser Stelle genauer beschreiben. Die erste Version ist eine einfache Steckh\u00fclle, die als Pocket Carry gedacht ist. Der gro\u00dfe Vorteil dieser Steckscheide liegt darin, dass das Messer im Hosensack oder in einer anderen Transporteinheit (Rucksack, [&hellip;]<\/p>\n","protected":false},"featured_media":137485,"comment_status":"open","ping_status":"closed","template":"","meta":{"_acf_changed":false},"product_brand":[],"product_cat":[2389],"product_tag":[1667,1256,1255],"class_list":{"0":"post-133793","1":"product","2":"type-product","3":"status-publish","4":"has-post-thumbnail","6":"product_cat-flohmarkt","7":"product_tag-adc","8":"product_tag-k4","9":"product_tag-knives4","11":"first","12":"instock","13":"sale","14":"taxable","15":"shipping-taxable","16":"purchasable","17":"product-type-variable","18":"has-default-attributes"},"acf":[],"yoast_head":"<!-- This site is optimized with the Yoast SEO plugin v27.1.1 - https:\/\/yoast.com\/product\/yoast-seo-wordpress\/ -->\n<title>K4 All Day Carry H\u00fclle f\u00fcr Japan Army Pen Knife - Reini Rossmann - Survival Shop<\/title>\n<meta name=\"robots\" content=\"index, follow, max-snippet:-1, max-image-preview:large, max-video-preview:-1\" \/>\n<link rel=\"canonical\" href=\"https:\/\/ueberlebenskunst.at\/survivalshop\/shop\/k4-all-day-carry-huelle-fuer-japan-army-pen-knife\/\" \/>\n<meta property=\"og:locale\" content=\"de_DE\" \/>\n<meta property=\"og:type\" content=\"article\" \/>\n<meta property=\"og:title\" content=\"K4 All Day Carry H\u00fclle f\u00fcr Japan Army Pen Knife - Reini Rossmann - Survival Shop\" \/>\n<meta property=\"og:description\" content=\"Unsere K4 All Day Carry Scheide f\u00fcr das historische, japanische Armeemesser gibt es in unterschiedlichen Variationen, die wir dir an dieser Stelle genauer beschreiben. Die erste Version ist eine einfache Steckh\u00fclle, die als Pocket Carry gedacht ist. Der gro\u00dfe Vorteil dieser Steckscheide liegt darin, dass das Messer im Hosensack oder in einer anderen Transporteinheit (Rucksack, [&hellip;]\" \/>\n<meta property=\"og:url\" content=\"https:\/\/ueberlebenskunst.at\/survivalshop\/shop\/k4-all-day-carry-huelle-fuer-japan-army-pen-knife\/\" \/>\n<meta property=\"og:site_name\" content=\"Reini Rossmann - Survival Shop\" \/>\n<meta property=\"article:publisher\" content=\"https:\/\/www.facebook.com\/survival24.org\/\" \/>\n<meta property=\"article:modified_time\" content=\"2025-12-09T10:05:37+00:00\" \/>\n<meta property=\"og:image\" content=\"https:\/\/ueberlebenskunst.at\/survivalshop\/wp-content\/uploads\/2023\/04\/K4_ADC_Huelle_Japan_Army_Pen_Knife_JAP09_haengend_sk-1.jpg\" \/>\n\t<meta property=\"og:image:width\" content=\"400\" \/>\n\t<meta property=\"og:image:height\" content=\"400\" \/>\n\t<meta property=\"og:image:type\" content=\"image\/jpeg\" \/>\n<meta name=\"twitter:card\" content=\"summary_large_image\" \/>\n<meta name=\"twitter:label1\" content=\"Gesch\u00e4tzte Lesezeit\" \/>\n\t<meta name=\"twitter:data1\" content=\"3\u00a0Minuten\" \/>\n<script type=\"application\/ld+json\" class=\"yoast-schema-graph\">{\"@context\":\"https:\/\/schema.org\",\"@graph\":[{\"@type\":\"WebPage\",\"@id\":\"https:\/\/ueberlebenskunst.at\/survivalshop\/shop\/k4-all-day-carry-huelle-fuer-japan-army-pen-knife\/\",\"url\":\"https:\/\/ueberlebenskunst.at\/survivalshop\/shop\/k4-all-day-carry-huelle-fuer-japan-army-pen-knife\/\",\"name\":\"K4 All Day Carry H\u00fclle f\u00fcr Japan Army Pen Knife - Reini Rossmann - Survival Shop\",\"isPartOf\":{\"@id\":\"https:\/\/ueberlebenskunst.at\/survivalshop\/#website\"},\"primaryImageOfPage\":{\"@id\":\"https:\/\/ueberlebenskunst.at\/survivalshop\/shop\/k4-all-day-carry-huelle-fuer-japan-army-pen-knife\/#primaryimage\"},\"image\":{\"@id\":\"https:\/\/ueberlebenskunst.at\/survivalshop\/shop\/k4-all-day-carry-huelle-fuer-japan-army-pen-knife\/#primaryimage\"},\"thumbnailUrl\":\"https:\/\/ueberlebenskunst.at\/survivalshop\/wp-content\/uploads\/2023\/04\/K4_ADC_Huelle_Japan_Army_Pen_Knife_JAP09_haengend_sk-1.jpg\",\"datePublished\":\"2023-04-26T10:03:43+00:00\",\"dateModified\":\"2025-12-09T10:05:37+00:00\",\"breadcrumb\":{\"@id\":\"https:\/\/ueberlebenskunst.at\/survivalshop\/shop\/k4-all-day-carry-huelle-fuer-japan-army-pen-knife\/#breadcrumb\"},\"inLanguage\":\"de\",\"potentialAction\":[{\"@type\":\"ReadAction\",\"target\":[\"https:\/\/ueberlebenskunst.at\/survivalshop\/shop\/k4-all-day-carry-huelle-fuer-japan-army-pen-knife\/\"]}]},{\"@type\":\"ImageObject\",\"inLanguage\":\"de\",\"@id\":\"https:\/\/ueberlebenskunst.at\/survivalshop\/shop\/k4-all-day-carry-huelle-fuer-japan-army-pen-knife\/#primaryimage\",\"url\":\"https:\/\/ueberlebenskunst.at\/survivalshop\/wp-content\/uploads\/2023\/04\/K4_ADC_Huelle_Japan_Army_Pen_Knife_JAP09_haengend_sk-1.jpg\",\"contentUrl\":\"https:\/\/ueberlebenskunst.at\/survivalshop\/wp-content\/uploads\/2023\/04\/K4_ADC_Huelle_Japan_Army_Pen_Knife_JAP09_haengend_sk-1.jpg\",\"width\":400,\"height\":400},{\"@type\":\"BreadcrumbList\",\"@id\":\"https:\/\/ueberlebenskunst.at\/survivalshop\/shop\/k4-all-day-carry-huelle-fuer-japan-army-pen-knife\/#breadcrumb\",\"itemListElement\":[{\"@type\":\"ListItem\",\"position\":1,\"name\":\"Startseite\",\"item\":\"https:\/\/ueberlebenskunst.at\/survivalshop\/\"},{\"@type\":\"ListItem\",\"position\":2,\"name\":\"Shop\",\"item\":\"https:\/\/ueberlebenskunst.at\/survivalshop\/shop\/\"},{\"@type\":\"ListItem\",\"position\":3,\"name\":\"K4 All Day Carry H\u00fclle f\u00fcr Japan Army Pen Knife\"}]},{\"@type\":\"WebSite\",\"@id\":\"https:\/\/ueberlebenskunst.at\/survivalshop\/#website\",\"url\":\"https:\/\/ueberlebenskunst.at\/survivalshop\/\",\"name\":\"Reini Rossmann - Survival Shop\",\"description\":\"Survival Shop f\u00fcr Survival, Bushcraft und Prepper\",\"potentialAction\":[{\"@type\":\"SearchAction\",\"target\":{\"@type\":\"EntryPoint\",\"urlTemplate\":\"https:\/\/ueberlebenskunst.at\/survivalshop\/?s={search_term_string}\"},\"query-input\":{\"@type\":\"PropertyValueSpecification\",\"valueRequired\":true,\"valueName\":\"search_term_string\"}}],\"inLanguage\":\"de\"}]}<\/script>\n<!-- \/ Yoast SEO plugin. -->","yoast_head_json":{"title":"K4 All Day Carry H\u00fclle f\u00fcr Japan Army Pen Knife - Reini Rossmann - Survival Shop","robots":{"index":"index","follow":"follow","max-snippet":"max-snippet:-1","max-image-preview":"max-image-preview:large","max-video-preview":"max-video-preview:-1"},"canonical":"https:\/\/ueberlebenskunst.at\/survivalshop\/shop\/k4-all-day-carry-huelle-fuer-japan-army-pen-knife\/","og_locale":"de_DE","og_type":"article","og_title":"K4 All Day Carry H\u00fclle f\u00fcr Japan Army Pen Knife - Reini Rossmann - Survival Shop","og_description":"Unsere K4 All Day Carry Scheide f\u00fcr das historische, japanische Armeemesser gibt es in unterschiedlichen Variationen, die wir dir an dieser Stelle genauer beschreiben. Die erste Version ist eine einfache Steckh\u00fclle, die als Pocket Carry gedacht ist. Der gro\u00dfe Vorteil dieser Steckscheide liegt darin, dass das Messer im Hosensack oder in einer anderen Transporteinheit (Rucksack, [&hellip;]","og_url":"https:\/\/ueberlebenskunst.at\/survivalshop\/shop\/k4-all-day-carry-huelle-fuer-japan-army-pen-knife\/","og_site_name":"Reini Rossmann - Survival Shop","article_publisher":"https:\/\/www.facebook.com\/survival24.org\/","article_modified_time":"2025-12-09T10:05:37+00:00","og_image":[{"width":400,"height":400,"url":"https:\/\/ueberlebenskunst.at\/survivalshop\/wp-content\/uploads\/2023\/04\/K4_ADC_Huelle_Japan_Army_Pen_Knife_JAP09_haengend_sk-1.jpg","type":"image\/jpeg"}],"twitter_card":"summary_large_image","twitter_misc":{"Gesch\u00e4tzte Lesezeit":"3\u00a0Minuten"},"schema":{"@context":"https:\/\/schema.org","@graph":[{"@type":"WebPage","@id":"https:\/\/ueberlebenskunst.at\/survivalshop\/shop\/k4-all-day-carry-huelle-fuer-japan-army-pen-knife\/","url":"https:\/\/ueberlebenskunst.at\/survivalshop\/shop\/k4-all-day-carry-huelle-fuer-japan-army-pen-knife\/","name":"K4 All Day Carry H\u00fclle f\u00fcr Japan Army Pen Knife - Reini Rossmann - Survival Shop","isPartOf":{"@id":"https:\/\/ueberlebenskunst.at\/survivalshop\/#website"},"primaryImageOfPage":{"@id":"https:\/\/ueberlebenskunst.at\/survivalshop\/shop\/k4-all-day-carry-huelle-fuer-japan-army-pen-knife\/#primaryimage"},"image":{"@id":"https:\/\/ueberlebenskunst.at\/survivalshop\/shop\/k4-all-day-carry-huelle-fuer-japan-army-pen-knife\/#primaryimage"},"thumbnailUrl":"https:\/\/ueberlebenskunst.at\/survivalshop\/wp-content\/uploads\/2023\/04\/K4_ADC_Huelle_Japan_Army_Pen_Knife_JAP09_haengend_sk-1.jpg","datePublished":"2023-04-26T10:03:43+00:00","dateModified":"2025-12-09T10:05:37+00:00","breadcrumb":{"@id":"https:\/\/ueberlebenskunst.at\/survivalshop\/shop\/k4-all-day-carry-huelle-fuer-japan-army-pen-knife\/#breadcrumb"},"inLanguage":"de","potentialAction":[{"@type":"ReadAction","target":["https:\/\/ueberlebenskunst.at\/survivalshop\/shop\/k4-all-day-carry-huelle-fuer-japan-army-pen-knife\/"]}]},{"@type":"ImageObject","inLanguage":"de","@id":"https:\/\/ueberlebenskunst.at\/survivalshop\/shop\/k4-all-day-carry-huelle-fuer-japan-army-pen-knife\/#primaryimage","url":"https:\/\/ueberlebenskunst.at\/survivalshop\/wp-content\/uploads\/2023\/04\/K4_ADC_Huelle_Japan_Army_Pen_Knife_JAP09_haengend_sk-1.jpg","contentUrl":"https:\/\/ueberlebenskunst.at\/survivalshop\/wp-content\/uploads\/2023\/04\/K4_ADC_Huelle_Japan_Army_Pen_Knife_JAP09_haengend_sk-1.jpg","width":400,"height":400},{"@type":"BreadcrumbList","@id":"https:\/\/ueberlebenskunst.at\/survivalshop\/shop\/k4-all-day-carry-huelle-fuer-japan-army-pen-knife\/#breadcrumb","itemListElement":[{"@type":"ListItem","position":1,"name":"Startseite","item":"https:\/\/ueberlebenskunst.at\/survivalshop\/"},{"@type":"ListItem","position":2,"name":"Shop","item":"https:\/\/ueberlebenskunst.at\/survivalshop\/shop\/"},{"@type":"ListItem","position":3,"name":"K4 All Day Carry H\u00fclle f\u00fcr Japan Army Pen Knife"}]},{"@type":"WebSite","@id":"https:\/\/ueberlebenskunst.at\/survivalshop\/#website","url":"https:\/\/ueberlebenskunst.at\/survivalshop\/","name":"Reini Rossmann - Survival Shop","description":"Survival Shop f\u00fcr Survival, Bushcraft und Prepper","potentialAction":[{"@type":"SearchAction","target":{"@type":"EntryPoint","urlTemplate":"https:\/\/ueberlebenskunst.at\/survivalshop\/?s={search_term_string}"},"query-input":{"@type":"PropertyValueSpecification","valueRequired":true,"valueName":"search_term_string"}}],"inLanguage":"de"}]}},"_links":{"self":[{"href":"https:\/\/ueberlebenskunst.at\/survivalshop\/wp-json\/wp\/v2\/product\/133793","targetHints":{"allow":["GET"]}}],"collection":[{"href":"https:\/\/ueberlebenskunst.at\/survivalshop\/wp-json\/wp\/v2\/product"}],"about":[{"href":"https:\/\/ueberlebenskunst.at\/survivalshop\/wp-json\/wp\/v2\/types\/product"}],"replies":[{"embeddable":true,"href":"https:\/\/ueberlebenskunst.at\/survivalshop\/wp-json\/wp\/v2\/comments?post=133793"}],"wp:featuredmedia":[{"embeddable":true,"href":"https:\/\/ueberlebenskunst.at\/survivalshop\/wp-json\/wp\/v2\/media\/137485"}],"wp:attachment":[{"href":"https:\/\/ueberlebenskunst.at\/survivalshop\/wp-json\/wp\/v2\/media?parent=133793"}],"wp:term":[{"taxonomy":"product_brand","embeddable":true,"href":"https:\/\/ueberlebenskunst.at\/survivalshop\/wp-json\/wp\/v2\/product_brand?post=133793"},{"taxonomy":"product_cat","embeddable":true,"href":"https:\/\/ueberlebenskunst.at\/survivalshop\/wp-json\/wp\/v2\/product_cat?post=133793"},{"taxonomy":"product_tag","embeddable":true,"href":"https:\/\/ueberlebenskunst.at\/survivalshop\/wp-json\/wp\/v2\/product_tag?post=133793"}],"curies":[{"name":"wp","href":"https:\/\/api.w.org\/{rel}","templated":true}]}}