{"id":131232,"date":"2023-03-22T09:36:35","date_gmt":"2023-03-22T08:36:35","guid":{"rendered":"https:\/\/ueberlebenskunst.at\/survivalshop\/?post_type=product&#038;p=131232"},"modified":"2026-03-26T15:05:22","modified_gmt":"2026-03-26T14:05:22","slug":"steambowstinger2seitlichepicatinny","status":"publish","type":"product","link":"https:\/\/ueberlebenskunst.at\/survivalshop\/shop\/steambowstinger2seitlichepicatinny\/","title":{"rendered":"Seitliche Picatinny Schienen f\u00fcr Steambow Stinger 2"},"content":{"rendered":"<h3>Picatinny Aufsatz mit seitlicher Picatinny und Klemmhalterung<\/h3>\n<p>Unsere 2er Picatinny mit Universalklemme ist mit dem Magazin der Steambow Stinger 2 kompatibel. Die Idee hinter diesem Produkt ist es eine seitliche Picatinnyschiene, sowie eine seitliche Aufnahme f\u00fcr Lampe, Laser oder f\u00fcr unsere Universal Container zu erm\u00f6glichen, ohne, dass du als Kunde handwerklich an dem Magazin arbeiten musst.<br \/>\nGemacht in der Reini Rossmann Werkstatt in \u00d6sterreich soll dieses Armbrustzubeh\u00f6r es jedem einfach machen eine seitliche Picatinnyschiene, sowie eine Universalaufnahme in 19 mm zu montieren. Du fixierst diese Picatinnyschiene an den Frontbereich des Magazins durch einfaches Anschrauben mit 2 im Lieferumfang enthaltenen, passenden M4 Schrauben.<br \/>\nDer Aufsatz h\u00e4lt bombenfest und ist am oberen Bereich mit einem Kimme Korn System ausgestattet.<\/p>\n<p>Wir wollen dir mit diesem Produkt die M\u00f6glichkeit bieten schnell und einfach deine Steambow Stinger Tactical oder Compact individuell f\u00fcr dich anzupassen.<\/p>\n<p>Selbstverst\u00e4ndlich ist unsere Picatinnyschiene kompatibel mit dem <a href=\"https:\/\/ueberlebenskunst.at\/survivalshop\/shop\/steambow-stinger-pfeilkoecher\/\" target=\"_blank\" rel=\"noopener\">Steambow Pfeilk\u00f6cher<\/a> und dem <a href=\"https:\/\/ueberlebenskunst.at\/survivalshop\/shop\/ar-series-messer-k-1\/\" target=\"_blank\" rel=\"noopener\">Steambow K-1 Messer<\/a>.<\/p>\n<p>In die 19 mm Universalklemme kannst du unsere <a href=\"https:\/\/ueberlebenskunst.at\/survivalshop\/shop\/batterie-container\/\" target=\"_blank\" rel=\"noopener\">Batterie<\/a>&#8211; oder <a href=\"https:\/\/ueberlebenskunst.at\/survivalshop\/shop\/wachs-container-fuer-universal-picatinnyhalterung\/\" target=\"_blank\" rel=\"noopener\">Wachscontainer<\/a> integrieren sowie unsere <a href=\"https:\/\/ueberlebenskunst.at\/survivalshop\/shop\/montageblock\/\" target=\"_blank\" rel=\"noopener\">Montagebl\u00f6cke 19<\/a>, aber auch einen <a href=\"https:\/\/ueberlebenskunst.at\/survivalshop\/shop\/gruener-laser\/\" target=\"_blank\" rel=\"noopener\">Laser gr\u00fcn f\u00fcr Bogensport<\/a> sowie die <a href=\"https:\/\/ueberlebenskunst.at\/survivalshop\/shop\/stinger-ar-6-lampe-einzeln-ohne-montage\/\" target=\"_blank\" rel=\"noopener\">Steambow Stinger AR-6 taktische Taschenlampe<\/a>. Unser Produkt soll dir maximale Flexibilit\u00e4t bieten und die M\u00f6glichkeit deine Steambow Stinger Tactical oder Compact perfekt an deine Bed\u00fcrfnisse anzupassen.<\/p>\n<h3><strong>Produktdaten:<\/strong><\/h3>\n<ul>\n<li>Gewicht: 58 g<\/li>\n<li>Abmessungen: 45 x 68 x 73 mm<\/li>\n<li>Klemmdurchmesser: 19 mm<\/li>\n<\/ul>\n<h3><strong>Passt auf:<\/strong><\/h3>\n<ul>\n<li><a href=\"https:\/\/ueberlebenskunst.at\/survivalshop\/shop\/ar-6-stinger-2-polymer-magazin-inkl-montagematerial\/\" target=\"_blank\" rel=\"noopener\">Stinger 2 Magazin<\/a><\/li>\n<\/ul>\n<h3><\/h3>\n<h3>Picatinny Aufsatz mit 2 seitlichen Picatinny Schienen<\/h3>\n<p>Die 3fach Picatinny Schiene Made in Austria aus der Reini Rossmann Werkstatt ist die ideale Erg\u00e4nzung, um auf deine Steambow Stinger Tactical oder deine Compact 2 seitliche Picatinnyschienen ohne bohren und ohne handwerkliches Geschick aufschieben zu k\u00f6nnen. D.h. du hast die seitlichen Picatinnyschienen und auf der Oberseite eine weitere erh\u00f6hte Picatinnyschiene mit einer Kimme \/ Korn Funktionalit\u00e4t.<\/p>\n<p>Wichtig ist, dass du nichts bohren und keine Adaptionen am Magazin durchf\u00fchren musst. Was bedeutet das? Du schiebst die dreifache Picatinnyschiene auf das Magazin auf. Fixierst es mit den 2 mitgelieferten Schrauben, und fertig sind deine 2 seitlichen Picatinnyschienen.<\/p>\n<p>Dieses Produkt ist f\u00fcr all jene Kunden, die selbst am Magazin keine Hand anlegen wollen, aber dennoch die Vorteile von Picatinnyschienen f\u00fcr die Montage von Pfeilk\u00f6cher und\/oder Messer w\u00fcnschen.<\/p>\n<h3><strong>Produktdaten:<\/strong><\/h3>\n<ul>\n<li>Gewicht: 60 g<\/li>\n<li>Abmessungen: 40 x 46 x 73 mm<\/li>\n<\/ul>\n<h3><strong>Lieferumfang:<\/strong><\/h3>\n<ul>\n<li>2er Picatinny mit 19 mm Klemmhalter<\/li>\n<li>Montagematerial<\/li>\n<\/ul>\n<h3><strong>Passendes Zubeh\u00f6r:<\/strong><\/h3>\n<ul>\n<li><a href=\"https:\/\/ueberlebenskunst.at\/survivalshop\/shop\/ar-series-messer-k-1\/\" target=\"_blank\" rel=\"noopener\">AR-Series &#8211; Messer K-1<\/a><\/li>\n<li><a href=\"https:\/\/ueberlebenskunst.at\/survivalshop\/shop\/leuchtpunkt-reflexvisier\/\" target=\"_blank\" rel=\"noopener\">Reflexvisier<\/a><\/li>\n<li><a href=\"https:\/\/ueberlebenskunst.at\/survivalshop\/shop\/steambow-stinger-pfeilkoecher\/\" target=\"_blank\" rel=\"noopener\">Steambow Pfeilk\u00f6cher<\/a><\/li>\n<li><a href=\"https:\/\/ueberlebenskunst.at\/survivalshop\/shop\/gruener-laser\/\" target=\"_blank\" rel=\"noopener\">Laser gr\u00fcn f\u00fcr Bogensport Universal Halterung<\/a><\/li>\n<li><a href=\"https:\/\/ueberlebenskunst.at\/survivalshop\/shop\/stinger-ar-6-lampe-einzeln-ohne-montage\/\" target=\"_blank\" rel=\"noopener\">Stinger AR-6 Lampe<\/a><\/li>\n<li><a href=\"https:\/\/ueberlebenskunst.at\/survivalshop\/shop\/wachs-container-fuer-universal-picatinnyhalterung\/\" target=\"_blank\" rel=\"noopener\">Wachscontainer<\/a><\/li>\n<li><a href=\"https:\/\/ueberlebenskunst.at\/survivalshop\/shop\/batterie-container\/\" target=\"_blank\" rel=\"noopener\">Batteriecontainer<\/a><\/li>\n<li><a href=\"https:\/\/ueberlebenskunst.at\/survivalshop\/shop\/montageblock\/\" target=\"_blank\" rel=\"noopener\">Montageblock 19<\/a><\/li>\n<li><a href=\"https:\/\/ueberlebenskunst.at\/survivalshop\/shop\/picatinny-montageblock\/\" target=\"_blank\" rel=\"noopener\">Picatinny Montageblock 19<\/a><\/li>\n<\/ul>\n<h3><strong>Bedienungs- &amp; Pflegeanleitung:<\/strong><\/h3>\n<ul>\n<li>Die Reinigung mit Wasser ist m\u00f6glich.<\/li>\n<li>Du solltest das Produkt nicht direkt in die N\u00e4he von Feuer oder anderen Hitzequellen legen!<\/li>\n<li>Wird es \u00fcber l\u00e4ngere Zeit sehr kalten Temperaturen unter 0\u00b0C ausgesetzt, solltest du in dem Moment darauf achten, dass keine starken Belastungen darauf einwirken.<\/li>\n<\/ul>\n<p>Unsere Produkte sind nicht f\u00fcr Kinder unter 3 Jahren geeignet. Es besteht Verschluckungsgefahr.<\/p>\n<p><a href=\"https:\/\/ueberlebenskunst.at\/survivalshop\/wp-content\/uploads\/2021\/11\/Logo_Kinder.png\"><img decoding=\"async\" class=\"alignnone size-medium wp-image-179571\" src=\"https:\/\/ueberlebenskunst.at\/survivalshop\/wp-content\/uploads\/2021\/11\/Logo_Kinder-300x126.png\" alt=\"\" width=\"300\" height=\"126\" srcset=\"https:\/\/ueberlebenskunst.at\/survivalshop\/wp-content\/uploads\/2021\/11\/Logo_Kinder-300x126.png 300w, https:\/\/ueberlebenskunst.at\/survivalshop\/wp-content\/uploads\/2021\/11\/Logo_Kinder-64x27.png 64w, https:\/\/ueberlebenskunst.at\/survivalshop\/wp-content\/uploads\/2021\/11\/Logo_Kinder.png 401w\" sizes=\"(max-width: 300px) 100vw, 300px\" \/><\/a><\/p>\n<p><span style=\"color: #99cc00;\">Du willst das Produkt in einer anderen Farbe wie Glow in the Dark \/ Wood Braun \/ Signal Gelb\/ Military Green \/\u00a0Survival Orange\u00a0\/\u00a0Wei\u00df? Schick uns eine E-Mail an <a style=\"color: #99cc00;\" href=\"mailto:shop@ueberlebenskunst.at\">shop@ueberlebenskunst.at<\/a> und wir pr\u00fcfen, ob das m\u00f6glich ist.<\/span><\/p>\n","protected":false},"excerpt":{"rendered":"<p>Picatinny Aufsatz mit seitlicher Picatinny und Klemmhalterung Unsere 2er Picatinny mit Universalklemme ist mit dem Magazin der Steambow Stinger 2 kompatibel. Die Idee hinter diesem Produkt ist es eine seitliche Picatinnyschiene, sowie eine seitliche Aufnahme f\u00fcr Lampe, Laser oder f\u00fcr unsere Universal Container zu erm\u00f6glichen, ohne, dass du als Kunde handwerklich an dem Magazin arbeiten [&hellip;]<\/p>\n","protected":false},"featured_media":136330,"comment_status":"open","ping_status":"closed","template":"","meta":{"_acf_changed":false},"product_brand":[],"product_cat":[1893,1768,1929],"product_tag":[1413,1391,975],"class_list":{"0":"post-131232","1":"product","2":"type-product","3":"status-publish","4":"has-post-thumbnail","6":"product_cat-steambow-stinger-bogensport-pfeil-kugel","7":"product_cat-steambow-stinger","8":"product_cat-zielvorrichtung","9":"product_tag-magazin","10":"product_tag-picatinny","11":"product_tag-stinger-2-zubehoer","12":"pa_platform-19-25-klemmhalter","13":"pa_platform-2-seitliche-picatinny","14":"pa_platform-klemmhalter-linke-seite","15":"pa_platform-klemmhalter-rechte-seite","17":"first","18":"instock","19":"taxable","20":"shipping-taxable","21":"purchasable","22":"product-type-variable"},"acf":[],"yoast_head":"<!-- This site is optimized with the Yoast SEO plugin v27.1.1 - https:\/\/yoast.com\/product\/yoast-seo-wordpress\/ -->\n<title>Seitliche Picatinny Schienen f\u00fcr Steambow Stinger 2 - Reini Rossmann - Survival Shop<\/title>\n<meta name=\"robots\" content=\"index, follow, max-snippet:-1, max-image-preview:large, max-video-preview:-1\" \/>\n<link rel=\"canonical\" href=\"https:\/\/ueberlebenskunst.at\/survivalshop\/shop\/steambowstinger2seitlichepicatinny\/\" \/>\n<meta property=\"og:locale\" content=\"de_DE\" \/>\n<meta property=\"og:type\" content=\"article\" \/>\n<meta property=\"og:title\" content=\"Seitliche Picatinny Schienen f\u00fcr Steambow Stinger 2 - Reini Rossmann - Survival Shop\" \/>\n<meta property=\"og:description\" content=\"Picatinny Aufsatz mit seitlicher Picatinny und Klemmhalterung Unsere 2er Picatinny mit Universalklemme ist mit dem Magazin der Steambow Stinger 2 kompatibel. Die Idee hinter diesem Produkt ist es eine seitliche Picatinnyschiene, sowie eine seitliche Aufnahme f\u00fcr Lampe, Laser oder f\u00fcr unsere Universal Container zu erm\u00f6glichen, ohne, dass du als Kunde handwerklich an dem Magazin arbeiten [&hellip;]\" \/>\n<meta property=\"og:url\" content=\"https:\/\/ueberlebenskunst.at\/survivalshop\/shop\/steambowstinger2seitlichepicatinny\/\" \/>\n<meta property=\"og:site_name\" content=\"Reini Rossmann - Survival Shop\" \/>\n<meta property=\"article:publisher\" content=\"https:\/\/www.facebook.com\/survival24.org\/\" \/>\n<meta property=\"article:modified_time\" content=\"2026-03-26T14:05:22+00:00\" \/>\n<meta property=\"og:image\" content=\"https:\/\/ueberlebenskunst.at\/survivalshop\/wp-content\/uploads\/2023\/03\/Universalhalterung_Steambow_AR6_StingerII_Picatinny_seitliche-Picatinny-Schiene_Laser_sk.jpg\" \/>\n\t<meta property=\"og:image:width\" content=\"400\" \/>\n\t<meta property=\"og:image:height\" content=\"400\" \/>\n\t<meta property=\"og:image:type\" content=\"image\/jpeg\" \/>\n<meta name=\"twitter:card\" content=\"summary_large_image\" \/>\n<meta name=\"twitter:label1\" content=\"Gesch\u00e4tzte Lesezeit\" \/>\n\t<meta name=\"twitter:data1\" content=\"4\u00a0Minuten\" \/>\n<script type=\"application\/ld+json\" class=\"yoast-schema-graph\">{\"@context\":\"https:\/\/schema.org\",\"@graph\":[{\"@type\":\"WebPage\",\"@id\":\"https:\/\/ueberlebenskunst.at\/survivalshop\/shop\/steambowstinger2seitlichepicatinny\/\",\"url\":\"https:\/\/ueberlebenskunst.at\/survivalshop\/shop\/steambowstinger2seitlichepicatinny\/\",\"name\":\"Seitliche Picatinny Schienen f\u00fcr Steambow Stinger 2 - Reini Rossmann - Survival Shop\",\"isPartOf\":{\"@id\":\"https:\/\/ueberlebenskunst.at\/survivalshop\/#website\"},\"primaryImageOfPage\":{\"@id\":\"https:\/\/ueberlebenskunst.at\/survivalshop\/shop\/steambowstinger2seitlichepicatinny\/#primaryimage\"},\"image\":{\"@id\":\"https:\/\/ueberlebenskunst.at\/survivalshop\/shop\/steambowstinger2seitlichepicatinny\/#primaryimage\"},\"thumbnailUrl\":\"https:\/\/ueberlebenskunst.at\/survivalshop\/wp-content\/uploads\/2023\/03\/Universalhalterung_Steambow_AR6_StingerII_Picatinny_seitliche-Picatinny-Schiene_Laser_sk.jpg\",\"datePublished\":\"2023-03-22T08:36:35+00:00\",\"dateModified\":\"2026-03-26T14:05:22+00:00\",\"breadcrumb\":{\"@id\":\"https:\/\/ueberlebenskunst.at\/survivalshop\/shop\/steambowstinger2seitlichepicatinny\/#breadcrumb\"},\"inLanguage\":\"de\",\"potentialAction\":[{\"@type\":\"ReadAction\",\"target\":[\"https:\/\/ueberlebenskunst.at\/survivalshop\/shop\/steambowstinger2seitlichepicatinny\/\"]}]},{\"@type\":\"ImageObject\",\"inLanguage\":\"de\",\"@id\":\"https:\/\/ueberlebenskunst.at\/survivalshop\/shop\/steambowstinger2seitlichepicatinny\/#primaryimage\",\"url\":\"https:\/\/ueberlebenskunst.at\/survivalshop\/wp-content\/uploads\/2023\/03\/Universalhalterung_Steambow_AR6_StingerII_Picatinny_seitliche-Picatinny-Schiene_Laser_sk.jpg\",\"contentUrl\":\"https:\/\/ueberlebenskunst.at\/survivalshop\/wp-content\/uploads\/2023\/03\/Universalhalterung_Steambow_AR6_StingerII_Picatinny_seitliche-Picatinny-Schiene_Laser_sk.jpg\",\"width\":400,\"height\":400},{\"@type\":\"BreadcrumbList\",\"@id\":\"https:\/\/ueberlebenskunst.at\/survivalshop\/shop\/steambowstinger2seitlichepicatinny\/#breadcrumb\",\"itemListElement\":[{\"@type\":\"ListItem\",\"position\":1,\"name\":\"Startseite\",\"item\":\"https:\/\/ueberlebenskunst.at\/survivalshop\/\"},{\"@type\":\"ListItem\",\"position\":2,\"name\":\"Shop\",\"item\":\"https:\/\/ueberlebenskunst.at\/survivalshop\/shop\/\"},{\"@type\":\"ListItem\",\"position\":3,\"name\":\"Seitliche Picatinny Schienen f\u00fcr Steambow Stinger 2\"}]},{\"@type\":\"WebSite\",\"@id\":\"https:\/\/ueberlebenskunst.at\/survivalshop\/#website\",\"url\":\"https:\/\/ueberlebenskunst.at\/survivalshop\/\",\"name\":\"Reini Rossmann - Survival Shop\",\"description\":\"Survival Shop f\u00fcr Survival, Bushcraft und Prepper\",\"potentialAction\":[{\"@type\":\"SearchAction\",\"target\":{\"@type\":\"EntryPoint\",\"urlTemplate\":\"https:\/\/ueberlebenskunst.at\/survivalshop\/?s={search_term_string}\"},\"query-input\":{\"@type\":\"PropertyValueSpecification\",\"valueRequired\":true,\"valueName\":\"search_term_string\"}}],\"inLanguage\":\"de\"}]}<\/script>\n<!-- \/ Yoast SEO plugin. -->","yoast_head_json":{"title":"Seitliche Picatinny Schienen f\u00fcr Steambow Stinger 2 - Reini Rossmann - Survival Shop","robots":{"index":"index","follow":"follow","max-snippet":"max-snippet:-1","max-image-preview":"max-image-preview:large","max-video-preview":"max-video-preview:-1"},"canonical":"https:\/\/ueberlebenskunst.at\/survivalshop\/shop\/steambowstinger2seitlichepicatinny\/","og_locale":"de_DE","og_type":"article","og_title":"Seitliche Picatinny Schienen f\u00fcr Steambow Stinger 2 - Reini Rossmann - Survival Shop","og_description":"Picatinny Aufsatz mit seitlicher Picatinny und Klemmhalterung Unsere 2er Picatinny mit Universalklemme ist mit dem Magazin der Steambow Stinger 2 kompatibel. Die Idee hinter diesem Produkt ist es eine seitliche Picatinnyschiene, sowie eine seitliche Aufnahme f\u00fcr Lampe, Laser oder f\u00fcr unsere Universal Container zu erm\u00f6glichen, ohne, dass du als Kunde handwerklich an dem Magazin arbeiten [&hellip;]","og_url":"https:\/\/ueberlebenskunst.at\/survivalshop\/shop\/steambowstinger2seitlichepicatinny\/","og_site_name":"Reini Rossmann - Survival Shop","article_publisher":"https:\/\/www.facebook.com\/survival24.org\/","article_modified_time":"2026-03-26T14:05:22+00:00","og_image":[{"width":400,"height":400,"url":"https:\/\/ueberlebenskunst.at\/survivalshop\/wp-content\/uploads\/2023\/03\/Universalhalterung_Steambow_AR6_StingerII_Picatinny_seitliche-Picatinny-Schiene_Laser_sk.jpg","type":"image\/jpeg"}],"twitter_card":"summary_large_image","twitter_misc":{"Gesch\u00e4tzte Lesezeit":"4\u00a0Minuten"},"schema":{"@context":"https:\/\/schema.org","@graph":[{"@type":"WebPage","@id":"https:\/\/ueberlebenskunst.at\/survivalshop\/shop\/steambowstinger2seitlichepicatinny\/","url":"https:\/\/ueberlebenskunst.at\/survivalshop\/shop\/steambowstinger2seitlichepicatinny\/","name":"Seitliche Picatinny Schienen f\u00fcr Steambow Stinger 2 - Reini Rossmann - Survival Shop","isPartOf":{"@id":"https:\/\/ueberlebenskunst.at\/survivalshop\/#website"},"primaryImageOfPage":{"@id":"https:\/\/ueberlebenskunst.at\/survivalshop\/shop\/steambowstinger2seitlichepicatinny\/#primaryimage"},"image":{"@id":"https:\/\/ueberlebenskunst.at\/survivalshop\/shop\/steambowstinger2seitlichepicatinny\/#primaryimage"},"thumbnailUrl":"https:\/\/ueberlebenskunst.at\/survivalshop\/wp-content\/uploads\/2023\/03\/Universalhalterung_Steambow_AR6_StingerII_Picatinny_seitliche-Picatinny-Schiene_Laser_sk.jpg","datePublished":"2023-03-22T08:36:35+00:00","dateModified":"2026-03-26T14:05:22+00:00","breadcrumb":{"@id":"https:\/\/ueberlebenskunst.at\/survivalshop\/shop\/steambowstinger2seitlichepicatinny\/#breadcrumb"},"inLanguage":"de","potentialAction":[{"@type":"ReadAction","target":["https:\/\/ueberlebenskunst.at\/survivalshop\/shop\/steambowstinger2seitlichepicatinny\/"]}]},{"@type":"ImageObject","inLanguage":"de","@id":"https:\/\/ueberlebenskunst.at\/survivalshop\/shop\/steambowstinger2seitlichepicatinny\/#primaryimage","url":"https:\/\/ueberlebenskunst.at\/survivalshop\/wp-content\/uploads\/2023\/03\/Universalhalterung_Steambow_AR6_StingerII_Picatinny_seitliche-Picatinny-Schiene_Laser_sk.jpg","contentUrl":"https:\/\/ueberlebenskunst.at\/survivalshop\/wp-content\/uploads\/2023\/03\/Universalhalterung_Steambow_AR6_StingerII_Picatinny_seitliche-Picatinny-Schiene_Laser_sk.jpg","width":400,"height":400},{"@type":"BreadcrumbList","@id":"https:\/\/ueberlebenskunst.at\/survivalshop\/shop\/steambowstinger2seitlichepicatinny\/#breadcrumb","itemListElement":[{"@type":"ListItem","position":1,"name":"Startseite","item":"https:\/\/ueberlebenskunst.at\/survivalshop\/"},{"@type":"ListItem","position":2,"name":"Shop","item":"https:\/\/ueberlebenskunst.at\/survivalshop\/shop\/"},{"@type":"ListItem","position":3,"name":"Seitliche Picatinny Schienen f\u00fcr Steambow Stinger 2"}]},{"@type":"WebSite","@id":"https:\/\/ueberlebenskunst.at\/survivalshop\/#website","url":"https:\/\/ueberlebenskunst.at\/survivalshop\/","name":"Reini Rossmann - Survival Shop","description":"Survival Shop f\u00fcr Survival, Bushcraft und Prepper","potentialAction":[{"@type":"SearchAction","target":{"@type":"EntryPoint","urlTemplate":"https:\/\/ueberlebenskunst.at\/survivalshop\/?s={search_term_string}"},"query-input":{"@type":"PropertyValueSpecification","valueRequired":true,"valueName":"search_term_string"}}],"inLanguage":"de"}]}},"_links":{"self":[{"href":"https:\/\/ueberlebenskunst.at\/survivalshop\/wp-json\/wp\/v2\/product\/131232","targetHints":{"allow":["GET"]}}],"collection":[{"href":"https:\/\/ueberlebenskunst.at\/survivalshop\/wp-json\/wp\/v2\/product"}],"about":[{"href":"https:\/\/ueberlebenskunst.at\/survivalshop\/wp-json\/wp\/v2\/types\/product"}],"replies":[{"embeddable":true,"href":"https:\/\/ueberlebenskunst.at\/survivalshop\/wp-json\/wp\/v2\/comments?post=131232"}],"wp:featuredmedia":[{"embeddable":true,"href":"https:\/\/ueberlebenskunst.at\/survivalshop\/wp-json\/wp\/v2\/media\/136330"}],"wp:attachment":[{"href":"https:\/\/ueberlebenskunst.at\/survivalshop\/wp-json\/wp\/v2\/media?parent=131232"}],"wp:term":[{"taxonomy":"product_brand","embeddable":true,"href":"https:\/\/ueberlebenskunst.at\/survivalshop\/wp-json\/wp\/v2\/product_brand?post=131232"},{"taxonomy":"product_cat","embeddable":true,"href":"https:\/\/ueberlebenskunst.at\/survivalshop\/wp-json\/wp\/v2\/product_cat?post=131232"},{"taxonomy":"product_tag","embeddable":true,"href":"https:\/\/ueberlebenskunst.at\/survivalshop\/wp-json\/wp\/v2\/product_tag?post=131232"}],"curies":[{"name":"wp","href":"https:\/\/api.w.org\/{rel}","templated":true}]}}