{"id":130631,"date":"2023-03-17T13:56:52","date_gmt":"2023-03-17T12:56:52","guid":{"rendered":"https:\/\/ueberlebenskunst.at\/survivalshop\/?post_type=product&#038;p=130631"},"modified":"2026-01-13T10:07:03","modified_gmt":"2026-01-13T09:07:03","slug":"k4-universalhalterung-fuer-handyman","status":"publish","type":"product","link":"https:\/\/ueberlebenskunst.at\/survivalshop\/shop\/k4-universalhalterung-fuer-handyman\/","title":{"rendered":"K4 Universal Halterung f\u00fcr Victorinox Handyman"},"content":{"rendered":"<p>Unsere Universal Halterung f\u00fcr Kydexscheiden ist passgenau f\u00fcr den Victorinox Handyman.\u00a0Die Idee ist, dass du die Vielseitigkeit eines Multi-Tools mit den Funktionen eines stabilen, feststehenden Messers kombinieren kannst und dies mit einem Griff und in einem System miteinander kombinierst. Unsere Universal Halterung f\u00fcr fast alle Kydexscheiden kompatibel. Durch die 2 integrierten Langl\u00f6cher l\u00e4sst sich die Universal Halterung sehr gut anpassen. F\u00fcr all unsere Kunden, die einen <a href=\"https:\/\/ueberlebenskunst.at\/survivalshop\/shop\/reini-rossmann-survival-beaver\/\" target=\"_blank\" rel=\"noopener\">Survival Beaver<\/a>, <a href=\"https:\/\/ueberlebenskunst.at\/survivalshop\/shop\/reini-rossmann-messer-bushcraft-beaver\/\" target=\"_blank\" rel=\"noopener\">Bushcraft Beaver<\/a> oder <a href=\"https:\/\/ueberlebenskunst.at\/survivalshop\/shop\/reini-rossmann-irbis-messer\/\" target=\"_blank\" rel=\"noopener\">Irbis<\/a> besitzen, haben wir auch eine andere L\u00f6sung konzipiert, die vorsieht das Messer auf der Scheide zu montieren. Damit wir aber auch allen anderen, die keines unserer K4 Messer im Einsatz haben diese gro\u00dfartige Funktionalit\u00e4t bieten k\u00f6nnen, gibt es die Universal Halterung. Die Montage ist kinderleicht und kann mithilfe der mitgelieferten Montageschrauben einfach umgesetzt werden. Der Handyman wird durch ein mitgeliefertes Flexi-Cord montiert, so ist sichergestellt, dass das Schweizer Armeemesser nicht aus der Scheide f\u00e4llt und 100%ig gesichert ist.<\/p>\n<h3><strong>Produktdaten:<\/strong><\/h3>\n<ul>\n<li>Gewicht: 28 g<\/li>\n<li>Abmessungen: 32 x 50 x 70 mm<\/li>\n<\/ul>\n<h3><strong>Passt auf:<\/strong><\/h3>\n<ul>\n<li>Kydexscheiden mit 4 mm St\u00e4rke<\/li>\n<\/ul>\n<h3><strong>Lieferumfang:<\/strong><\/h3>\n<ul>\n<li>Messerscheide<\/li>\n<li>Tek-Lok Schrauben<\/li>\n<li>Elastisches Cord<\/li>\n<\/ul>\n<h3><strong>Passendes Zubeh\u00f6r (separat erh\u00e4ltlich):<\/strong><\/h3>\n<ul>\n<li><a href=\"https:\/\/ueberlebenskunst.at\/survivalshop\/shop\/k4-2er-schraubenset-9mm\/\" target=\"_blank\" rel=\"noopener\">7 mm Schrauben<\/a><\/li>\n<\/ul>\n<h3><strong>Bedienungs &amp; Pflegeanleitung:<\/strong><\/h3>\n<ul>\n<li>Die Reinigung mit Wasser und Seife ist m\u00f6glich.<\/li>\n<li>Du solltest die Steckscheide nicht direkt in die N\u00e4he von Feuer oder anderen Hitzequellen legen!<\/li>\n<li>Wird deine Steckscheide \u00fcber l\u00e4ngere Zeit sehr kalten Temperaturen unter 0 \u00b0C ausgesetzt, solltest du<br \/>\nin dem Moment darauf achten, dass keine starken Belastungen darauf einwirken.<\/li>\n<\/ul>\n<p>Unsere Produkte sind nicht f\u00fcr Kinder unter 3 Jahren geeignet. Es besteht Verschluckungsgefahr.<\/p>\n<p><a href=\"https:\/\/ueberlebenskunst.at\/survivalshop\/wp-content\/uploads\/2021\/11\/Logo_Kinder.png\"><img decoding=\"async\" class=\"alignnone size-medium wp-image-179571\" src=\"https:\/\/ueberlebenskunst.at\/survivalshop\/wp-content\/uploads\/2021\/11\/Logo_Kinder-300x126.png\" alt=\"\" width=\"300\" height=\"126\" srcset=\"https:\/\/ueberlebenskunst.at\/survivalshop\/wp-content\/uploads\/2021\/11\/Logo_Kinder-300x126.png 300w, https:\/\/ueberlebenskunst.at\/survivalshop\/wp-content\/uploads\/2021\/11\/Logo_Kinder-64x27.png 64w, https:\/\/ueberlebenskunst.at\/survivalshop\/wp-content\/uploads\/2021\/11\/Logo_Kinder.png 401w\" sizes=\"(max-width: 300px) 100vw, 300px\" \/><\/a><\/p>\n<p><span style=\"color: #99cc00;\">Du willst das Produkt in einer anderen Farbe? Schick uns eine E-Mail an shop@ueberlebenskunst.at und wir pr\u00fcfen, ob dein Farbwunsch\u00a0m\u00f6glich\u00a0ist.<\/span><\/p>\n","protected":false},"excerpt":{"rendered":"<p>Unsere Universal Halterung f\u00fcr Kydexscheiden ist passgenau f\u00fcr den Victorinox Handyman.\u00a0Die Idee ist, dass du die Vielseitigkeit eines Multi-Tools mit den Funktionen eines stabilen, feststehenden Messers kombinieren kannst und dies mit einem Griff und in einem System miteinander kombinierst. Unsere Universal Halterung f\u00fcr fast alle Kydexscheiden kompatibel. Durch die 2 integrierten Langl\u00f6cher l\u00e4sst sich die [&hellip;]<\/p>\n","protected":false},"featured_media":136794,"comment_status":"open","ping_status":"closed","template":"","meta":{"_acf_changed":false},"product_brand":[],"product_cat":[1945],"product_tag":[1456,1596,1256,1147],"class_list":{"0":"post-130631","1":"product","2":"type-product","3":"status-publish","4":"has-post-thumbnail","6":"product_cat-survivalausruestung","7":"product_tag-handyman","8":"product_tag-holster4handyman","9":"product_tag-k4","10":"product_tag-victorinox","12":"first","13":"instock","14":"taxable","15":"shipping-taxable","16":"purchasable","17":"product-type-simple"},"acf":[],"yoast_head":"<!-- This site is optimized with the Yoast SEO plugin v27.1.1 - https:\/\/yoast.com\/product\/yoast-seo-wordpress\/ -->\n<title>K4 Universal Halterung f\u00fcr Victorinox Handyman - Reini Rossmann - Survival Shop<\/title>\n<meta name=\"robots\" content=\"index, follow, max-snippet:-1, max-image-preview:large, max-video-preview:-1\" \/>\n<link rel=\"canonical\" href=\"https:\/\/ueberlebenskunst.at\/survivalshop\/shop\/k4-universalhalterung-fuer-handyman\/\" \/>\n<meta property=\"og:locale\" content=\"de_DE\" \/>\n<meta property=\"og:type\" content=\"article\" \/>\n<meta property=\"og:title\" content=\"K4 Universal Halterung f\u00fcr Victorinox Handyman - Reini Rossmann - Survival Shop\" \/>\n<meta property=\"og:description\" content=\"Unsere Universal Halterung f\u00fcr Kydexscheiden ist passgenau f\u00fcr den Victorinox Handyman.\u00a0Die Idee ist, dass du die Vielseitigkeit eines Multi-Tools mit den Funktionen eines stabilen, feststehenden Messers kombinieren kannst und dies mit einem Griff und in einem System miteinander kombinierst. Unsere Universal Halterung f\u00fcr fast alle Kydexscheiden kompatibel. Durch die 2 integrierten Langl\u00f6cher l\u00e4sst sich die [&hellip;]\" \/>\n<meta property=\"og:url\" content=\"https:\/\/ueberlebenskunst.at\/survivalshop\/shop\/k4-universalhalterung-fuer-handyman\/\" \/>\n<meta property=\"og:site_name\" content=\"Reini Rossmann - Survival Shop\" \/>\n<meta property=\"article:publisher\" content=\"https:\/\/www.facebook.com\/survival24.org\/\" \/>\n<meta property=\"article:modified_time\" content=\"2026-01-13T09:07:03+00:00\" \/>\n<meta property=\"og:image\" content=\"https:\/\/ueberlebenskunst.at\/survivalshop\/wp-content\/uploads\/2023\/03\/K4_Universalhalterung_Victorinox_Handyman_HYUNI_Kydex_sk-3.jpg\" \/>\n\t<meta property=\"og:image:width\" content=\"400\" \/>\n\t<meta property=\"og:image:height\" content=\"400\" \/>\n\t<meta property=\"og:image:type\" content=\"image\/jpeg\" \/>\n<meta name=\"twitter:card\" content=\"summary_large_image\" \/>\n<meta name=\"twitter:label1\" content=\"Gesch\u00e4tzte Lesezeit\" \/>\n\t<meta name=\"twitter:data1\" content=\"2\u00a0Minuten\" \/>\n<script type=\"application\/ld+json\" class=\"yoast-schema-graph\">{\"@context\":\"https:\/\/schema.org\",\"@graph\":[{\"@type\":\"WebPage\",\"@id\":\"https:\/\/ueberlebenskunst.at\/survivalshop\/shop\/k4-universalhalterung-fuer-handyman\/\",\"url\":\"https:\/\/ueberlebenskunst.at\/survivalshop\/shop\/k4-universalhalterung-fuer-handyman\/\",\"name\":\"K4 Universal Halterung f\u00fcr Victorinox Handyman - Reini Rossmann - Survival Shop\",\"isPartOf\":{\"@id\":\"https:\/\/ueberlebenskunst.at\/survivalshop\/#website\"},\"primaryImageOfPage\":{\"@id\":\"https:\/\/ueberlebenskunst.at\/survivalshop\/shop\/k4-universalhalterung-fuer-handyman\/#primaryimage\"},\"image\":{\"@id\":\"https:\/\/ueberlebenskunst.at\/survivalshop\/shop\/k4-universalhalterung-fuer-handyman\/#primaryimage\"},\"thumbnailUrl\":\"https:\/\/ueberlebenskunst.at\/survivalshop\/wp-content\/uploads\/2023\/03\/K4_Universalhalterung_Victorinox_Handyman_HYUNI_Kydex_sk-3.jpg\",\"datePublished\":\"2023-03-17T12:56:52+00:00\",\"dateModified\":\"2026-01-13T09:07:03+00:00\",\"breadcrumb\":{\"@id\":\"https:\/\/ueberlebenskunst.at\/survivalshop\/shop\/k4-universalhalterung-fuer-handyman\/#breadcrumb\"},\"inLanguage\":\"de\",\"potentialAction\":[{\"@type\":\"ReadAction\",\"target\":[\"https:\/\/ueberlebenskunst.at\/survivalshop\/shop\/k4-universalhalterung-fuer-handyman\/\"]}]},{\"@type\":\"ImageObject\",\"inLanguage\":\"de\",\"@id\":\"https:\/\/ueberlebenskunst.at\/survivalshop\/shop\/k4-universalhalterung-fuer-handyman\/#primaryimage\",\"url\":\"https:\/\/ueberlebenskunst.at\/survivalshop\/wp-content\/uploads\/2023\/03\/K4_Universalhalterung_Victorinox_Handyman_HYUNI_Kydex_sk-3.jpg\",\"contentUrl\":\"https:\/\/ueberlebenskunst.at\/survivalshop\/wp-content\/uploads\/2023\/03\/K4_Universalhalterung_Victorinox_Handyman_HYUNI_Kydex_sk-3.jpg\",\"width\":400,\"height\":400},{\"@type\":\"BreadcrumbList\",\"@id\":\"https:\/\/ueberlebenskunst.at\/survivalshop\/shop\/k4-universalhalterung-fuer-handyman\/#breadcrumb\",\"itemListElement\":[{\"@type\":\"ListItem\",\"position\":1,\"name\":\"Startseite\",\"item\":\"https:\/\/ueberlebenskunst.at\/survivalshop\/\"},{\"@type\":\"ListItem\",\"position\":2,\"name\":\"Shop\",\"item\":\"https:\/\/ueberlebenskunst.at\/survivalshop\/shop\/\"},{\"@type\":\"ListItem\",\"position\":3,\"name\":\"K4 Universal Halterung f\u00fcr Victorinox Handyman\"}]},{\"@type\":\"WebSite\",\"@id\":\"https:\/\/ueberlebenskunst.at\/survivalshop\/#website\",\"url\":\"https:\/\/ueberlebenskunst.at\/survivalshop\/\",\"name\":\"Reini Rossmann - Survival Shop\",\"description\":\"Survival Shop f\u00fcr Survival, Bushcraft und Prepper\",\"potentialAction\":[{\"@type\":\"SearchAction\",\"target\":{\"@type\":\"EntryPoint\",\"urlTemplate\":\"https:\/\/ueberlebenskunst.at\/survivalshop\/?s={search_term_string}\"},\"query-input\":{\"@type\":\"PropertyValueSpecification\",\"valueRequired\":true,\"valueName\":\"search_term_string\"}}],\"inLanguage\":\"de\"}]}<\/script>\n<!-- \/ Yoast SEO plugin. -->","yoast_head_json":{"title":"K4 Universal Halterung f\u00fcr Victorinox Handyman - Reini Rossmann - Survival Shop","robots":{"index":"index","follow":"follow","max-snippet":"max-snippet:-1","max-image-preview":"max-image-preview:large","max-video-preview":"max-video-preview:-1"},"canonical":"https:\/\/ueberlebenskunst.at\/survivalshop\/shop\/k4-universalhalterung-fuer-handyman\/","og_locale":"de_DE","og_type":"article","og_title":"K4 Universal Halterung f\u00fcr Victorinox Handyman - Reini Rossmann - Survival Shop","og_description":"Unsere Universal Halterung f\u00fcr Kydexscheiden ist passgenau f\u00fcr den Victorinox Handyman.\u00a0Die Idee ist, dass du die Vielseitigkeit eines Multi-Tools mit den Funktionen eines stabilen, feststehenden Messers kombinieren kannst und dies mit einem Griff und in einem System miteinander kombinierst. Unsere Universal Halterung f\u00fcr fast alle Kydexscheiden kompatibel. Durch die 2 integrierten Langl\u00f6cher l\u00e4sst sich die [&hellip;]","og_url":"https:\/\/ueberlebenskunst.at\/survivalshop\/shop\/k4-universalhalterung-fuer-handyman\/","og_site_name":"Reini Rossmann - Survival Shop","article_publisher":"https:\/\/www.facebook.com\/survival24.org\/","article_modified_time":"2026-01-13T09:07:03+00:00","og_image":[{"width":400,"height":400,"url":"https:\/\/ueberlebenskunst.at\/survivalshop\/wp-content\/uploads\/2023\/03\/K4_Universalhalterung_Victorinox_Handyman_HYUNI_Kydex_sk-3.jpg","type":"image\/jpeg"}],"twitter_card":"summary_large_image","twitter_misc":{"Gesch\u00e4tzte Lesezeit":"2\u00a0Minuten"},"schema":{"@context":"https:\/\/schema.org","@graph":[{"@type":"WebPage","@id":"https:\/\/ueberlebenskunst.at\/survivalshop\/shop\/k4-universalhalterung-fuer-handyman\/","url":"https:\/\/ueberlebenskunst.at\/survivalshop\/shop\/k4-universalhalterung-fuer-handyman\/","name":"K4 Universal Halterung f\u00fcr Victorinox Handyman - Reini Rossmann - Survival Shop","isPartOf":{"@id":"https:\/\/ueberlebenskunst.at\/survivalshop\/#website"},"primaryImageOfPage":{"@id":"https:\/\/ueberlebenskunst.at\/survivalshop\/shop\/k4-universalhalterung-fuer-handyman\/#primaryimage"},"image":{"@id":"https:\/\/ueberlebenskunst.at\/survivalshop\/shop\/k4-universalhalterung-fuer-handyman\/#primaryimage"},"thumbnailUrl":"https:\/\/ueberlebenskunst.at\/survivalshop\/wp-content\/uploads\/2023\/03\/K4_Universalhalterung_Victorinox_Handyman_HYUNI_Kydex_sk-3.jpg","datePublished":"2023-03-17T12:56:52+00:00","dateModified":"2026-01-13T09:07:03+00:00","breadcrumb":{"@id":"https:\/\/ueberlebenskunst.at\/survivalshop\/shop\/k4-universalhalterung-fuer-handyman\/#breadcrumb"},"inLanguage":"de","potentialAction":[{"@type":"ReadAction","target":["https:\/\/ueberlebenskunst.at\/survivalshop\/shop\/k4-universalhalterung-fuer-handyman\/"]}]},{"@type":"ImageObject","inLanguage":"de","@id":"https:\/\/ueberlebenskunst.at\/survivalshop\/shop\/k4-universalhalterung-fuer-handyman\/#primaryimage","url":"https:\/\/ueberlebenskunst.at\/survivalshop\/wp-content\/uploads\/2023\/03\/K4_Universalhalterung_Victorinox_Handyman_HYUNI_Kydex_sk-3.jpg","contentUrl":"https:\/\/ueberlebenskunst.at\/survivalshop\/wp-content\/uploads\/2023\/03\/K4_Universalhalterung_Victorinox_Handyman_HYUNI_Kydex_sk-3.jpg","width":400,"height":400},{"@type":"BreadcrumbList","@id":"https:\/\/ueberlebenskunst.at\/survivalshop\/shop\/k4-universalhalterung-fuer-handyman\/#breadcrumb","itemListElement":[{"@type":"ListItem","position":1,"name":"Startseite","item":"https:\/\/ueberlebenskunst.at\/survivalshop\/"},{"@type":"ListItem","position":2,"name":"Shop","item":"https:\/\/ueberlebenskunst.at\/survivalshop\/shop\/"},{"@type":"ListItem","position":3,"name":"K4 Universal Halterung f\u00fcr Victorinox Handyman"}]},{"@type":"WebSite","@id":"https:\/\/ueberlebenskunst.at\/survivalshop\/#website","url":"https:\/\/ueberlebenskunst.at\/survivalshop\/","name":"Reini Rossmann - Survival Shop","description":"Survival Shop f\u00fcr Survival, Bushcraft und Prepper","potentialAction":[{"@type":"SearchAction","target":{"@type":"EntryPoint","urlTemplate":"https:\/\/ueberlebenskunst.at\/survivalshop\/?s={search_term_string}"},"query-input":{"@type":"PropertyValueSpecification","valueRequired":true,"valueName":"search_term_string"}}],"inLanguage":"de"}]}},"_links":{"self":[{"href":"https:\/\/ueberlebenskunst.at\/survivalshop\/wp-json\/wp\/v2\/product\/130631","targetHints":{"allow":["GET"]}}],"collection":[{"href":"https:\/\/ueberlebenskunst.at\/survivalshop\/wp-json\/wp\/v2\/product"}],"about":[{"href":"https:\/\/ueberlebenskunst.at\/survivalshop\/wp-json\/wp\/v2\/types\/product"}],"replies":[{"embeddable":true,"href":"https:\/\/ueberlebenskunst.at\/survivalshop\/wp-json\/wp\/v2\/comments?post=130631"}],"wp:featuredmedia":[{"embeddable":true,"href":"https:\/\/ueberlebenskunst.at\/survivalshop\/wp-json\/wp\/v2\/media\/136794"}],"wp:attachment":[{"href":"https:\/\/ueberlebenskunst.at\/survivalshop\/wp-json\/wp\/v2\/media?parent=130631"}],"wp:term":[{"taxonomy":"product_brand","embeddable":true,"href":"https:\/\/ueberlebenskunst.at\/survivalshop\/wp-json\/wp\/v2\/product_brand?post=130631"},{"taxonomy":"product_cat","embeddable":true,"href":"https:\/\/ueberlebenskunst.at\/survivalshop\/wp-json\/wp\/v2\/product_cat?post=130631"},{"taxonomy":"product_tag","embeddable":true,"href":"https:\/\/ueberlebenskunst.at\/survivalshop\/wp-json\/wp\/v2\/product_tag?post=130631"}],"curies":[{"name":"wp","href":"https:\/\/api.w.org\/{rel}","templated":true}]}}