{"id":127841,"date":"2023-02-10T14:17:38","date_gmt":"2023-02-10T13:17:38","guid":{"rendered":"https:\/\/ueberlebenskunst.at\/survivalshop\/?post_type=product&#038;p=127841"},"modified":"2026-04-24T11:50:34","modified_gmt":"2026-04-24T09:50:34","slug":"sk-premium-bodkins-aus-3k-carbon-fuer-pistolenarmbrueste-63","status":"publish","type":"product","link":"https:\/\/ueberlebenskunst.at\/survivalshop\/shop\/sk-premium-bodkins-aus-3k-carbon-fuer-pistolenarmbrueste-63\/","title":{"rendered":"S&#038;K Premium WarBodkins aus 3K-Carbon f\u00fcr Pistolenarmbr\u00fcste"},"content":{"rendered":"<p>Diese sehr guten und schweren Bodkinbolzen passen perfekt f\u00fcr beinahe s\u00e4mtliche Pistolenarmbr\u00fcste &#8211; insbesondere f\u00fcr B\u00f6gen &gt;80lbs wie Redback oder Stinger Pro.<\/p>\n<p>Die Bolzen sind aus hochwertigem 3K-Carbon gefertigt. Die Spitzen sind aus geh\u00e4rtetem und geschliffenem Stahl. Sie sind fest mit dem Bolzen verklebt und haben einen enormen Durchschlag.<\/p>\n<p>Durch das gewebte Carbon und die Nocken aus Aluminium sind die Bolzen wesentlich hochwertiger, zielgenauer und langlebiger als herk\u00f6mmliche Bolzen.<\/p>\n<h3><strong>Technische Daten:<\/strong><\/h3>\n<ul>\n<li>L\u00e4nge: 6,3&#8243; \/ 160 mm<\/li>\n<li>Durchmesser: 6,2 mm<\/li>\n<li>Spitze: ~130 gn, Stahl, geh\u00e4rtet und geschliffen, verklebt<\/li>\n<li>Vanes: hochwertiger Kunststoff<\/li>\n<li>Nocke: Aluminium, flach, geklebt<\/li>\n<li>Gesamtgewicht: ~11 g\/170 gn<\/li>\n<li>Packungseinheit: 5 St\u00fcck<\/li>\n<\/ul>\n<h3><strong>Passendes, separat erh\u00e4ltliches Zubeh\u00f6r:<\/strong><\/h3>\n<ul>\n<li><a href=\"https:\/\/ueberlebenskunst.at\/survivalshop\/shop\/modularer-pfeilkoecher\/\" target=\"_blank\" rel=\"noopener\">Modularer Pfeilk\u00f6cher<\/a><\/li>\n<li><a href=\"https:\/\/ueberlebenskunst.at\/survivalshop\/shop\/pfeilkocherpistolenarmbrust\/\" target=\"_blank\" rel=\"noopener\">Pfeilk\u00f6cher mit G\u00fcrtelschlaufe<\/a><\/li>\n<\/ul>\n","protected":false},"excerpt":{"rendered":"<p>Diese sehr guten und schweren Bodkinbolzen passen perfekt f\u00fcr beinahe s\u00e4mtliche Pistolenarmbr\u00fcste &#8211; insbesondere f\u00fcr B\u00f6gen &gt;80lbs wie Redback oder Stinger Pro. Die Bolzen sind aus hochwertigem 3K-Carbon gefertigt. Die Spitzen sind aus geh\u00e4rtetem und geschliffenem Stahl. Sie sind fest mit dem Bolzen verklebt und haben einen enormen Durchschlag. Durch das gewebte Carbon und die [&hellip;]<\/p>\n","protected":false},"featured_media":127843,"comment_status":"open","ping_status":"closed","template":"","meta":{"_acf_changed":false},"product_brand":[],"product_cat":[1921],"product_tag":[2557,1287,898,1415],"class_list":{"0":"post-127841","1":"product","2":"type-product","3":"status-publish","4":"has-post-thumbnail","6":"product_cat-sk","7":"product_tag-bf2025","8":"product_tag-bodkin","9":"product_tag-bolzen","10":"product_tag-sk-pfeile","12":"first","13":"instock","14":"taxable","15":"shipping-taxable","16":"purchasable","17":"product-type-simple"},"acf":[],"yoast_head":"<!-- This site is optimized with the Yoast SEO plugin v27.1.1 - https:\/\/yoast.com\/product\/yoast-seo-wordpress\/ -->\n<title>S&amp;K Premium WarBodkins aus 3K-Carbon f\u00fcr Pistolenarmbr\u00fcste<\/title>\n<meta name=\"robots\" content=\"index, follow, max-snippet:-1, max-image-preview:large, max-video-preview:-1\" \/>\n<link rel=\"canonical\" href=\"https:\/\/ueberlebenskunst.at\/survivalshop\/shop\/sk-premium-bodkins-aus-3k-carbon-fuer-pistolenarmbrueste-63\/\" \/>\n<meta property=\"og:locale\" content=\"de_DE\" \/>\n<meta property=\"og:type\" content=\"article\" \/>\n<meta property=\"og:title\" content=\"S&amp;K Premium WarBodkins aus 3K-Carbon f\u00fcr Pistolenarmbr\u00fcste\" \/>\n<meta property=\"og:description\" content=\"Diese sehr guten und schweren Bodkinbolzen passen perfekt f\u00fcr beinahe s\u00e4mtliche Pistolenarmbr\u00fcste &#8211; insbesondere f\u00fcr B\u00f6gen &gt;80lbs wie Redback oder Stinger Pro. Die Bolzen sind aus hochwertigem 3K-Carbon gefertigt. Die Spitzen sind aus geh\u00e4rtetem und geschliffenem Stahl. Sie sind fest mit dem Bolzen verklebt und haben einen enormen Durchschlag. Durch das gewebte Carbon und die [&hellip;]\" \/>\n<meta property=\"og:url\" content=\"https:\/\/ueberlebenskunst.at\/survivalshop\/shop\/sk-premium-bodkins-aus-3k-carbon-fuer-pistolenarmbrueste-63\/\" \/>\n<meta property=\"og:site_name\" content=\"Reini Rossmann - Survival Shop\" \/>\n<meta property=\"article:publisher\" content=\"https:\/\/www.facebook.com\/survival24.org\/\" \/>\n<meta property=\"article:modified_time\" content=\"2026-04-24T09:50:34+00:00\" \/>\n<meta property=\"og:image\" content=\"https:\/\/ueberlebenskunst.at\/survivalshop\/wp-content\/uploads\/2023\/02\/SKPremiumbodkins.jpg\" \/>\n\t<meta property=\"og:image:width\" content=\"400\" \/>\n\t<meta property=\"og:image:height\" content=\"400\" \/>\n\t<meta property=\"og:image:type\" content=\"image\/jpeg\" \/>\n<meta name=\"twitter:card\" content=\"summary_large_image\" \/>\n<meta name=\"twitter:label1\" content=\"Gesch\u00e4tzte Lesezeit\" \/>\n\t<meta name=\"twitter:data1\" content=\"1\u00a0Minute\" \/>\n<script type=\"application\/ld+json\" class=\"yoast-schema-graph\">{\"@context\":\"https:\/\/schema.org\",\"@graph\":[{\"@type\":\"WebPage\",\"@id\":\"https:\/\/ueberlebenskunst.at\/survivalshop\/shop\/sk-premium-bodkins-aus-3k-carbon-fuer-pistolenarmbrueste-63\/\",\"url\":\"https:\/\/ueberlebenskunst.at\/survivalshop\/shop\/sk-premium-bodkins-aus-3k-carbon-fuer-pistolenarmbrueste-63\/\",\"name\":\"S&K Premium WarBodkins aus 3K-Carbon f\u00fcr Pistolenarmbr\u00fcste\",\"isPartOf\":{\"@id\":\"https:\/\/ueberlebenskunst.at\/survivalshop\/#website\"},\"primaryImageOfPage\":{\"@id\":\"https:\/\/ueberlebenskunst.at\/survivalshop\/shop\/sk-premium-bodkins-aus-3k-carbon-fuer-pistolenarmbrueste-63\/#primaryimage\"},\"image\":{\"@id\":\"https:\/\/ueberlebenskunst.at\/survivalshop\/shop\/sk-premium-bodkins-aus-3k-carbon-fuer-pistolenarmbrueste-63\/#primaryimage\"},\"thumbnailUrl\":\"https:\/\/ueberlebenskunst.at\/survivalshop\/wp-content\/uploads\/2023\/02\/SKPremiumbodkins.jpg\",\"datePublished\":\"2023-02-10T13:17:38+00:00\",\"dateModified\":\"2026-04-24T09:50:34+00:00\",\"breadcrumb\":{\"@id\":\"https:\/\/ueberlebenskunst.at\/survivalshop\/shop\/sk-premium-bodkins-aus-3k-carbon-fuer-pistolenarmbrueste-63\/#breadcrumb\"},\"inLanguage\":\"de\",\"potentialAction\":[{\"@type\":\"ReadAction\",\"target\":[\"https:\/\/ueberlebenskunst.at\/survivalshop\/shop\/sk-premium-bodkins-aus-3k-carbon-fuer-pistolenarmbrueste-63\/\"]}]},{\"@type\":\"ImageObject\",\"inLanguage\":\"de\",\"@id\":\"https:\/\/ueberlebenskunst.at\/survivalshop\/shop\/sk-premium-bodkins-aus-3k-carbon-fuer-pistolenarmbrueste-63\/#primaryimage\",\"url\":\"https:\/\/ueberlebenskunst.at\/survivalshop\/wp-content\/uploads\/2023\/02\/SKPremiumbodkins.jpg\",\"contentUrl\":\"https:\/\/ueberlebenskunst.at\/survivalshop\/wp-content\/uploads\/2023\/02\/SKPremiumbodkins.jpg\",\"width\":400,\"height\":400},{\"@type\":\"BreadcrumbList\",\"@id\":\"https:\/\/ueberlebenskunst.at\/survivalshop\/shop\/sk-premium-bodkins-aus-3k-carbon-fuer-pistolenarmbrueste-63\/#breadcrumb\",\"itemListElement\":[{\"@type\":\"ListItem\",\"position\":1,\"name\":\"Startseite\",\"item\":\"https:\/\/ueberlebenskunst.at\/survivalshop\/\"},{\"@type\":\"ListItem\",\"position\":2,\"name\":\"Shop\",\"item\":\"https:\/\/ueberlebenskunst.at\/survivalshop\/shop\/\"},{\"@type\":\"ListItem\",\"position\":3,\"name\":\"S&#038;K Premium WarBodkins aus 3K-Carbon f\u00fcr Pistolenarmbr\u00fcste\"}]},{\"@type\":\"WebSite\",\"@id\":\"https:\/\/ueberlebenskunst.at\/survivalshop\/#website\",\"url\":\"https:\/\/ueberlebenskunst.at\/survivalshop\/\",\"name\":\"Reini Rossmann - Survival Shop\",\"description\":\"Survival Shop f\u00fcr Survival, Bushcraft und Prepper\",\"potentialAction\":[{\"@type\":\"SearchAction\",\"target\":{\"@type\":\"EntryPoint\",\"urlTemplate\":\"https:\/\/ueberlebenskunst.at\/survivalshop\/?s={search_term_string}\"},\"query-input\":{\"@type\":\"PropertyValueSpecification\",\"valueRequired\":true,\"valueName\":\"search_term_string\"}}],\"inLanguage\":\"de\"}]}<\/script>\n<!-- \/ Yoast SEO plugin. -->","yoast_head_json":{"title":"S&K Premium WarBodkins aus 3K-Carbon f\u00fcr Pistolenarmbr\u00fcste","robots":{"index":"index","follow":"follow","max-snippet":"max-snippet:-1","max-image-preview":"max-image-preview:large","max-video-preview":"max-video-preview:-1"},"canonical":"https:\/\/ueberlebenskunst.at\/survivalshop\/shop\/sk-premium-bodkins-aus-3k-carbon-fuer-pistolenarmbrueste-63\/","og_locale":"de_DE","og_type":"article","og_title":"S&K Premium WarBodkins aus 3K-Carbon f\u00fcr Pistolenarmbr\u00fcste","og_description":"Diese sehr guten und schweren Bodkinbolzen passen perfekt f\u00fcr beinahe s\u00e4mtliche Pistolenarmbr\u00fcste &#8211; insbesondere f\u00fcr B\u00f6gen &gt;80lbs wie Redback oder Stinger Pro. Die Bolzen sind aus hochwertigem 3K-Carbon gefertigt. Die Spitzen sind aus geh\u00e4rtetem und geschliffenem Stahl. Sie sind fest mit dem Bolzen verklebt und haben einen enormen Durchschlag. Durch das gewebte Carbon und die [&hellip;]","og_url":"https:\/\/ueberlebenskunst.at\/survivalshop\/shop\/sk-premium-bodkins-aus-3k-carbon-fuer-pistolenarmbrueste-63\/","og_site_name":"Reini Rossmann - Survival Shop","article_publisher":"https:\/\/www.facebook.com\/survival24.org\/","article_modified_time":"2026-04-24T09:50:34+00:00","og_image":[{"width":400,"height":400,"url":"https:\/\/ueberlebenskunst.at\/survivalshop\/wp-content\/uploads\/2023\/02\/SKPremiumbodkins.jpg","type":"image\/jpeg"}],"twitter_card":"summary_large_image","twitter_misc":{"Gesch\u00e4tzte Lesezeit":"1\u00a0Minute"},"schema":{"@context":"https:\/\/schema.org","@graph":[{"@type":"WebPage","@id":"https:\/\/ueberlebenskunst.at\/survivalshop\/shop\/sk-premium-bodkins-aus-3k-carbon-fuer-pistolenarmbrueste-63\/","url":"https:\/\/ueberlebenskunst.at\/survivalshop\/shop\/sk-premium-bodkins-aus-3k-carbon-fuer-pistolenarmbrueste-63\/","name":"S&K Premium WarBodkins aus 3K-Carbon f\u00fcr Pistolenarmbr\u00fcste","isPartOf":{"@id":"https:\/\/ueberlebenskunst.at\/survivalshop\/#website"},"primaryImageOfPage":{"@id":"https:\/\/ueberlebenskunst.at\/survivalshop\/shop\/sk-premium-bodkins-aus-3k-carbon-fuer-pistolenarmbrueste-63\/#primaryimage"},"image":{"@id":"https:\/\/ueberlebenskunst.at\/survivalshop\/shop\/sk-premium-bodkins-aus-3k-carbon-fuer-pistolenarmbrueste-63\/#primaryimage"},"thumbnailUrl":"https:\/\/ueberlebenskunst.at\/survivalshop\/wp-content\/uploads\/2023\/02\/SKPremiumbodkins.jpg","datePublished":"2023-02-10T13:17:38+00:00","dateModified":"2026-04-24T09:50:34+00:00","breadcrumb":{"@id":"https:\/\/ueberlebenskunst.at\/survivalshop\/shop\/sk-premium-bodkins-aus-3k-carbon-fuer-pistolenarmbrueste-63\/#breadcrumb"},"inLanguage":"de","potentialAction":[{"@type":"ReadAction","target":["https:\/\/ueberlebenskunst.at\/survivalshop\/shop\/sk-premium-bodkins-aus-3k-carbon-fuer-pistolenarmbrueste-63\/"]}]},{"@type":"ImageObject","inLanguage":"de","@id":"https:\/\/ueberlebenskunst.at\/survivalshop\/shop\/sk-premium-bodkins-aus-3k-carbon-fuer-pistolenarmbrueste-63\/#primaryimage","url":"https:\/\/ueberlebenskunst.at\/survivalshop\/wp-content\/uploads\/2023\/02\/SKPremiumbodkins.jpg","contentUrl":"https:\/\/ueberlebenskunst.at\/survivalshop\/wp-content\/uploads\/2023\/02\/SKPremiumbodkins.jpg","width":400,"height":400},{"@type":"BreadcrumbList","@id":"https:\/\/ueberlebenskunst.at\/survivalshop\/shop\/sk-premium-bodkins-aus-3k-carbon-fuer-pistolenarmbrueste-63\/#breadcrumb","itemListElement":[{"@type":"ListItem","position":1,"name":"Startseite","item":"https:\/\/ueberlebenskunst.at\/survivalshop\/"},{"@type":"ListItem","position":2,"name":"Shop","item":"https:\/\/ueberlebenskunst.at\/survivalshop\/shop\/"},{"@type":"ListItem","position":3,"name":"S&#038;K Premium WarBodkins aus 3K-Carbon f\u00fcr Pistolenarmbr\u00fcste"}]},{"@type":"WebSite","@id":"https:\/\/ueberlebenskunst.at\/survivalshop\/#website","url":"https:\/\/ueberlebenskunst.at\/survivalshop\/","name":"Reini Rossmann - Survival Shop","description":"Survival Shop f\u00fcr Survival, Bushcraft und Prepper","potentialAction":[{"@type":"SearchAction","target":{"@type":"EntryPoint","urlTemplate":"https:\/\/ueberlebenskunst.at\/survivalshop\/?s={search_term_string}"},"query-input":{"@type":"PropertyValueSpecification","valueRequired":true,"valueName":"search_term_string"}}],"inLanguage":"de"}]}},"_links":{"self":[{"href":"https:\/\/ueberlebenskunst.at\/survivalshop\/wp-json\/wp\/v2\/product\/127841","targetHints":{"allow":["GET"]}}],"collection":[{"href":"https:\/\/ueberlebenskunst.at\/survivalshop\/wp-json\/wp\/v2\/product"}],"about":[{"href":"https:\/\/ueberlebenskunst.at\/survivalshop\/wp-json\/wp\/v2\/types\/product"}],"replies":[{"embeddable":true,"href":"https:\/\/ueberlebenskunst.at\/survivalshop\/wp-json\/wp\/v2\/comments?post=127841"}],"wp:featuredmedia":[{"embeddable":true,"href":"https:\/\/ueberlebenskunst.at\/survivalshop\/wp-json\/wp\/v2\/media\/127843"}],"wp:attachment":[{"href":"https:\/\/ueberlebenskunst.at\/survivalshop\/wp-json\/wp\/v2\/media?parent=127841"}],"wp:term":[{"taxonomy":"product_brand","embeddable":true,"href":"https:\/\/ueberlebenskunst.at\/survivalshop\/wp-json\/wp\/v2\/product_brand?post=127841"},{"taxonomy":"product_cat","embeddable":true,"href":"https:\/\/ueberlebenskunst.at\/survivalshop\/wp-json\/wp\/v2\/product_cat?post=127841"},{"taxonomy":"product_tag","embeddable":true,"href":"https:\/\/ueberlebenskunst.at\/survivalshop\/wp-json\/wp\/v2\/product_tag?post=127841"}],"curies":[{"name":"wp","href":"https:\/\/api.w.org\/{rel}","templated":true}]}}