{"id":125942,"date":"2023-01-19T13:48:45","date_gmt":"2023-01-19T12:48:45","guid":{"rendered":"https:\/\/ueberlebenskunst.at\/survivalshop\/?post_type=product&#038;p=125942"},"modified":"2025-02-27T08:43:34","modified_gmt":"2025-02-27T07:43:34","slug":"k4-guertelscheide-fuer-zippo-ink-k4-lampe-mini","status":"seo-produkt","type":"product","link":"https:\/\/ueberlebenskunst.at\/survivalshop\/shop\/k4-guertelscheide-fuer-zippo-ink-k4-lampe-mini\/","title":{"rendered":"K4 G\u00fcrtelscheide f\u00fcr Zippo"},"content":{"rendered":"<p>Unsere K4 G\u00fcrtelscheide, passend f\u00fcr ein Zippo ist der perfekte Begleiter, um dein Zippo jeden Tag, jederzeit an deinem G\u00fcrtel zu tragen.<br \/>\nDie maximale G\u00fcrtelh\u00f6he liegt bei maximal 48 mm. Der gro\u00dfe Vorteil unserer EDC G\u00fcrtelscheide f\u00fcr dein Zippo Feuerzeug liegt auf der Hand: du kannst mit einer Hand das Benzin-Feuerzeug entnehmen und auch nach der Verwendung wieder einh\u00e4ndig zur\u00fcckstecken.<\/p>\n<h3>Zippo mit K4 EDC Lampe:<\/h3>\n<p>So hast du zus\u00e4tzlich eine praktische EDC Mini-Lampe an der Hand, die wenig wiegt und trotz alledem in allen Lebenslagen ausreichend Licht zur Verf\u00fcgung stellt. Mit einem Gewicht von ca. 35 g (ohne Zippo-Feuerzeug, ohne Lampe) f\u00e4llt diese K4 G\u00fcrtelscheide im Alltag nicht ins Gewicht. Bitte beachte, dass im Lieferumfang kein Zippo Feuerzeug enthalten ist. Zus\u00e4tzlich muss dir klar sein, dass nur Zippo Feuerzeuge OHNE erhabene Strukturen in die Scheide passen.<\/p>\n<h4><strong>Abmessungen:<\/strong><\/h4>\n<ul>\n<li>74 x 57 x 31 mm<\/li>\n<li>Gewicht: 35 g<\/li>\n<\/ul>\n<h4><strong>Lieferumfang: <\/strong><\/h4>\n<ul>\n<li>Scheide<\/li>\n<li>K4 Lampe Mini<\/li>\n<\/ul>\n<h3><strong>Produktdetails zur K4 EDC Lampe:<\/strong><\/h3>\n<p>Batterie: AAA (nicht im Lieferumfang enthalten)<br \/>\nAbmessungen: 67 x 15 mm<br \/>\n4Modus: (180 Lumen \/ 12 Lumen\/ 0,04 Lumen\/ Strobe mit 180 Lumen)<br \/>\nLeuchtdauer: bis zu 30 Min. bei 180 Lumen \/ 6h bei 12 Lumen<\/p>\n<h3><strong>Bedienungs- &amp; Pflegeanleitung:<\/strong><\/h3>\n<ul>\n<li>Die Reinigung mit Seife und Wasser ist m\u00f6glich.<\/li>\n<li>Du solltest das Produkt nicht direkt in die N\u00e4he von Feuer oder anderen Hitzequellen legen!<\/li>\n<li>Wird es \u00fcber l\u00e4ngere Zeit sehr kalten Temperaturen unter 0 \u00b0C ausgesetzt, solltest du in dem Moment darauf achten, dass keine starken Belastungen darauf einwirken.<\/li>\n<\/ul>\n<p>Unsere Produkte sind nicht f\u00fcr Kinder unter 3 Jahren geeignet. Es besteht Verschluckungsgefahr.<\/p>\n<p><a href=\"https:\/\/ueberlebenskunst.at\/survivalshop\/wp-content\/uploads\/2021\/11\/Logo_Kinder.png\"><img decoding=\"async\" class=\"alignnone size-medium wp-image-179571\" src=\"https:\/\/ueberlebenskunst.at\/survivalshop\/wp-content\/uploads\/2021\/11\/Logo_Kinder-300x126.png\" alt=\"\" width=\"300\" height=\"126\" srcset=\"https:\/\/ueberlebenskunst.at\/survivalshop\/wp-content\/uploads\/2021\/11\/Logo_Kinder-300x126.png 300w, https:\/\/ueberlebenskunst.at\/survivalshop\/wp-content\/uploads\/2021\/11\/Logo_Kinder-64x27.png 64w, https:\/\/ueberlebenskunst.at\/survivalshop\/wp-content\/uploads\/2021\/11\/Logo_Kinder.png 401w\" sizes=\"(max-width: 300px) 100vw, 300px\" \/><\/a><\/p>\n<p><span style=\"color: #99cc00;\">Du willst das Produkt in einer anderen Farbe? Schick uns eine E-Mail an shop@ueberlebenskunst.at und wir pr\u00fcfen, ob dein Farbwunsch\u00a0m\u00f6glich\u00a0ist.<\/span><\/p>\n","protected":false},"excerpt":{"rendered":"<p>Unsere K4 G\u00fcrtelscheide, passend f\u00fcr ein Zippo ist der perfekte Begleiter, um dein Zippo jeden Tag, jederzeit an deinem G\u00fcrtel zu tragen. Die maximale G\u00fcrtelh\u00f6he liegt bei maximal 48 mm. Der gro\u00dfe Vorteil unserer EDC G\u00fcrtelscheide f\u00fcr dein Zippo Feuerzeug liegt auf der Hand: du kannst mit einer Hand das Benzin-Feuerzeug entnehmen und auch nach [&hellip;]<\/p>\n","protected":false},"featured_media":153030,"comment_status":"open","ping_status":"closed","template":"","meta":{"_acf_changed":false},"product_brand":[],"product_cat":[1950],"product_tag":[1397,1256,1724,1395],"class_list":{"0":"post-125942","1":"product","2":"type-product","3":"status-seo-produkt","4":"has-post-thumbnail","6":"product_cat-feuerzeug","7":"product_tag-guertelscheiden","8":"product_tag-k4","9":"product_tag-k4-feuerzeug-edc","10":"product_tag-zippo","12":"first","13":"outofstock","14":"taxable","15":"shipping-taxable","16":"product-type-variable","17":"has-default-attributes"},"acf":[],"yoast_head":"<!-- This site is optimized with the Yoast SEO plugin v27.1.1 - https:\/\/yoast.com\/product\/yoast-seo-wordpress\/ -->\n<title>K4 G\u00fcrtelscheide f\u00fcr Zippo<\/title>\n<meta name=\"robots\" content=\"index, follow, max-snippet:-1, max-image-preview:large, max-video-preview:-1\" \/>\n<link rel=\"canonical\" href=\"https:\/\/ueberlebenskunst.at\/survivalshop\/shop\/k4-guertelscheide-fuer-zippo-ink-k4-lampe-mini\/\" \/>\n<meta property=\"og:locale\" content=\"de_DE\" \/>\n<meta property=\"og:type\" content=\"article\" \/>\n<meta property=\"og:title\" content=\"K4 G\u00fcrtelscheide f\u00fcr Zippo\" \/>\n<meta property=\"og:description\" content=\"Unsere K4 G\u00fcrtelscheide, passend f\u00fcr ein Zippo ist der perfekte Begleiter, um dein Zippo jeden Tag, jederzeit an deinem G\u00fcrtel zu tragen. Die maximale G\u00fcrtelh\u00f6he liegt bei maximal 48 mm. Der gro\u00dfe Vorteil unserer EDC G\u00fcrtelscheide f\u00fcr dein Zippo Feuerzeug liegt auf der Hand: du kannst mit einer Hand das Benzin-Feuerzeug entnehmen und auch nach [&hellip;]\" \/>\n<meta property=\"og:url\" content=\"https:\/\/ueberlebenskunst.at\/survivalshop\/shop\/k4-guertelscheide-fuer-zippo-ink-k4-lampe-mini\/\" \/>\n<meta property=\"og:site_name\" content=\"Reini Rossmann - Survival Shop\" \/>\n<meta property=\"article:publisher\" content=\"https:\/\/www.facebook.com\/survival24.org\/\" \/>\n<meta property=\"article:modified_time\" content=\"2025-02-27T07:43:34+00:00\" \/>\n<meta property=\"og:image\" content=\"https:\/\/ueberlebenskunst.at\/survivalshop\/wp-content\/uploads\/2023\/01\/K4_Guertelscheide_Zippo_EDC_Lampe_Mini_ZI02_sk.jpg\" \/>\n\t<meta property=\"og:image:width\" content=\"400\" \/>\n\t<meta property=\"og:image:height\" content=\"400\" \/>\n\t<meta property=\"og:image:type\" content=\"image\/jpeg\" \/>\n<meta name=\"twitter:card\" content=\"summary_large_image\" \/>\n<meta name=\"twitter:label1\" content=\"Gesch\u00e4tzte Lesezeit\" \/>\n\t<meta name=\"twitter:data1\" content=\"2\u00a0Minuten\" \/>\n<script type=\"application\/ld+json\" class=\"yoast-schema-graph\">{\"@context\":\"https:\/\/schema.org\",\"@graph\":[{\"@type\":\"WebPage\",\"@id\":\"https:\/\/ueberlebenskunst.at\/survivalshop\/shop\/k4-guertelscheide-fuer-zippo-ink-k4-lampe-mini\/\",\"url\":\"https:\/\/ueberlebenskunst.at\/survivalshop\/shop\/k4-guertelscheide-fuer-zippo-ink-k4-lampe-mini\/\",\"name\":\"K4 G\u00fcrtelscheide f\u00fcr Zippo\",\"isPartOf\":{\"@id\":\"https:\/\/ueberlebenskunst.at\/survivalshop\/#website\"},\"primaryImageOfPage\":{\"@id\":\"https:\/\/ueberlebenskunst.at\/survivalshop\/shop\/k4-guertelscheide-fuer-zippo-ink-k4-lampe-mini\/#primaryimage\"},\"image\":{\"@id\":\"https:\/\/ueberlebenskunst.at\/survivalshop\/shop\/k4-guertelscheide-fuer-zippo-ink-k4-lampe-mini\/#primaryimage\"},\"thumbnailUrl\":\"https:\/\/ueberlebenskunst.at\/survivalshop\/wp-content\/uploads\/2023\/01\/K4_Guertelscheide_Zippo_EDC_Lampe_Mini_ZI02_sk.jpg\",\"datePublished\":\"2023-01-19T12:48:45+00:00\",\"dateModified\":\"2025-02-27T07:43:34+00:00\",\"breadcrumb\":{\"@id\":\"https:\/\/ueberlebenskunst.at\/survivalshop\/shop\/k4-guertelscheide-fuer-zippo-ink-k4-lampe-mini\/#breadcrumb\"},\"inLanguage\":\"de\",\"potentialAction\":[{\"@type\":\"ReadAction\",\"target\":[\"https:\/\/ueberlebenskunst.at\/survivalshop\/shop\/k4-guertelscheide-fuer-zippo-ink-k4-lampe-mini\/\"]}]},{\"@type\":\"ImageObject\",\"inLanguage\":\"de\",\"@id\":\"https:\/\/ueberlebenskunst.at\/survivalshop\/shop\/k4-guertelscheide-fuer-zippo-ink-k4-lampe-mini\/#primaryimage\",\"url\":\"https:\/\/ueberlebenskunst.at\/survivalshop\/wp-content\/uploads\/2023\/01\/K4_Guertelscheide_Zippo_EDC_Lampe_Mini_ZI02_sk.jpg\",\"contentUrl\":\"https:\/\/ueberlebenskunst.at\/survivalshop\/wp-content\/uploads\/2023\/01\/K4_Guertelscheide_Zippo_EDC_Lampe_Mini_ZI02_sk.jpg\",\"width\":400,\"height\":400},{\"@type\":\"BreadcrumbList\",\"@id\":\"https:\/\/ueberlebenskunst.at\/survivalshop\/shop\/k4-guertelscheide-fuer-zippo-ink-k4-lampe-mini\/#breadcrumb\",\"itemListElement\":[{\"@type\":\"ListItem\",\"position\":1,\"name\":\"Startseite\",\"item\":\"https:\/\/ueberlebenskunst.at\/survivalshop\/\"},{\"@type\":\"ListItem\",\"position\":2,\"name\":\"Shop\",\"item\":\"https:\/\/ueberlebenskunst.at\/survivalshop\/shop\/\"},{\"@type\":\"ListItem\",\"position\":3,\"name\":\"K4 G\u00fcrtelscheide f\u00fcr Zippo\"}]},{\"@type\":\"WebSite\",\"@id\":\"https:\/\/ueberlebenskunst.at\/survivalshop\/#website\",\"url\":\"https:\/\/ueberlebenskunst.at\/survivalshop\/\",\"name\":\"Reini Rossmann - Survival Shop\",\"description\":\"Survival Shop f\u00fcr Survival, Bushcraft und Prepper\",\"potentialAction\":[{\"@type\":\"SearchAction\",\"target\":{\"@type\":\"EntryPoint\",\"urlTemplate\":\"https:\/\/ueberlebenskunst.at\/survivalshop\/?s={search_term_string}\"},\"query-input\":{\"@type\":\"PropertyValueSpecification\",\"valueRequired\":true,\"valueName\":\"search_term_string\"}}],\"inLanguage\":\"de\"}]}<\/script>\n<!-- \/ Yoast SEO plugin. -->","yoast_head_json":{"title":"K4 G\u00fcrtelscheide f\u00fcr Zippo","robots":{"index":"index","follow":"follow","max-snippet":"max-snippet:-1","max-image-preview":"max-image-preview:large","max-video-preview":"max-video-preview:-1"},"canonical":"https:\/\/ueberlebenskunst.at\/survivalshop\/shop\/k4-guertelscheide-fuer-zippo-ink-k4-lampe-mini\/","og_locale":"de_DE","og_type":"article","og_title":"K4 G\u00fcrtelscheide f\u00fcr Zippo","og_description":"Unsere K4 G\u00fcrtelscheide, passend f\u00fcr ein Zippo ist der perfekte Begleiter, um dein Zippo jeden Tag, jederzeit an deinem G\u00fcrtel zu tragen. Die maximale G\u00fcrtelh\u00f6he liegt bei maximal 48 mm. Der gro\u00dfe Vorteil unserer EDC G\u00fcrtelscheide f\u00fcr dein Zippo Feuerzeug liegt auf der Hand: du kannst mit einer Hand das Benzin-Feuerzeug entnehmen und auch nach [&hellip;]","og_url":"https:\/\/ueberlebenskunst.at\/survivalshop\/shop\/k4-guertelscheide-fuer-zippo-ink-k4-lampe-mini\/","og_site_name":"Reini Rossmann - Survival Shop","article_publisher":"https:\/\/www.facebook.com\/survival24.org\/","article_modified_time":"2025-02-27T07:43:34+00:00","og_image":[{"width":400,"height":400,"url":"https:\/\/ueberlebenskunst.at\/survivalshop\/wp-content\/uploads\/2023\/01\/K4_Guertelscheide_Zippo_EDC_Lampe_Mini_ZI02_sk.jpg","type":"image\/jpeg"}],"twitter_card":"summary_large_image","twitter_misc":{"Gesch\u00e4tzte Lesezeit":"2\u00a0Minuten"},"schema":{"@context":"https:\/\/schema.org","@graph":[{"@type":"WebPage","@id":"https:\/\/ueberlebenskunst.at\/survivalshop\/shop\/k4-guertelscheide-fuer-zippo-ink-k4-lampe-mini\/","url":"https:\/\/ueberlebenskunst.at\/survivalshop\/shop\/k4-guertelscheide-fuer-zippo-ink-k4-lampe-mini\/","name":"K4 G\u00fcrtelscheide f\u00fcr Zippo","isPartOf":{"@id":"https:\/\/ueberlebenskunst.at\/survivalshop\/#website"},"primaryImageOfPage":{"@id":"https:\/\/ueberlebenskunst.at\/survivalshop\/shop\/k4-guertelscheide-fuer-zippo-ink-k4-lampe-mini\/#primaryimage"},"image":{"@id":"https:\/\/ueberlebenskunst.at\/survivalshop\/shop\/k4-guertelscheide-fuer-zippo-ink-k4-lampe-mini\/#primaryimage"},"thumbnailUrl":"https:\/\/ueberlebenskunst.at\/survivalshop\/wp-content\/uploads\/2023\/01\/K4_Guertelscheide_Zippo_EDC_Lampe_Mini_ZI02_sk.jpg","datePublished":"2023-01-19T12:48:45+00:00","dateModified":"2025-02-27T07:43:34+00:00","breadcrumb":{"@id":"https:\/\/ueberlebenskunst.at\/survivalshop\/shop\/k4-guertelscheide-fuer-zippo-ink-k4-lampe-mini\/#breadcrumb"},"inLanguage":"de","potentialAction":[{"@type":"ReadAction","target":["https:\/\/ueberlebenskunst.at\/survivalshop\/shop\/k4-guertelscheide-fuer-zippo-ink-k4-lampe-mini\/"]}]},{"@type":"ImageObject","inLanguage":"de","@id":"https:\/\/ueberlebenskunst.at\/survivalshop\/shop\/k4-guertelscheide-fuer-zippo-ink-k4-lampe-mini\/#primaryimage","url":"https:\/\/ueberlebenskunst.at\/survivalshop\/wp-content\/uploads\/2023\/01\/K4_Guertelscheide_Zippo_EDC_Lampe_Mini_ZI02_sk.jpg","contentUrl":"https:\/\/ueberlebenskunst.at\/survivalshop\/wp-content\/uploads\/2023\/01\/K4_Guertelscheide_Zippo_EDC_Lampe_Mini_ZI02_sk.jpg","width":400,"height":400},{"@type":"BreadcrumbList","@id":"https:\/\/ueberlebenskunst.at\/survivalshop\/shop\/k4-guertelscheide-fuer-zippo-ink-k4-lampe-mini\/#breadcrumb","itemListElement":[{"@type":"ListItem","position":1,"name":"Startseite","item":"https:\/\/ueberlebenskunst.at\/survivalshop\/"},{"@type":"ListItem","position":2,"name":"Shop","item":"https:\/\/ueberlebenskunst.at\/survivalshop\/shop\/"},{"@type":"ListItem","position":3,"name":"K4 G\u00fcrtelscheide f\u00fcr Zippo"}]},{"@type":"WebSite","@id":"https:\/\/ueberlebenskunst.at\/survivalshop\/#website","url":"https:\/\/ueberlebenskunst.at\/survivalshop\/","name":"Reini Rossmann - Survival Shop","description":"Survival Shop f\u00fcr Survival, Bushcraft und Prepper","potentialAction":[{"@type":"SearchAction","target":{"@type":"EntryPoint","urlTemplate":"https:\/\/ueberlebenskunst.at\/survivalshop\/?s={search_term_string}"},"query-input":{"@type":"PropertyValueSpecification","valueRequired":true,"valueName":"search_term_string"}}],"inLanguage":"de"}]}},"_links":{"self":[{"href":"https:\/\/ueberlebenskunst.at\/survivalshop\/wp-json\/wp\/v2\/product\/125942","targetHints":{"allow":["GET"]}}],"collection":[{"href":"https:\/\/ueberlebenskunst.at\/survivalshop\/wp-json\/wp\/v2\/product"}],"about":[{"href":"https:\/\/ueberlebenskunst.at\/survivalshop\/wp-json\/wp\/v2\/types\/product"}],"replies":[{"embeddable":true,"href":"https:\/\/ueberlebenskunst.at\/survivalshop\/wp-json\/wp\/v2\/comments?post=125942"}],"wp:featuredmedia":[{"embeddable":true,"href":"https:\/\/ueberlebenskunst.at\/survivalshop\/wp-json\/wp\/v2\/media\/153030"}],"wp:attachment":[{"href":"https:\/\/ueberlebenskunst.at\/survivalshop\/wp-json\/wp\/v2\/media?parent=125942"}],"wp:term":[{"taxonomy":"product_brand","embeddable":true,"href":"https:\/\/ueberlebenskunst.at\/survivalshop\/wp-json\/wp\/v2\/product_brand?post=125942"},{"taxonomy":"product_cat","embeddable":true,"href":"https:\/\/ueberlebenskunst.at\/survivalshop\/wp-json\/wp\/v2\/product_cat?post=125942"},{"taxonomy":"product_tag","embeddable":true,"href":"https:\/\/ueberlebenskunst.at\/survivalshop\/wp-json\/wp\/v2\/product_tag?post=125942"}],"curies":[{"name":"wp","href":"https:\/\/api.w.org\/{rel}","templated":true}]}}