{"id":119862,"date":"2022-12-12T07:33:08","date_gmt":"2022-12-12T06:33:08","guid":{"rendered":"https:\/\/ueberlebenskunst.at\/survivalshop\/?post_type=product&#038;p=119862"},"modified":"2026-04-15T01:20:56","modified_gmt":"2026-04-14T23:20:56","slug":"68-rubberballs-schleuderfutter","status":"publish","type":"product","link":"https:\/\/ueberlebenskunst.at\/survivalshop\/shop\/68-rubberballs-schleuderfutter\/","title":{"rendered":"Rubberballs .68"},"content":{"rendered":"<p>Die wiederverwendbaren Gummib\u00e4lle (Rubberballs) sind im Kabliber .68 erh\u00e4ltlich. Unsere Rubberballs sind in h\u00f6chster Qualit\u00e4t gefertigt und garantieren so eine stabile Flugbahn. Durch die minimalen Fertigungstoleranzen der Rubberballs werden auch eine gute Leistung und ein gutes Trefferbild garantiert. Der Produzent ist Umarex. Bei Verwendung mit der B08 darf nur der 35lbs Bogen verwendet werden.<\/p>\n<h3><strong>Produktdaten .68 Rubberballs:<\/strong><\/h3>\n<ul>\n<li>Lieferumfang: ca. 50 Stk. Rubberballs schwarz<\/li>\n<li>Gewicht: ca. 3,01 g\/Rubberball<\/li>\n<\/ul>\n<p>In \u00d6sterreich gelten lt. Softair Verordnung 194 vom 02.07.2013 Paintball Markierer nicht als Waffen. Daher d\u00fcrfen aus diesen Markierern nur Kreide- und Farbmarkierungskugeln verschossen werden. Die T4E sind Trainingsmarker und keine Waffen. Somit d\u00fcrfen andere Geschosse wie zum Beispiel Gummi, Plastik, Glas, Pfeffer, Blei usw. in der Republik \u00d6sterreich nicht verwendet werden. Die hier angebotenen Rubberballs eigenen sich aber auch als Schleuderfutter zum Schie\u00dfen mit Schleudern.<\/p>\n","protected":false},"excerpt":{"rendered":"<p>Die wiederverwendbaren Gummib\u00e4lle (Rubberballs) sind im Kabliber .68 erh\u00e4ltlich. Unsere Rubberballs sind in h\u00f6chster Qualit\u00e4t gefertigt und garantieren so eine stabile Flugbahn. Durch die minimalen Fertigungstoleranzen der Rubberballs werden auch eine gute Leistung und ein gutes Trefferbild garantiert. Der Produzent ist Umarex. Bei Verwendung mit der B08 darf nur der 35lbs Bogen verwendet werden. Produktdaten [&hellip;]<\/p>\n","protected":false},"featured_media":134845,"comment_status":"open","ping_status":"closed","template":"","meta":{"_acf_changed":false},"product_brand":[],"product_cat":[2389,2577],"product_tag":[2482,2390,1403],"class_list":{"0":"post-119862","1":"product","2":"type-product","3":"status-publish","4":"has-post-thumbnail","6":"product_cat-flohmarkt","7":"product_cat-kugeln","8":"product_tag-air-mun-raus","9":"product_tag-flohmarkt","10":"product_tag-rubberballs","12":"first","13":"instock","14":"sale","15":"taxable","16":"shipping-taxable","17":"purchasable","18":"product-type-variable","19":"has-default-attributes"},"acf":[],"yoast_head":"<!-- This site is optimized with the Yoast SEO plugin v27.1.1 - https:\/\/yoast.com\/product\/yoast-seo-wordpress\/ -->\n<title>Rubberballs .68 - Reini Rossmann - Survival Shop<\/title>\n<meta name=\"robots\" content=\"index, follow, max-snippet:-1, max-image-preview:large, max-video-preview:-1\" \/>\n<link rel=\"canonical\" href=\"https:\/\/ueberlebenskunst.at\/survivalshop\/shop\/68-rubberballs-schleuderfutter\/\" \/>\n<meta property=\"og:locale\" content=\"de_DE\" \/>\n<meta property=\"og:type\" content=\"article\" \/>\n<meta property=\"og:title\" content=\"Rubberballs .68 - Reini Rossmann - Survival Shop\" \/>\n<meta property=\"og:description\" content=\"Die wiederverwendbaren Gummib\u00e4lle (Rubberballs) sind im Kabliber .68 erh\u00e4ltlich. Unsere Rubberballs sind in h\u00f6chster Qualit\u00e4t gefertigt und garantieren so eine stabile Flugbahn. Durch die minimalen Fertigungstoleranzen der Rubberballs werden auch eine gute Leistung und ein gutes Trefferbild garantiert. Der Produzent ist Umarex. Bei Verwendung mit der B08 darf nur der 35lbs Bogen verwendet werden. Produktdaten [&hellip;]\" \/>\n<meta property=\"og:url\" content=\"https:\/\/ueberlebenskunst.at\/survivalshop\/shop\/68-rubberballs-schleuderfutter\/\" \/>\n<meta property=\"og:site_name\" content=\"Reini Rossmann - Survival Shop\" \/>\n<meta property=\"article:publisher\" content=\"https:\/\/www.facebook.com\/survival24.org\/\" \/>\n<meta property=\"article:modified_time\" content=\"2026-04-14T23:20:56+00:00\" \/>\n<meta property=\"og:image\" content=\"https:\/\/ueberlebenskunst.at\/survivalshop\/wp-content\/uploads\/2022\/12\/Rubberballs-Schleuderfutter-68.jpg\" \/>\n\t<meta property=\"og:image:width\" content=\"1920\" \/>\n\t<meta property=\"og:image:height\" content=\"1920\" \/>\n\t<meta property=\"og:image:type\" content=\"image\/jpeg\" \/>\n<meta name=\"twitter:card\" content=\"summary_large_image\" \/>\n<meta name=\"twitter:label1\" content=\"Gesch\u00e4tzte Lesezeit\" \/>\n\t<meta name=\"twitter:data1\" content=\"1\u00a0Minute\" \/>\n<script type=\"application\/ld+json\" class=\"yoast-schema-graph\">{\"@context\":\"https:\/\/schema.org\",\"@graph\":[{\"@type\":\"WebPage\",\"@id\":\"https:\/\/ueberlebenskunst.at\/survivalshop\/shop\/68-rubberballs-schleuderfutter\/\",\"url\":\"https:\/\/ueberlebenskunst.at\/survivalshop\/shop\/68-rubberballs-schleuderfutter\/\",\"name\":\"Rubberballs .68 - Reini Rossmann - Survival Shop\",\"isPartOf\":{\"@id\":\"https:\/\/ueberlebenskunst.at\/survivalshop\/#website\"},\"primaryImageOfPage\":{\"@id\":\"https:\/\/ueberlebenskunst.at\/survivalshop\/shop\/68-rubberballs-schleuderfutter\/#primaryimage\"},\"image\":{\"@id\":\"https:\/\/ueberlebenskunst.at\/survivalshop\/shop\/68-rubberballs-schleuderfutter\/#primaryimage\"},\"thumbnailUrl\":\"https:\/\/ueberlebenskunst.at\/survivalshop\/wp-content\/uploads\/2022\/12\/Rubberballs-Schleuderfutter-68.jpg\",\"datePublished\":\"2022-12-12T06:33:08+00:00\",\"dateModified\":\"2026-04-14T23:20:56+00:00\",\"breadcrumb\":{\"@id\":\"https:\/\/ueberlebenskunst.at\/survivalshop\/shop\/68-rubberballs-schleuderfutter\/#breadcrumb\"},\"inLanguage\":\"de\",\"potentialAction\":[{\"@type\":\"ReadAction\",\"target\":[\"https:\/\/ueberlebenskunst.at\/survivalshop\/shop\/68-rubberballs-schleuderfutter\/\"]}]},{\"@type\":\"ImageObject\",\"inLanguage\":\"de\",\"@id\":\"https:\/\/ueberlebenskunst.at\/survivalshop\/shop\/68-rubberballs-schleuderfutter\/#primaryimage\",\"url\":\"https:\/\/ueberlebenskunst.at\/survivalshop\/wp-content\/uploads\/2022\/12\/Rubberballs-Schleuderfutter-68.jpg\",\"contentUrl\":\"https:\/\/ueberlebenskunst.at\/survivalshop\/wp-content\/uploads\/2022\/12\/Rubberballs-Schleuderfutter-68.jpg\",\"width\":1920,\"height\":1920},{\"@type\":\"BreadcrumbList\",\"@id\":\"https:\/\/ueberlebenskunst.at\/survivalshop\/shop\/68-rubberballs-schleuderfutter\/#breadcrumb\",\"itemListElement\":[{\"@type\":\"ListItem\",\"position\":1,\"name\":\"Startseite\",\"item\":\"https:\/\/ueberlebenskunst.at\/survivalshop\/\"},{\"@type\":\"ListItem\",\"position\":2,\"name\":\"Shop\",\"item\":\"https:\/\/ueberlebenskunst.at\/survivalshop\/shop\/\"},{\"@type\":\"ListItem\",\"position\":3,\"name\":\"Rubberballs .68\"}]},{\"@type\":\"WebSite\",\"@id\":\"https:\/\/ueberlebenskunst.at\/survivalshop\/#website\",\"url\":\"https:\/\/ueberlebenskunst.at\/survivalshop\/\",\"name\":\"Reini Rossmann - Survival Shop\",\"description\":\"Survival Shop f\u00fcr Survival, Bushcraft und Prepper\",\"potentialAction\":[{\"@type\":\"SearchAction\",\"target\":{\"@type\":\"EntryPoint\",\"urlTemplate\":\"https:\/\/ueberlebenskunst.at\/survivalshop\/?s={search_term_string}\"},\"query-input\":{\"@type\":\"PropertyValueSpecification\",\"valueRequired\":true,\"valueName\":\"search_term_string\"}}],\"inLanguage\":\"de\"}]}<\/script>\n<!-- \/ Yoast SEO plugin. -->","yoast_head_json":{"title":"Rubberballs .68 - Reini Rossmann - Survival Shop","robots":{"index":"index","follow":"follow","max-snippet":"max-snippet:-1","max-image-preview":"max-image-preview:large","max-video-preview":"max-video-preview:-1"},"canonical":"https:\/\/ueberlebenskunst.at\/survivalshop\/shop\/68-rubberballs-schleuderfutter\/","og_locale":"de_DE","og_type":"article","og_title":"Rubberballs .68 - Reini Rossmann - Survival Shop","og_description":"Die wiederverwendbaren Gummib\u00e4lle (Rubberballs) sind im Kabliber .68 erh\u00e4ltlich. Unsere Rubberballs sind in h\u00f6chster Qualit\u00e4t gefertigt und garantieren so eine stabile Flugbahn. Durch die minimalen Fertigungstoleranzen der Rubberballs werden auch eine gute Leistung und ein gutes Trefferbild garantiert. Der Produzent ist Umarex. Bei Verwendung mit der B08 darf nur der 35lbs Bogen verwendet werden. Produktdaten [&hellip;]","og_url":"https:\/\/ueberlebenskunst.at\/survivalshop\/shop\/68-rubberballs-schleuderfutter\/","og_site_name":"Reini Rossmann - Survival Shop","article_publisher":"https:\/\/www.facebook.com\/survival24.org\/","article_modified_time":"2026-04-14T23:20:56+00:00","og_image":[{"width":1920,"height":1920,"url":"https:\/\/ueberlebenskunst.at\/survivalshop\/wp-content\/uploads\/2022\/12\/Rubberballs-Schleuderfutter-68.jpg","type":"image\/jpeg"}],"twitter_card":"summary_large_image","twitter_misc":{"Gesch\u00e4tzte Lesezeit":"1\u00a0Minute"},"schema":{"@context":"https:\/\/schema.org","@graph":[{"@type":"WebPage","@id":"https:\/\/ueberlebenskunst.at\/survivalshop\/shop\/68-rubberballs-schleuderfutter\/","url":"https:\/\/ueberlebenskunst.at\/survivalshop\/shop\/68-rubberballs-schleuderfutter\/","name":"Rubberballs .68 - Reini Rossmann - Survival Shop","isPartOf":{"@id":"https:\/\/ueberlebenskunst.at\/survivalshop\/#website"},"primaryImageOfPage":{"@id":"https:\/\/ueberlebenskunst.at\/survivalshop\/shop\/68-rubberballs-schleuderfutter\/#primaryimage"},"image":{"@id":"https:\/\/ueberlebenskunst.at\/survivalshop\/shop\/68-rubberballs-schleuderfutter\/#primaryimage"},"thumbnailUrl":"https:\/\/ueberlebenskunst.at\/survivalshop\/wp-content\/uploads\/2022\/12\/Rubberballs-Schleuderfutter-68.jpg","datePublished":"2022-12-12T06:33:08+00:00","dateModified":"2026-04-14T23:20:56+00:00","breadcrumb":{"@id":"https:\/\/ueberlebenskunst.at\/survivalshop\/shop\/68-rubberballs-schleuderfutter\/#breadcrumb"},"inLanguage":"de","potentialAction":[{"@type":"ReadAction","target":["https:\/\/ueberlebenskunst.at\/survivalshop\/shop\/68-rubberballs-schleuderfutter\/"]}]},{"@type":"ImageObject","inLanguage":"de","@id":"https:\/\/ueberlebenskunst.at\/survivalshop\/shop\/68-rubberballs-schleuderfutter\/#primaryimage","url":"https:\/\/ueberlebenskunst.at\/survivalshop\/wp-content\/uploads\/2022\/12\/Rubberballs-Schleuderfutter-68.jpg","contentUrl":"https:\/\/ueberlebenskunst.at\/survivalshop\/wp-content\/uploads\/2022\/12\/Rubberballs-Schleuderfutter-68.jpg","width":1920,"height":1920},{"@type":"BreadcrumbList","@id":"https:\/\/ueberlebenskunst.at\/survivalshop\/shop\/68-rubberballs-schleuderfutter\/#breadcrumb","itemListElement":[{"@type":"ListItem","position":1,"name":"Startseite","item":"https:\/\/ueberlebenskunst.at\/survivalshop\/"},{"@type":"ListItem","position":2,"name":"Shop","item":"https:\/\/ueberlebenskunst.at\/survivalshop\/shop\/"},{"@type":"ListItem","position":3,"name":"Rubberballs .68"}]},{"@type":"WebSite","@id":"https:\/\/ueberlebenskunst.at\/survivalshop\/#website","url":"https:\/\/ueberlebenskunst.at\/survivalshop\/","name":"Reini Rossmann - Survival Shop","description":"Survival Shop f\u00fcr Survival, Bushcraft und Prepper","potentialAction":[{"@type":"SearchAction","target":{"@type":"EntryPoint","urlTemplate":"https:\/\/ueberlebenskunst.at\/survivalshop\/?s={search_term_string}"},"query-input":{"@type":"PropertyValueSpecification","valueRequired":true,"valueName":"search_term_string"}}],"inLanguage":"de"}]}},"_links":{"self":[{"href":"https:\/\/ueberlebenskunst.at\/survivalshop\/wp-json\/wp\/v2\/product\/119862","targetHints":{"allow":["GET"]}}],"collection":[{"href":"https:\/\/ueberlebenskunst.at\/survivalshop\/wp-json\/wp\/v2\/product"}],"about":[{"href":"https:\/\/ueberlebenskunst.at\/survivalshop\/wp-json\/wp\/v2\/types\/product"}],"replies":[{"embeddable":true,"href":"https:\/\/ueberlebenskunst.at\/survivalshop\/wp-json\/wp\/v2\/comments?post=119862"}],"wp:featuredmedia":[{"embeddable":true,"href":"https:\/\/ueberlebenskunst.at\/survivalshop\/wp-json\/wp\/v2\/media\/134845"}],"wp:attachment":[{"href":"https:\/\/ueberlebenskunst.at\/survivalshop\/wp-json\/wp\/v2\/media?parent=119862"}],"wp:term":[{"taxonomy":"product_brand","embeddable":true,"href":"https:\/\/ueberlebenskunst.at\/survivalshop\/wp-json\/wp\/v2\/product_brand?post=119862"},{"taxonomy":"product_cat","embeddable":true,"href":"https:\/\/ueberlebenskunst.at\/survivalshop\/wp-json\/wp\/v2\/product_cat?post=119862"},{"taxonomy":"product_tag","embeddable":true,"href":"https:\/\/ueberlebenskunst.at\/survivalshop\/wp-json\/wp\/v2\/product_tag?post=119862"}],"curies":[{"name":"wp","href":"https:\/\/api.w.org\/{rel}","templated":true}]}}