{"id":119284,"date":"2022-12-02T14:02:52","date_gmt":"2022-12-02T13:02:52","guid":{"rendered":"https:\/\/ueberlebenskunst.at\/survivalshop\/?post_type=product&#038;p=119284"},"modified":"2026-04-29T10:18:06","modified_gmt":"2026-04-29T08:18:06","slug":"montageblock","status":"publish","type":"product","link":"https:\/\/ueberlebenskunst.at\/survivalshop\/shop\/montageblock\/","title":{"rendered":"Montageblock f\u00fcr Reini Rossmann Universal Halterung"},"content":{"rendered":"<h3>Montageblock 19 f\u00fcr Reini Rossmann Universal Halterung<\/h3>\n<p>Diese Montagebl\u00f6cke passen bei Universalhalterungen mit einem Durchmesser von 19 mm wie z. B. f\u00fcr die Stinger 2, Vlad oder Adder.<br \/>\nEr dient dazu um Messer und <a href=\"https:\/\/ueberlebenskunst.at\/survivalshop\/shop\/modularer-pfeilkoecher\/\" target=\"_blank\" rel=\"noopener\">Modulare Pfeilk\u00f6cher<\/a> zu montieren. Der <a href=\"https:\/\/ueberlebenskunst.at\/survivalshop\/shop\/batterie-container\/\" target=\"_blank\" rel=\"noopener\">Batterie Container<\/a> kann hineingeschraubt und der <a href=\"https:\/\/ueberlebenskunst.at\/survivalshop\/shop\/wachs-container-fuer-universal-picatinnyhalterung\/\" target=\"_blank\" rel=\"noopener\">Wachs-Container<\/a> reingeklemmt werden.<br \/>\nDieser Montageblock bietet dir die M\u00f6glichkeit seitlich und vorne unseren Modularen Pfeilk\u00f6cher bzw. ein Messer zu montieren. Wenn du einen Montageblock suchst, der auch eine Picatinnyschiene aufweist, dann empfehlen wir dir unseren <a href=\"https:\/\/ueberlebenskunst.at\/survivalshop\/shop\/picatinny-montageblock\/\" target=\"_blank\" rel=\"noopener\">Picatinny Montageblock 19<\/a>.<\/p>\n<h3>Lieferumfang:<\/h3>\n<ul>\n<li>1 Stk. Montageblock<\/li>\n<li><strong>ACHTUNG: auf den Produktbildern befindet sich optionales Zubeh\u00f6r, das im Lieferumfang NICHT enthalten ist.<\/strong><\/li>\n<\/ul>\n<h3>Wichtiger Hinweis:<\/h3>\n<p>Das Gewinde zur Montage von z.B.: dem <a href=\"https:\/\/ueberlebenskunst.at\/survivalshop\/shop\/batterie-container\/\">Batterie-Container<\/a> ist ein Linksgewinde.<\/p>\n<p>&nbsp;<\/p>\n<h3>Montageblock 25 f\u00fcr Reini Rossmann Universal Halterung<\/h3>\n<p>Diese Montagebl\u00f6cke passen bei Universalhalterungen mit einem Durchmesser von 25 mm wie z. B. f\u00fcr die <a href=\"https:\/\/ueberlebenskunst.at\/survivalshop\/shop\/ek-archery-vlad-pistolenarmbrust\/\" target=\"_blank\" rel=\"noopener\">Vlad<\/a> oder <a href=\"https:\/\/ueberlebenskunst.at\/survivalshop\/shop\/ek-cobra-adder-die-taktische-repetier-armbrust\/\" target=\"_blank\" rel=\"noopener\">Adder<\/a>.<br \/>\nDieser Montageblock bietet dir die M\u00f6glichkeit seitlich und vorne unseren Modularen Pfeilk\u00f6cher bzw. ein Messer zu montieren. Der\u00a0<a href=\"https:\/\/ueberlebenskunst.at\/survivalshop\/shop\/batterie-container\/\" target=\"_blank\" rel=\"noopener\">Batterie-Container<\/a> kann hineingeschraubt werden. Wenn du einen Montageblock suchst, der auch eine Picatinnyschiene aufweist, dann empfehlen wir dir unseren <a href=\"https:\/\/ueberlebenskunst.at\/survivalshop\/shop\/picatinny-montageblock-25\/\" target=\"_blank\" rel=\"noopener\">Picatinny Montageblock 25<\/a>.<br \/>\nWichtiger Hinweis: das Gewinde zum Anschrauben des Batterie-Containers ist ein Linksgewinde.<\/p>\n<h3>Produktdaten:<\/h3>\n<ul>\n<li>Abmessungen: 25 x 40 x 41 mm<\/li>\n<\/ul>\n<h3>Lieferumfang:<\/h3>\n<ul>\n<li>1 Stk. Montageblock<\/li>\n<li><strong>ACHTUNG: auf den Produktbildern befindet sich optionales Zubeh\u00f6r, das im Lieferumfang NICHT enthalten ist.<\/strong><\/li>\n<\/ul>\n<h3><strong>Passendes Zubeh\u00f6r (separat erh\u00e4ltlich):<\/strong><\/h3>\n<ul>\n<li><a href=\"https:\/\/ueberlebenskunst.at\/survivalshop\/shop\/batterie-container\/\" target=\"_blank\" rel=\"noopener\">Batterie-Container<\/a><\/li>\n<\/ul>\n<h3><strong>Bedienungs- &amp; Pflegeanleitung:<\/strong><\/h3>\n<ul>\n<li>Die Reinigung mit Wasser ist m\u00f6glich.<\/li>\n<li>Du solltest das Produkt nicht direkt in die N\u00e4he von Feuer oder anderen Hitzequellen legen!<\/li>\n<li>Wird es \u00fcber l\u00e4ngere Zeit sehr kalten Temperaturen unter 0 \u00b0C ausgesetzt, solltest du in dem Moment darauf achten, dass keine starken Belastungen darauf einwirken.<\/li>\n<\/ul>\n<p>Unsere Produkte sind nicht f\u00fcr Kinder unter 3 Jahren geeignet. Es besteht Verschluckungsgefahr.<\/p>\n<p><a href=\"https:\/\/ueberlebenskunst.at\/survivalshop\/wp-content\/uploads\/2021\/11\/Logo_Kinder.png\"><img decoding=\"async\" class=\"alignnone size-medium wp-image-179571\" src=\"https:\/\/ueberlebenskunst.at\/survivalshop\/wp-content\/uploads\/2021\/11\/Logo_Kinder-300x126.png\" alt=\"\" width=\"300\" height=\"126\" srcset=\"https:\/\/ueberlebenskunst.at\/survivalshop\/wp-content\/uploads\/2021\/11\/Logo_Kinder-300x126.png 300w, https:\/\/ueberlebenskunst.at\/survivalshop\/wp-content\/uploads\/2021\/11\/Logo_Kinder-64x27.png 64w, https:\/\/ueberlebenskunst.at\/survivalshop\/wp-content\/uploads\/2021\/11\/Logo_Kinder.png 401w\" sizes=\"(max-width: 300px) 100vw, 300px\" \/><\/a><\/p>\n<p><span style=\"color: #99cc00;\">Du willst das Produkt in einer anderen Farbe? Schick uns eine E-Mail an shop@ueberlebenskunst.at und wir pr\u00fcfen, ob dein Farbwunsch\u00a0m\u00f6glich\u00a0ist.<\/span><\/p>\n","protected":false},"excerpt":{"rendered":"<p>Montageblock 19 f\u00fcr Reini Rossmann Universal Halterung Diese Montagebl\u00f6cke passen bei Universalhalterungen mit einem Durchmesser von 19 mm wie z. B. f\u00fcr die Stinger 2, Vlad oder Adder. Er dient dazu um Messer und Modulare Pfeilk\u00f6cher zu montieren. Der Batterie Container kann hineingeschraubt und der Wachs-Container reingeklemmt werden. Dieser Montageblock bietet dir die M\u00f6glichkeit seitlich [&hellip;]<\/p>\n","protected":false},"featured_media":134666,"comment_status":"open","ping_status":"closed","template":"","meta":{"_acf_changed":false},"product_brand":[],"product_cat":[1770,1895,1771,1769,1894,1772,1893,1768],"product_tag":[1386],"class_list":{"0":"post-119284","1":"product","2":"type-product","3":"status-publish","4":"has-post-thumbnail","6":"product_cat-ek-archery-adder","7":"product_cat-ek-archery-adder-bogensport-pfeil-kugel","8":"product_cat-ek-archery-siege","9":"product_cat-ek-archery-vlad-bogensport-zubehoer","10":"product_cat-ek-archery-vlad-bogensport-pfeil-kugel","11":"product_cat-man-kung-alligator","12":"product_cat-steambow-stinger-bogensport-pfeil-kugel","13":"product_cat-steambow-stinger","14":"product_tag-montageblock","16":"first","17":"instock","18":"taxable","19":"shipping-taxable","20":"purchasable","21":"product-type-variable","22":"has-default-attributes"},"acf":[],"yoast_head":"<!-- This site is optimized with the Yoast SEO plugin v27.1.1 - https:\/\/yoast.com\/product\/yoast-seo-wordpress\/ -->\n<title>Montageblock f\u00fcr Reini Rossmann Universal Halterung - Reini Rossmann - Survival Shop<\/title>\n<meta name=\"robots\" content=\"index, follow, max-snippet:-1, max-image-preview:large, max-video-preview:-1\" \/>\n<link rel=\"canonical\" href=\"https:\/\/ueberlebenskunst.at\/survivalshop\/shop\/montageblock\/\" \/>\n<meta property=\"og:locale\" content=\"de_DE\" \/>\n<meta property=\"og:type\" content=\"article\" \/>\n<meta property=\"og:title\" content=\"Montageblock f\u00fcr Reini Rossmann Universal Halterung - Reini Rossmann - Survival Shop\" \/>\n<meta property=\"og:description\" content=\"Montageblock 19 f\u00fcr Reini Rossmann Universal Halterung Diese Montagebl\u00f6cke passen bei Universalhalterungen mit einem Durchmesser von 19 mm wie z. B. f\u00fcr die Stinger 2, Vlad oder Adder. Er dient dazu um Messer und Modulare Pfeilk\u00f6cher zu montieren. Der Batterie Container kann hineingeschraubt und der Wachs-Container reingeklemmt werden. Dieser Montageblock bietet dir die M\u00f6glichkeit seitlich [&hellip;]\" \/>\n<meta property=\"og:url\" content=\"https:\/\/ueberlebenskunst.at\/survivalshop\/shop\/montageblock\/\" \/>\n<meta property=\"og:site_name\" content=\"Reini Rossmann - Survival Shop\" \/>\n<meta property=\"article:publisher\" content=\"https:\/\/www.facebook.com\/survival24.org\/\" \/>\n<meta property=\"article:modified_time\" content=\"2026-04-29T08:18:06+00:00\" \/>\n<meta property=\"og:image\" content=\"https:\/\/ueberlebenskunst.at\/survivalshop\/wp-content\/uploads\/2022\/12\/Universalhalterung_Montageblock_MOBL_schraeg.jpg\" \/>\n\t<meta property=\"og:image:width\" content=\"400\" \/>\n\t<meta property=\"og:image:height\" content=\"400\" \/>\n\t<meta property=\"og:image:type\" content=\"image\/jpeg\" \/>\n<meta name=\"twitter:card\" content=\"summary_large_image\" \/>\n<meta name=\"twitter:label1\" content=\"Gesch\u00e4tzte Lesezeit\" \/>\n\t<meta name=\"twitter:data1\" content=\"3\u00a0Minuten\" \/>\n<script type=\"application\/ld+json\" class=\"yoast-schema-graph\">{\"@context\":\"https:\/\/schema.org\",\"@graph\":[{\"@type\":\"WebPage\",\"@id\":\"https:\/\/ueberlebenskunst.at\/survivalshop\/shop\/montageblock\/\",\"url\":\"https:\/\/ueberlebenskunst.at\/survivalshop\/shop\/montageblock\/\",\"name\":\"Montageblock f\u00fcr Reini Rossmann Universal Halterung - Reini Rossmann - Survival Shop\",\"isPartOf\":{\"@id\":\"https:\/\/ueberlebenskunst.at\/survivalshop\/#website\"},\"primaryImageOfPage\":{\"@id\":\"https:\/\/ueberlebenskunst.at\/survivalshop\/shop\/montageblock\/#primaryimage\"},\"image\":{\"@id\":\"https:\/\/ueberlebenskunst.at\/survivalshop\/shop\/montageblock\/#primaryimage\"},\"thumbnailUrl\":\"https:\/\/ueberlebenskunst.at\/survivalshop\/wp-content\/uploads\/2022\/12\/Universalhalterung_Montageblock_MOBL_schraeg.jpg\",\"datePublished\":\"2022-12-02T13:02:52+00:00\",\"dateModified\":\"2026-04-29T08:18:06+00:00\",\"breadcrumb\":{\"@id\":\"https:\/\/ueberlebenskunst.at\/survivalshop\/shop\/montageblock\/#breadcrumb\"},\"inLanguage\":\"de\",\"potentialAction\":[{\"@type\":\"ReadAction\",\"target\":[\"https:\/\/ueberlebenskunst.at\/survivalshop\/shop\/montageblock\/\"]}]},{\"@type\":\"ImageObject\",\"inLanguage\":\"de\",\"@id\":\"https:\/\/ueberlebenskunst.at\/survivalshop\/shop\/montageblock\/#primaryimage\",\"url\":\"https:\/\/ueberlebenskunst.at\/survivalshop\/wp-content\/uploads\/2022\/12\/Universalhalterung_Montageblock_MOBL_schraeg.jpg\",\"contentUrl\":\"https:\/\/ueberlebenskunst.at\/survivalshop\/wp-content\/uploads\/2022\/12\/Universalhalterung_Montageblock_MOBL_schraeg.jpg\",\"width\":400,\"height\":400},{\"@type\":\"BreadcrumbList\",\"@id\":\"https:\/\/ueberlebenskunst.at\/survivalshop\/shop\/montageblock\/#breadcrumb\",\"itemListElement\":[{\"@type\":\"ListItem\",\"position\":1,\"name\":\"Startseite\",\"item\":\"https:\/\/ueberlebenskunst.at\/survivalshop\/\"},{\"@type\":\"ListItem\",\"position\":2,\"name\":\"Shop\",\"item\":\"https:\/\/ueberlebenskunst.at\/survivalshop\/shop\/\"},{\"@type\":\"ListItem\",\"position\":3,\"name\":\"Montageblock f\u00fcr Reini Rossmann Universal Halterung\"}]},{\"@type\":\"WebSite\",\"@id\":\"https:\/\/ueberlebenskunst.at\/survivalshop\/#website\",\"url\":\"https:\/\/ueberlebenskunst.at\/survivalshop\/\",\"name\":\"Reini Rossmann - Survival Shop\",\"description\":\"Survival Shop f\u00fcr Survival, Bushcraft und Prepper\",\"potentialAction\":[{\"@type\":\"SearchAction\",\"target\":{\"@type\":\"EntryPoint\",\"urlTemplate\":\"https:\/\/ueberlebenskunst.at\/survivalshop\/?s={search_term_string}\"},\"query-input\":{\"@type\":\"PropertyValueSpecification\",\"valueRequired\":true,\"valueName\":\"search_term_string\"}}],\"inLanguage\":\"de\"}]}<\/script>\n<!-- \/ Yoast SEO plugin. -->","yoast_head_json":{"title":"Montageblock f\u00fcr Reini Rossmann Universal Halterung - Reini Rossmann - Survival Shop","robots":{"index":"index","follow":"follow","max-snippet":"max-snippet:-1","max-image-preview":"max-image-preview:large","max-video-preview":"max-video-preview:-1"},"canonical":"https:\/\/ueberlebenskunst.at\/survivalshop\/shop\/montageblock\/","og_locale":"de_DE","og_type":"article","og_title":"Montageblock f\u00fcr Reini Rossmann Universal Halterung - Reini Rossmann - Survival Shop","og_description":"Montageblock 19 f\u00fcr Reini Rossmann Universal Halterung Diese Montagebl\u00f6cke passen bei Universalhalterungen mit einem Durchmesser von 19 mm wie z. B. f\u00fcr die Stinger 2, Vlad oder Adder. Er dient dazu um Messer und Modulare Pfeilk\u00f6cher zu montieren. Der Batterie Container kann hineingeschraubt und der Wachs-Container reingeklemmt werden. Dieser Montageblock bietet dir die M\u00f6glichkeit seitlich [&hellip;]","og_url":"https:\/\/ueberlebenskunst.at\/survivalshop\/shop\/montageblock\/","og_site_name":"Reini Rossmann - Survival Shop","article_publisher":"https:\/\/www.facebook.com\/survival24.org\/","article_modified_time":"2026-04-29T08:18:06+00:00","og_image":[{"width":400,"height":400,"url":"https:\/\/ueberlebenskunst.at\/survivalshop\/wp-content\/uploads\/2022\/12\/Universalhalterung_Montageblock_MOBL_schraeg.jpg","type":"image\/jpeg"}],"twitter_card":"summary_large_image","twitter_misc":{"Gesch\u00e4tzte Lesezeit":"3\u00a0Minuten"},"schema":{"@context":"https:\/\/schema.org","@graph":[{"@type":"WebPage","@id":"https:\/\/ueberlebenskunst.at\/survivalshop\/shop\/montageblock\/","url":"https:\/\/ueberlebenskunst.at\/survivalshop\/shop\/montageblock\/","name":"Montageblock f\u00fcr Reini Rossmann Universal Halterung - Reini Rossmann - Survival Shop","isPartOf":{"@id":"https:\/\/ueberlebenskunst.at\/survivalshop\/#website"},"primaryImageOfPage":{"@id":"https:\/\/ueberlebenskunst.at\/survivalshop\/shop\/montageblock\/#primaryimage"},"image":{"@id":"https:\/\/ueberlebenskunst.at\/survivalshop\/shop\/montageblock\/#primaryimage"},"thumbnailUrl":"https:\/\/ueberlebenskunst.at\/survivalshop\/wp-content\/uploads\/2022\/12\/Universalhalterung_Montageblock_MOBL_schraeg.jpg","datePublished":"2022-12-02T13:02:52+00:00","dateModified":"2026-04-29T08:18:06+00:00","breadcrumb":{"@id":"https:\/\/ueberlebenskunst.at\/survivalshop\/shop\/montageblock\/#breadcrumb"},"inLanguage":"de","potentialAction":[{"@type":"ReadAction","target":["https:\/\/ueberlebenskunst.at\/survivalshop\/shop\/montageblock\/"]}]},{"@type":"ImageObject","inLanguage":"de","@id":"https:\/\/ueberlebenskunst.at\/survivalshop\/shop\/montageblock\/#primaryimage","url":"https:\/\/ueberlebenskunst.at\/survivalshop\/wp-content\/uploads\/2022\/12\/Universalhalterung_Montageblock_MOBL_schraeg.jpg","contentUrl":"https:\/\/ueberlebenskunst.at\/survivalshop\/wp-content\/uploads\/2022\/12\/Universalhalterung_Montageblock_MOBL_schraeg.jpg","width":400,"height":400},{"@type":"BreadcrumbList","@id":"https:\/\/ueberlebenskunst.at\/survivalshop\/shop\/montageblock\/#breadcrumb","itemListElement":[{"@type":"ListItem","position":1,"name":"Startseite","item":"https:\/\/ueberlebenskunst.at\/survivalshop\/"},{"@type":"ListItem","position":2,"name":"Shop","item":"https:\/\/ueberlebenskunst.at\/survivalshop\/shop\/"},{"@type":"ListItem","position":3,"name":"Montageblock f\u00fcr Reini Rossmann Universal Halterung"}]},{"@type":"WebSite","@id":"https:\/\/ueberlebenskunst.at\/survivalshop\/#website","url":"https:\/\/ueberlebenskunst.at\/survivalshop\/","name":"Reini Rossmann - Survival Shop","description":"Survival Shop f\u00fcr Survival, Bushcraft und Prepper","potentialAction":[{"@type":"SearchAction","target":{"@type":"EntryPoint","urlTemplate":"https:\/\/ueberlebenskunst.at\/survivalshop\/?s={search_term_string}"},"query-input":{"@type":"PropertyValueSpecification","valueRequired":true,"valueName":"search_term_string"}}],"inLanguage":"de"}]}},"_links":{"self":[{"href":"https:\/\/ueberlebenskunst.at\/survivalshop\/wp-json\/wp\/v2\/product\/119284","targetHints":{"allow":["GET"]}}],"collection":[{"href":"https:\/\/ueberlebenskunst.at\/survivalshop\/wp-json\/wp\/v2\/product"}],"about":[{"href":"https:\/\/ueberlebenskunst.at\/survivalshop\/wp-json\/wp\/v2\/types\/product"}],"replies":[{"embeddable":true,"href":"https:\/\/ueberlebenskunst.at\/survivalshop\/wp-json\/wp\/v2\/comments?post=119284"}],"wp:featuredmedia":[{"embeddable":true,"href":"https:\/\/ueberlebenskunst.at\/survivalshop\/wp-json\/wp\/v2\/media\/134666"}],"wp:attachment":[{"href":"https:\/\/ueberlebenskunst.at\/survivalshop\/wp-json\/wp\/v2\/media?parent=119284"}],"wp:term":[{"taxonomy":"product_brand","embeddable":true,"href":"https:\/\/ueberlebenskunst.at\/survivalshop\/wp-json\/wp\/v2\/product_brand?post=119284"},{"taxonomy":"product_cat","embeddable":true,"href":"https:\/\/ueberlebenskunst.at\/survivalshop\/wp-json\/wp\/v2\/product_cat?post=119284"},{"taxonomy":"product_tag","embeddable":true,"href":"https:\/\/ueberlebenskunst.at\/survivalshop\/wp-json\/wp\/v2\/product_tag?post=119284"}],"curies":[{"name":"wp","href":"https:\/\/api.w.org\/{rel}","templated":true}]}}