{"id":117771,"date":"2022-11-19T17:12:34","date_gmt":"2022-11-19T16:12:34","guid":{"rendered":"https:\/\/ueberlebenskunst.at\/survivalshop\/?post_type=product&#038;p=117771"},"modified":"2025-06-26T14:27:29","modified_gmt":"2025-06-26T12:27:29","slug":"k4-scheide-fuer-microtech-combat-troodon-hs-rescue-tool","status":"publish","type":"product","link":"https:\/\/ueberlebenskunst.at\/survivalshop\/shop\/k4-scheide-fuer-microtech-combat-troodon-hs-rescue-tool\/","title":{"rendered":"K4 Scheide f\u00fcr Microtech Combat Troodon \/ HS RESCUE TOOL"},"content":{"rendered":"<p>Die K4 Scheide f\u00fcr Microtec Knives HS Rescue Tool bzw. Combat Troodon ist Made in Austria, direkt aus der Reini Rossmann Werkstatt und passt genau f\u00fcr die eben genannten Messertypen. Das bedeutet du kannst diese G\u00fcrtelscheide einerseits f\u00fcr das 42a konforme Rescue Tool von Microtec benutzen, um es als EDC sicher und dennoch unauff\u00e4llig am G\u00fcrtel tragen zu k\u00f6nnen. Da das Rescue Tool auf der Plattform des Combat Troodon aufgebaut ist, sind nat\u00fcrlich alle Microtec Messer aus der Combat Troodon Serie mit dieser Steckscheide kompatibel. Die Rechtsh\u00e4nder-Scheide ist mit 2 G\u00fcrtelschlaufen ausgef\u00fchrt, um das Messer sehr eng am K\u00f6rper tragen zu k\u00f6nnen. Dennoch ist der Zugriff mit einer Hand m\u00f6glich. Das bedeutet du kannst das Rescue Tool oder den Combat Troodon einh\u00e4ndig ziehen, benutzen und dann auch einh\u00e4ndig in die passgenaue Steckscheide zur\u00fcckf\u00fchren. Um die Nutzbarkeit noch weiter zu erh\u00f6hen, haben wir eine EDC Mini Lampe in der Scheide (im Lieferumfang enthalten) eingebaut. Diese kleine und kompakte Lampe ist auch einh\u00e4ndig aus der Steckscheide zu entnehmen und wieder zur\u00fcckzuf\u00fchren. Die Scheide ist so aufgebaut, dass die Lampe absolut sicher in der Scheide sitzt und somit in den Alltagssituationen jederzeit zur Verf\u00fcgung steht. Wir weisen ausdr\u00fccklich darauf hin, dass unsere K4 Scheiden f\u00fcr den t\u00e4glichen Einsatz gedacht sind. Das bedeutet, dass durch die Passgenauigkeit nach l\u00e4ngerer Nutzung (Ein- und Ausstecken des Messers) die Oberfl\u00e4che des Microtec Knives zerkratzt bzw. Gebrauchsspuren bekommt. Wir empfehlen daher die Scheide nur f\u00fcr Anwender und nicht f\u00fcr klassische Messersammler. Die G\u00fcrtelschlaufen sind f\u00fcr maximale G\u00fcrtelh\u00f6hen von 4,8 cm geeignet.<\/p>\n<h3><strong>Kompatibel mit:<\/strong><\/h3>\n<ul>\n<li>Microtech Knives COMBAT TROODON<\/li>\n<li>Microtech Knives HS Rescue 42a konform<\/li>\n<li>F\u00fcr G\u00fcrtel mit 50 mm H\u00f6he und 5 mm Dicke geeignet<\/li>\n<\/ul>\n<h3><strong>Lieferumfang:<\/strong><\/h3>\n<ul>\n<li>K4 Steckscheide<\/li>\n<li>K4 EDC Mini Lampe<\/li>\n<\/ul>\n<p>Wir weisen ausdr\u00fccklich darauf hin, dass das abgebildete Microtech Messer <strong>NICHT<\/strong> im Lieferumfang enthalten ist.<\/p>\n<h3>Bedienungs- &amp; Pflegeanleitung:<\/h3>\n<ul>\n<li>Die Reinigung mit Wasser und Seife ist m\u00f6glich.<\/li>\n<li>Du solltest die Steckscheide nicht direkt in die N\u00e4he von Feuer oder anderen Hitzequellen legen!<\/li>\n<li>Wird deine Steckscheide \u00fcber l\u00e4ngere Zeit sehr kalten Temperaturen unter 0 \u00b0C ausgesetzt, solltest du in dem Moment darauf achten, dass keine starken Belastungen darauf einwirken.<\/li>\n<li>Wir weisen darauf hin, dass die K4 Scheide f\u00fcr Nutzer gedacht ist. Durch die Benutzung k\u00f6nnen Gebrauchsspuren am Messer entstehen. Wir k\u00f6nnen f\u00fcr diese Gebrauchsspuren keinerlei Haftung \u00fcbernehmen. Wir weisen darauf hin, dass reine Messersammler unsere K4 Scheide nicht benutzen sollen, da durch die Benutzung Gebrauchsspuren auftreten.<\/li>\n<\/ul>\n<p>Unsere Produkte sind nicht f\u00fcr Kinder unter 3 Jahren geeignet. Es besteht Verschluckungsgefahr.<\/p>\n<p><span style=\"color: #99cc00;\">Du willst das Produkt in einer anderen Farbe? Schick uns eine E-Mail an shop@ueberlebenskunst.at und wir pr\u00fcfen, ob dein Farbwunsch\u00a0m\u00f6glich\u00a0ist.<\/span><\/p>\n","protected":false},"excerpt":{"rendered":"<p>Die K4 Scheide f\u00fcr Microtec Knives HS Rescue Tool bzw. Combat Troodon ist Made in Austria, direkt aus der Reini Rossmann Werkstatt und passt genau f\u00fcr die eben genannten Messertypen. Das bedeutet du kannst diese G\u00fcrtelscheide einerseits f\u00fcr das 42a konforme Rescue Tool von Microtec benutzen, um es als EDC sicher und dennoch unauff\u00e4llig am [&hellip;]<\/p>\n","protected":false},"featured_media":137080,"comment_status":"open","ping_status":"closed","template":"","meta":{"_acf_changed":false},"product_brand":[],"product_cat":[1945],"product_tag":[1256,1352,1387],"class_list":{"0":"post-117771","1":"product","2":"type-product","3":"status-publish","4":"has-post-thumbnail","6":"product_cat-survivalausruestung","7":"product_tag-k4","8":"product_tag-microtech","9":"product_tag-rettungsmesser-scheiden","11":"first","12":"instock","13":"taxable","14":"shipping-taxable","15":"purchasable","16":"product-type-simple"},"acf":[],"yoast_head":"<!-- This site is optimized with the Yoast SEO plugin v27.1.1 - https:\/\/yoast.com\/product\/yoast-seo-wordpress\/ -->\n<title>K4 Scheide f\u00fcr Microtech Combat Troodon \/ HS RESCUE TOOL<\/title>\n<meta name=\"robots\" content=\"index, follow, max-snippet:-1, max-image-preview:large, max-video-preview:-1\" \/>\n<link rel=\"canonical\" href=\"https:\/\/ueberlebenskunst.at\/survivalshop\/shop\/k4-scheide-fuer-microtech-combat-troodon-hs-rescue-tool\/\" \/>\n<meta property=\"og:locale\" content=\"de_DE\" \/>\n<meta property=\"og:type\" content=\"article\" \/>\n<meta property=\"og:title\" content=\"K4 Scheide f\u00fcr Microtech Combat Troodon \/ HS RESCUE TOOL\" \/>\n<meta property=\"og:description\" content=\"Die K4 Scheide f\u00fcr Microtec Knives HS Rescue Tool bzw. Combat Troodon ist Made in Austria, direkt aus der Reini Rossmann Werkstatt und passt genau f\u00fcr die eben genannten Messertypen. Das bedeutet du kannst diese G\u00fcrtelscheide einerseits f\u00fcr das 42a konforme Rescue Tool von Microtec benutzen, um es als EDC sicher und dennoch unauff\u00e4llig am [&hellip;]\" \/>\n<meta property=\"og:url\" content=\"https:\/\/ueberlebenskunst.at\/survivalshop\/shop\/k4-scheide-fuer-microtech-combat-troodon-hs-rescue-tool\/\" \/>\n<meta property=\"og:site_name\" content=\"Reini Rossmann - Survival Shop\" \/>\n<meta property=\"article:publisher\" content=\"https:\/\/www.facebook.com\/survival24.org\/\" \/>\n<meta property=\"article:modified_time\" content=\"2025-06-26T12:27:29+00:00\" \/>\n<meta property=\"og:image\" content=\"https:\/\/ueberlebenskunst.at\/survivalshop\/wp-content\/uploads\/2022\/11\/K4_Scheide_Microtech_Combat_Troodon_HS_RESCUE_TOOL_MT02_sk.jpg\" \/>\n\t<meta property=\"og:image:width\" content=\"400\" \/>\n\t<meta property=\"og:image:height\" content=\"400\" \/>\n\t<meta property=\"og:image:type\" content=\"image\/jpeg\" \/>\n<meta name=\"twitter:card\" content=\"summary_large_image\" \/>\n<meta name=\"twitter:label1\" content=\"Gesch\u00e4tzte Lesezeit\" \/>\n\t<meta name=\"twitter:data1\" content=\"3\u00a0Minuten\" \/>\n<script type=\"application\/ld+json\" class=\"yoast-schema-graph\">{\"@context\":\"https:\/\/schema.org\",\"@graph\":[{\"@type\":\"WebPage\",\"@id\":\"https:\/\/ueberlebenskunst.at\/survivalshop\/shop\/k4-scheide-fuer-microtech-combat-troodon-hs-rescue-tool\/\",\"url\":\"https:\/\/ueberlebenskunst.at\/survivalshop\/shop\/k4-scheide-fuer-microtech-combat-troodon-hs-rescue-tool\/\",\"name\":\"K4 Scheide f\u00fcr Microtech Combat Troodon \/ HS RESCUE TOOL\",\"isPartOf\":{\"@id\":\"https:\/\/ueberlebenskunst.at\/survivalshop\/#website\"},\"primaryImageOfPage\":{\"@id\":\"https:\/\/ueberlebenskunst.at\/survivalshop\/shop\/k4-scheide-fuer-microtech-combat-troodon-hs-rescue-tool\/#primaryimage\"},\"image\":{\"@id\":\"https:\/\/ueberlebenskunst.at\/survivalshop\/shop\/k4-scheide-fuer-microtech-combat-troodon-hs-rescue-tool\/#primaryimage\"},\"thumbnailUrl\":\"https:\/\/ueberlebenskunst.at\/survivalshop\/wp-content\/uploads\/2022\/11\/K4_Scheide_Microtech_Combat_Troodon_HS_RESCUE_TOOL_MT02_sk.jpg\",\"datePublished\":\"2022-11-19T16:12:34+00:00\",\"dateModified\":\"2025-06-26T12:27:29+00:00\",\"breadcrumb\":{\"@id\":\"https:\/\/ueberlebenskunst.at\/survivalshop\/shop\/k4-scheide-fuer-microtech-combat-troodon-hs-rescue-tool\/#breadcrumb\"},\"inLanguage\":\"de\",\"potentialAction\":[{\"@type\":\"ReadAction\",\"target\":[\"https:\/\/ueberlebenskunst.at\/survivalshop\/shop\/k4-scheide-fuer-microtech-combat-troodon-hs-rescue-tool\/\"]}]},{\"@type\":\"ImageObject\",\"inLanguage\":\"de\",\"@id\":\"https:\/\/ueberlebenskunst.at\/survivalshop\/shop\/k4-scheide-fuer-microtech-combat-troodon-hs-rescue-tool\/#primaryimage\",\"url\":\"https:\/\/ueberlebenskunst.at\/survivalshop\/wp-content\/uploads\/2022\/11\/K4_Scheide_Microtech_Combat_Troodon_HS_RESCUE_TOOL_MT02_sk.jpg\",\"contentUrl\":\"https:\/\/ueberlebenskunst.at\/survivalshop\/wp-content\/uploads\/2022\/11\/K4_Scheide_Microtech_Combat_Troodon_HS_RESCUE_TOOL_MT02_sk.jpg\",\"width\":400,\"height\":400},{\"@type\":\"BreadcrumbList\",\"@id\":\"https:\/\/ueberlebenskunst.at\/survivalshop\/shop\/k4-scheide-fuer-microtech-combat-troodon-hs-rescue-tool\/#breadcrumb\",\"itemListElement\":[{\"@type\":\"ListItem\",\"position\":1,\"name\":\"Startseite\",\"item\":\"https:\/\/ueberlebenskunst.at\/survivalshop\/\"},{\"@type\":\"ListItem\",\"position\":2,\"name\":\"Shop\",\"item\":\"https:\/\/ueberlebenskunst.at\/survivalshop\/shop\/\"},{\"@type\":\"ListItem\",\"position\":3,\"name\":\"K4 Scheide f\u00fcr Microtech Combat Troodon \/ HS RESCUE TOOL\"}]},{\"@type\":\"WebSite\",\"@id\":\"https:\/\/ueberlebenskunst.at\/survivalshop\/#website\",\"url\":\"https:\/\/ueberlebenskunst.at\/survivalshop\/\",\"name\":\"Reini Rossmann - Survival Shop\",\"description\":\"Survival Shop f\u00fcr Survival, Bushcraft und Prepper\",\"potentialAction\":[{\"@type\":\"SearchAction\",\"target\":{\"@type\":\"EntryPoint\",\"urlTemplate\":\"https:\/\/ueberlebenskunst.at\/survivalshop\/?s={search_term_string}\"},\"query-input\":{\"@type\":\"PropertyValueSpecification\",\"valueRequired\":true,\"valueName\":\"search_term_string\"}}],\"inLanguage\":\"de\"}]}<\/script>\n<!-- \/ Yoast SEO plugin. -->","yoast_head_json":{"title":"K4 Scheide f\u00fcr Microtech Combat Troodon \/ HS RESCUE TOOL","robots":{"index":"index","follow":"follow","max-snippet":"max-snippet:-1","max-image-preview":"max-image-preview:large","max-video-preview":"max-video-preview:-1"},"canonical":"https:\/\/ueberlebenskunst.at\/survivalshop\/shop\/k4-scheide-fuer-microtech-combat-troodon-hs-rescue-tool\/","og_locale":"de_DE","og_type":"article","og_title":"K4 Scheide f\u00fcr Microtech Combat Troodon \/ HS RESCUE TOOL","og_description":"Die K4 Scheide f\u00fcr Microtec Knives HS Rescue Tool bzw. Combat Troodon ist Made in Austria, direkt aus der Reini Rossmann Werkstatt und passt genau f\u00fcr die eben genannten Messertypen. Das bedeutet du kannst diese G\u00fcrtelscheide einerseits f\u00fcr das 42a konforme Rescue Tool von Microtec benutzen, um es als EDC sicher und dennoch unauff\u00e4llig am [&hellip;]","og_url":"https:\/\/ueberlebenskunst.at\/survivalshop\/shop\/k4-scheide-fuer-microtech-combat-troodon-hs-rescue-tool\/","og_site_name":"Reini Rossmann - Survival Shop","article_publisher":"https:\/\/www.facebook.com\/survival24.org\/","article_modified_time":"2025-06-26T12:27:29+00:00","og_image":[{"width":400,"height":400,"url":"https:\/\/ueberlebenskunst.at\/survivalshop\/wp-content\/uploads\/2022\/11\/K4_Scheide_Microtech_Combat_Troodon_HS_RESCUE_TOOL_MT02_sk.jpg","type":"image\/jpeg"}],"twitter_card":"summary_large_image","twitter_misc":{"Gesch\u00e4tzte Lesezeit":"3\u00a0Minuten"},"schema":{"@context":"https:\/\/schema.org","@graph":[{"@type":"WebPage","@id":"https:\/\/ueberlebenskunst.at\/survivalshop\/shop\/k4-scheide-fuer-microtech-combat-troodon-hs-rescue-tool\/","url":"https:\/\/ueberlebenskunst.at\/survivalshop\/shop\/k4-scheide-fuer-microtech-combat-troodon-hs-rescue-tool\/","name":"K4 Scheide f\u00fcr Microtech Combat Troodon \/ HS RESCUE TOOL","isPartOf":{"@id":"https:\/\/ueberlebenskunst.at\/survivalshop\/#website"},"primaryImageOfPage":{"@id":"https:\/\/ueberlebenskunst.at\/survivalshop\/shop\/k4-scheide-fuer-microtech-combat-troodon-hs-rescue-tool\/#primaryimage"},"image":{"@id":"https:\/\/ueberlebenskunst.at\/survivalshop\/shop\/k4-scheide-fuer-microtech-combat-troodon-hs-rescue-tool\/#primaryimage"},"thumbnailUrl":"https:\/\/ueberlebenskunst.at\/survivalshop\/wp-content\/uploads\/2022\/11\/K4_Scheide_Microtech_Combat_Troodon_HS_RESCUE_TOOL_MT02_sk.jpg","datePublished":"2022-11-19T16:12:34+00:00","dateModified":"2025-06-26T12:27:29+00:00","breadcrumb":{"@id":"https:\/\/ueberlebenskunst.at\/survivalshop\/shop\/k4-scheide-fuer-microtech-combat-troodon-hs-rescue-tool\/#breadcrumb"},"inLanguage":"de","potentialAction":[{"@type":"ReadAction","target":["https:\/\/ueberlebenskunst.at\/survivalshop\/shop\/k4-scheide-fuer-microtech-combat-troodon-hs-rescue-tool\/"]}]},{"@type":"ImageObject","inLanguage":"de","@id":"https:\/\/ueberlebenskunst.at\/survivalshop\/shop\/k4-scheide-fuer-microtech-combat-troodon-hs-rescue-tool\/#primaryimage","url":"https:\/\/ueberlebenskunst.at\/survivalshop\/wp-content\/uploads\/2022\/11\/K4_Scheide_Microtech_Combat_Troodon_HS_RESCUE_TOOL_MT02_sk.jpg","contentUrl":"https:\/\/ueberlebenskunst.at\/survivalshop\/wp-content\/uploads\/2022\/11\/K4_Scheide_Microtech_Combat_Troodon_HS_RESCUE_TOOL_MT02_sk.jpg","width":400,"height":400},{"@type":"BreadcrumbList","@id":"https:\/\/ueberlebenskunst.at\/survivalshop\/shop\/k4-scheide-fuer-microtech-combat-troodon-hs-rescue-tool\/#breadcrumb","itemListElement":[{"@type":"ListItem","position":1,"name":"Startseite","item":"https:\/\/ueberlebenskunst.at\/survivalshop\/"},{"@type":"ListItem","position":2,"name":"Shop","item":"https:\/\/ueberlebenskunst.at\/survivalshop\/shop\/"},{"@type":"ListItem","position":3,"name":"K4 Scheide f\u00fcr Microtech Combat Troodon \/ HS RESCUE TOOL"}]},{"@type":"WebSite","@id":"https:\/\/ueberlebenskunst.at\/survivalshop\/#website","url":"https:\/\/ueberlebenskunst.at\/survivalshop\/","name":"Reini Rossmann - Survival Shop","description":"Survival Shop f\u00fcr Survival, Bushcraft und Prepper","potentialAction":[{"@type":"SearchAction","target":{"@type":"EntryPoint","urlTemplate":"https:\/\/ueberlebenskunst.at\/survivalshop\/?s={search_term_string}"},"query-input":{"@type":"PropertyValueSpecification","valueRequired":true,"valueName":"search_term_string"}}],"inLanguage":"de"}]}},"_links":{"self":[{"href":"https:\/\/ueberlebenskunst.at\/survivalshop\/wp-json\/wp\/v2\/product\/117771","targetHints":{"allow":["GET"]}}],"collection":[{"href":"https:\/\/ueberlebenskunst.at\/survivalshop\/wp-json\/wp\/v2\/product"}],"about":[{"href":"https:\/\/ueberlebenskunst.at\/survivalshop\/wp-json\/wp\/v2\/types\/product"}],"replies":[{"embeddable":true,"href":"https:\/\/ueberlebenskunst.at\/survivalshop\/wp-json\/wp\/v2\/comments?post=117771"}],"wp:featuredmedia":[{"embeddable":true,"href":"https:\/\/ueberlebenskunst.at\/survivalshop\/wp-json\/wp\/v2\/media\/137080"}],"wp:attachment":[{"href":"https:\/\/ueberlebenskunst.at\/survivalshop\/wp-json\/wp\/v2\/media?parent=117771"}],"wp:term":[{"taxonomy":"product_brand","embeddable":true,"href":"https:\/\/ueberlebenskunst.at\/survivalshop\/wp-json\/wp\/v2\/product_brand?post=117771"},{"taxonomy":"product_cat","embeddable":true,"href":"https:\/\/ueberlebenskunst.at\/survivalshop\/wp-json\/wp\/v2\/product_cat?post=117771"},{"taxonomy":"product_tag","embeddable":true,"href":"https:\/\/ueberlebenskunst.at\/survivalshop\/wp-json\/wp\/v2\/product_tag?post=117771"}],"curies":[{"name":"wp","href":"https:\/\/api.w.org\/{rel}","templated":true}]}}