{"id":113846,"date":"2022-11-04T11:38:37","date_gmt":"2022-11-04T10:38:37","guid":{"rendered":"https:\/\/ueberlebenskunst.at\/survivalshop\/?post_type=product&#038;p=113846"},"modified":"2025-12-13T21:53:06","modified_gmt":"2025-12-13T20:53:06","slug":"113846","status":"publish","type":"product","link":"https:\/\/ueberlebenskunst.at\/survivalshop\/shop\/113846\/","title":{"rendered":"K4-Scheide f\u00fcr NexTool Flagship Pro + EDC Mini Lampe"},"content":{"rendered":"<p>Die standardm\u00e4\u00dfigen Scheiden vom Hersteller sind gro\u00dfartig verarbeitet, haben jedoch ein Problem: die Einhandbedienung ist damit nicht m\u00f6glich!<br \/>\nMit unseren Knives4 Einhandsteckscheiden ist dieses Problem gel\u00f6st! Diese ist f\u00fcr Links- und Rechtsh\u00e4nder gleicherma\u00dfen geeignet, bietet ausreichend Halt und kann mit einer Hand aus der Scheide entnommen werden.<br \/>\nDie tip-up Trageweise sorgt daf\u00fcr, dass du beim Herausnehmen des Messers dieses gleich in der richtigen Position zur Verf\u00fcgung hast und dadurch gleich mit dem Arbeiten loslegen kannst. Alle unsere Scheiden sind: Made in Austria!<\/p>\n<p>NEU! Ab jetzt liefern wir diese G\u00fcrtel &#8211; Steckscheide auch mit verbesserter G\u00fcrtelschlaufe aus. Damit kannst du dein Messer, dank der vorgehsenehen Bohrungen, auch als Neckknife tragen.<\/p>\n<p>Bitte beachte: Im Lieferumfang sind nur G\u00fcrtelscheide und EDC Lampe enthalten!<\/p>\n<h3><strong>Produktdaten:<\/strong><\/h3>\n<ul>\n<li>Gewicht: 41 g<\/li>\n<li>Abmessungen: 32 x 58 x 64 mm<\/li>\n<\/ul>\n<h3><strong>Passt auf:<\/strong><\/h3>\n<ul>\n<li>G\u00fcrtel mit einer Breite von 50 mm<\/li>\n<\/ul>\n<h3><strong>Kompatibel mit:<\/strong><\/h3>\n<ul>\n<li>Nextool KT5020 und das MT20<\/li>\n<\/ul>\n<h3><strong>Produktdetails zur K4 EDC Lampe:<\/strong><\/h3>\n<p>Batterie: AAA (nicht im Lieferumfang enthalten)<br \/>\nAbmessungen: 67 x 15 mm<br \/>\n4Modus: (180 Lumen \/ 12 Lumen\/ 0,04 Lumen\/ Strobe mit 180 Lumen)<br \/>\nLeuchtdauer: bis zu 30 Min. bei 180 Lumen \/ 6 h bei 12 Lumen<\/p>\n<h3><strong>Bedienungs- &amp; Pflegeanleitung:<\/strong><\/h3>\n<ul>\n<li>Die Reinigung mit Wasser und Seife ist m\u00f6glich.<\/li>\n<li>Du solltest die Steckscheide nicht direkt in die N\u00e4he von Feuer oder anderen Hitzequellen legen!<\/li>\n<li>Wird deine Steckscheide \u00fcber l\u00e4ngere Zeit sehr kalten Temperaturen unter 0 \u00b0C ausgesetzt, solltest du<br \/>\nin dem Moment darauf achten, dass keine starken Belastungen darauf einwirken.<\/li>\n<\/ul>\n<p>Unsere Produkte sind nicht f\u00fcr Kinder unter 3 Jahren geeignet. Es besteht Verschluckungsgefahr.<\/p>\n<p><span style=\"color: #99cc00;\">Du willst das Produkt in einer anderen Farbe? Schick uns eine E-Mail an shop@ueberlebenskunst.at und wir pr\u00fcfen, ob dein Farbwunsch\u00a0m\u00f6glich\u00a0ist.<\/span><\/p>\n","protected":false},"excerpt":{"rendered":"<p>Die standardm\u00e4\u00dfigen Scheiden vom Hersteller sind gro\u00dfartig verarbeitet, haben jedoch ein Problem: die Einhandbedienung ist damit nicht m\u00f6glich! Mit unseren Knives4 Einhandsteckscheiden ist dieses Problem gel\u00f6st! Diese ist f\u00fcr Links- und Rechtsh\u00e4nder gleicherma\u00dfen geeignet, bietet ausreichend Halt und kann mit einer Hand aus der Scheide entnommen werden. Die tip-up Trageweise sorgt daf\u00fcr, dass du beim [&hellip;]<\/p>\n","protected":false},"featured_media":136673,"comment_status":"open","ping_status":"closed","template":"","meta":{"_acf_changed":false},"product_brand":[],"product_cat":[2389],"product_tag":[1256,1255,2088],"class_list":{"0":"post-113846","1":"product","2":"type-product","3":"status-publish","4":"has-post-thumbnail","6":"product_cat-flohmarkt","7":"product_tag-k4","8":"product_tag-knives4","9":"product_tag-nextool","11":"first","12":"instock","13":"sale","14":"taxable","15":"shipping-taxable","16":"purchasable","17":"product-type-simple"},"acf":[],"yoast_head":"<!-- This site is optimized with the Yoast SEO plugin v27.1.1 - https:\/\/yoast.com\/product\/yoast-seo-wordpress\/ -->\n<title>K4-Scheide f\u00fcr NexTool Flagship Pro + EDC Mini Lampe - Reini Rossmann - Survival Shop<\/title>\n<meta name=\"robots\" content=\"index, follow, max-snippet:-1, max-image-preview:large, max-video-preview:-1\" \/>\n<link rel=\"canonical\" href=\"https:\/\/ueberlebenskunst.at\/survivalshop\/shop\/113846\/\" \/>\n<meta property=\"og:locale\" content=\"de_DE\" \/>\n<meta property=\"og:type\" content=\"article\" \/>\n<meta property=\"og:title\" content=\"K4-Scheide f\u00fcr NexTool Flagship Pro + EDC Mini Lampe - Reini Rossmann - Survival Shop\" \/>\n<meta property=\"og:description\" content=\"Die standardm\u00e4\u00dfigen Scheiden vom Hersteller sind gro\u00dfartig verarbeitet, haben jedoch ein Problem: die Einhandbedienung ist damit nicht m\u00f6glich! Mit unseren Knives4 Einhandsteckscheiden ist dieses Problem gel\u00f6st! Diese ist f\u00fcr Links- und Rechtsh\u00e4nder gleicherma\u00dfen geeignet, bietet ausreichend Halt und kann mit einer Hand aus der Scheide entnommen werden. Die tip-up Trageweise sorgt daf\u00fcr, dass du beim [&hellip;]\" \/>\n<meta property=\"og:url\" content=\"https:\/\/ueberlebenskunst.at\/survivalshop\/shop\/113846\/\" \/>\n<meta property=\"og:site_name\" content=\"Reini Rossmann - Survival Shop\" \/>\n<meta property=\"article:publisher\" content=\"https:\/\/www.facebook.com\/survival24.org\/\" \/>\n<meta property=\"article:modified_time\" content=\"2025-12-13T20:53:06+00:00\" \/>\n<meta property=\"og:image\" content=\"https:\/\/ueberlebenskunst.at\/survivalshop\/wp-content\/uploads\/2022\/11\/K4-Scheide_NexTool-Flagship-Pro_EDC_Mini-Lampe_NTFS02_Messer_sk.jpg\" \/>\n\t<meta property=\"og:image:width\" content=\"400\" \/>\n\t<meta property=\"og:image:height\" content=\"400\" \/>\n\t<meta property=\"og:image:type\" content=\"image\/jpeg\" \/>\n<meta name=\"twitter:card\" content=\"summary_large_image\" \/>\n<meta name=\"twitter:label1\" content=\"Gesch\u00e4tzte Lesezeit\" \/>\n\t<meta name=\"twitter:data1\" content=\"2\u00a0Minuten\" \/>\n<script type=\"application\/ld+json\" class=\"yoast-schema-graph\">{\"@context\":\"https:\/\/schema.org\",\"@graph\":[{\"@type\":\"WebPage\",\"@id\":\"https:\/\/ueberlebenskunst.at\/survivalshop\/shop\/113846\/\",\"url\":\"https:\/\/ueberlebenskunst.at\/survivalshop\/shop\/113846\/\",\"name\":\"K4-Scheide f\u00fcr NexTool Flagship Pro + EDC Mini Lampe - Reini Rossmann - Survival Shop\",\"isPartOf\":{\"@id\":\"https:\/\/ueberlebenskunst.at\/survivalshop\/#website\"},\"primaryImageOfPage\":{\"@id\":\"https:\/\/ueberlebenskunst.at\/survivalshop\/shop\/113846\/#primaryimage\"},\"image\":{\"@id\":\"https:\/\/ueberlebenskunst.at\/survivalshop\/shop\/113846\/#primaryimage\"},\"thumbnailUrl\":\"https:\/\/ueberlebenskunst.at\/survivalshop\/wp-content\/uploads\/2022\/11\/K4-Scheide_NexTool-Flagship-Pro_EDC_Mini-Lampe_NTFS02_Messer_sk.jpg\",\"datePublished\":\"2022-11-04T10:38:37+00:00\",\"dateModified\":\"2025-12-13T20:53:06+00:00\",\"breadcrumb\":{\"@id\":\"https:\/\/ueberlebenskunst.at\/survivalshop\/shop\/113846\/#breadcrumb\"},\"inLanguage\":\"de\",\"potentialAction\":[{\"@type\":\"ReadAction\",\"target\":[\"https:\/\/ueberlebenskunst.at\/survivalshop\/shop\/113846\/\"]}]},{\"@type\":\"ImageObject\",\"inLanguage\":\"de\",\"@id\":\"https:\/\/ueberlebenskunst.at\/survivalshop\/shop\/113846\/#primaryimage\",\"url\":\"https:\/\/ueberlebenskunst.at\/survivalshop\/wp-content\/uploads\/2022\/11\/K4-Scheide_NexTool-Flagship-Pro_EDC_Mini-Lampe_NTFS02_Messer_sk.jpg\",\"contentUrl\":\"https:\/\/ueberlebenskunst.at\/survivalshop\/wp-content\/uploads\/2022\/11\/K4-Scheide_NexTool-Flagship-Pro_EDC_Mini-Lampe_NTFS02_Messer_sk.jpg\",\"width\":400,\"height\":400},{\"@type\":\"BreadcrumbList\",\"@id\":\"https:\/\/ueberlebenskunst.at\/survivalshop\/shop\/113846\/#breadcrumb\",\"itemListElement\":[{\"@type\":\"ListItem\",\"position\":1,\"name\":\"Startseite\",\"item\":\"https:\/\/ueberlebenskunst.at\/survivalshop\/\"},{\"@type\":\"ListItem\",\"position\":2,\"name\":\"Shop\",\"item\":\"https:\/\/ueberlebenskunst.at\/survivalshop\/shop\/\"},{\"@type\":\"ListItem\",\"position\":3,\"name\":\"K4-Scheide f\u00fcr NexTool Flagship Pro + EDC Mini Lampe\"}]},{\"@type\":\"WebSite\",\"@id\":\"https:\/\/ueberlebenskunst.at\/survivalshop\/#website\",\"url\":\"https:\/\/ueberlebenskunst.at\/survivalshop\/\",\"name\":\"Reini Rossmann - Survival Shop\",\"description\":\"Survival Shop f\u00fcr Survival, Bushcraft und Prepper\",\"potentialAction\":[{\"@type\":\"SearchAction\",\"target\":{\"@type\":\"EntryPoint\",\"urlTemplate\":\"https:\/\/ueberlebenskunst.at\/survivalshop\/?s={search_term_string}\"},\"query-input\":{\"@type\":\"PropertyValueSpecification\",\"valueRequired\":true,\"valueName\":\"search_term_string\"}}],\"inLanguage\":\"de\"}]}<\/script>\n<!-- \/ Yoast SEO plugin. -->","yoast_head_json":{"title":"K4-Scheide f\u00fcr NexTool Flagship Pro + EDC Mini Lampe - Reini Rossmann - Survival Shop","robots":{"index":"index","follow":"follow","max-snippet":"max-snippet:-1","max-image-preview":"max-image-preview:large","max-video-preview":"max-video-preview:-1"},"canonical":"https:\/\/ueberlebenskunst.at\/survivalshop\/shop\/113846\/","og_locale":"de_DE","og_type":"article","og_title":"K4-Scheide f\u00fcr NexTool Flagship Pro + EDC Mini Lampe - Reini Rossmann - Survival Shop","og_description":"Die standardm\u00e4\u00dfigen Scheiden vom Hersteller sind gro\u00dfartig verarbeitet, haben jedoch ein Problem: die Einhandbedienung ist damit nicht m\u00f6glich! Mit unseren Knives4 Einhandsteckscheiden ist dieses Problem gel\u00f6st! Diese ist f\u00fcr Links- und Rechtsh\u00e4nder gleicherma\u00dfen geeignet, bietet ausreichend Halt und kann mit einer Hand aus der Scheide entnommen werden. Die tip-up Trageweise sorgt daf\u00fcr, dass du beim [&hellip;]","og_url":"https:\/\/ueberlebenskunst.at\/survivalshop\/shop\/113846\/","og_site_name":"Reini Rossmann - Survival Shop","article_publisher":"https:\/\/www.facebook.com\/survival24.org\/","article_modified_time":"2025-12-13T20:53:06+00:00","og_image":[{"width":400,"height":400,"url":"https:\/\/ueberlebenskunst.at\/survivalshop\/wp-content\/uploads\/2022\/11\/K4-Scheide_NexTool-Flagship-Pro_EDC_Mini-Lampe_NTFS02_Messer_sk.jpg","type":"image\/jpeg"}],"twitter_card":"summary_large_image","twitter_misc":{"Gesch\u00e4tzte Lesezeit":"2\u00a0Minuten"},"schema":{"@context":"https:\/\/schema.org","@graph":[{"@type":"WebPage","@id":"https:\/\/ueberlebenskunst.at\/survivalshop\/shop\/113846\/","url":"https:\/\/ueberlebenskunst.at\/survivalshop\/shop\/113846\/","name":"K4-Scheide f\u00fcr NexTool Flagship Pro + EDC Mini Lampe - Reini Rossmann - Survival Shop","isPartOf":{"@id":"https:\/\/ueberlebenskunst.at\/survivalshop\/#website"},"primaryImageOfPage":{"@id":"https:\/\/ueberlebenskunst.at\/survivalshop\/shop\/113846\/#primaryimage"},"image":{"@id":"https:\/\/ueberlebenskunst.at\/survivalshop\/shop\/113846\/#primaryimage"},"thumbnailUrl":"https:\/\/ueberlebenskunst.at\/survivalshop\/wp-content\/uploads\/2022\/11\/K4-Scheide_NexTool-Flagship-Pro_EDC_Mini-Lampe_NTFS02_Messer_sk.jpg","datePublished":"2022-11-04T10:38:37+00:00","dateModified":"2025-12-13T20:53:06+00:00","breadcrumb":{"@id":"https:\/\/ueberlebenskunst.at\/survivalshop\/shop\/113846\/#breadcrumb"},"inLanguage":"de","potentialAction":[{"@type":"ReadAction","target":["https:\/\/ueberlebenskunst.at\/survivalshop\/shop\/113846\/"]}]},{"@type":"ImageObject","inLanguage":"de","@id":"https:\/\/ueberlebenskunst.at\/survivalshop\/shop\/113846\/#primaryimage","url":"https:\/\/ueberlebenskunst.at\/survivalshop\/wp-content\/uploads\/2022\/11\/K4-Scheide_NexTool-Flagship-Pro_EDC_Mini-Lampe_NTFS02_Messer_sk.jpg","contentUrl":"https:\/\/ueberlebenskunst.at\/survivalshop\/wp-content\/uploads\/2022\/11\/K4-Scheide_NexTool-Flagship-Pro_EDC_Mini-Lampe_NTFS02_Messer_sk.jpg","width":400,"height":400},{"@type":"BreadcrumbList","@id":"https:\/\/ueberlebenskunst.at\/survivalshop\/shop\/113846\/#breadcrumb","itemListElement":[{"@type":"ListItem","position":1,"name":"Startseite","item":"https:\/\/ueberlebenskunst.at\/survivalshop\/"},{"@type":"ListItem","position":2,"name":"Shop","item":"https:\/\/ueberlebenskunst.at\/survivalshop\/shop\/"},{"@type":"ListItem","position":3,"name":"K4-Scheide f\u00fcr NexTool Flagship Pro + EDC Mini Lampe"}]},{"@type":"WebSite","@id":"https:\/\/ueberlebenskunst.at\/survivalshop\/#website","url":"https:\/\/ueberlebenskunst.at\/survivalshop\/","name":"Reini Rossmann - Survival Shop","description":"Survival Shop f\u00fcr Survival, Bushcraft und Prepper","potentialAction":[{"@type":"SearchAction","target":{"@type":"EntryPoint","urlTemplate":"https:\/\/ueberlebenskunst.at\/survivalshop\/?s={search_term_string}"},"query-input":{"@type":"PropertyValueSpecification","valueRequired":true,"valueName":"search_term_string"}}],"inLanguage":"de"}]}},"_links":{"self":[{"href":"https:\/\/ueberlebenskunst.at\/survivalshop\/wp-json\/wp\/v2\/product\/113846","targetHints":{"allow":["GET"]}}],"collection":[{"href":"https:\/\/ueberlebenskunst.at\/survivalshop\/wp-json\/wp\/v2\/product"}],"about":[{"href":"https:\/\/ueberlebenskunst.at\/survivalshop\/wp-json\/wp\/v2\/types\/product"}],"replies":[{"embeddable":true,"href":"https:\/\/ueberlebenskunst.at\/survivalshop\/wp-json\/wp\/v2\/comments?post=113846"}],"wp:featuredmedia":[{"embeddable":true,"href":"https:\/\/ueberlebenskunst.at\/survivalshop\/wp-json\/wp\/v2\/media\/136673"}],"wp:attachment":[{"href":"https:\/\/ueberlebenskunst.at\/survivalshop\/wp-json\/wp\/v2\/media?parent=113846"}],"wp:term":[{"taxonomy":"product_brand","embeddable":true,"href":"https:\/\/ueberlebenskunst.at\/survivalshop\/wp-json\/wp\/v2\/product_brand?post=113846"},{"taxonomy":"product_cat","embeddable":true,"href":"https:\/\/ueberlebenskunst.at\/survivalshop\/wp-json\/wp\/v2\/product_cat?post=113846"},{"taxonomy":"product_tag","embeddable":true,"href":"https:\/\/ueberlebenskunst.at\/survivalshop\/wp-json\/wp\/v2\/product_tag?post=113846"}],"curies":[{"name":"wp","href":"https:\/\/api.w.org\/{rel}","templated":true}]}}