{"id":10995,"date":"2019-04-01T11:53:09","date_gmt":"2019-04-01T09:53:09","guid":{"rendered":"https:\/\/ueberlebenskunst.at\/survivalshop\/survivalshop\/?post_type=product&#038;p=10995"},"modified":"2024-03-21T08:20:08","modified_gmt":"2024-03-21T07:20:08","slug":"the-gray-man-urban-rucksack","status":"seo-produkt","type":"product","link":"https:\/\/ueberlebenskunst.at\/survivalshop\/shop\/the-gray-man-urban-rucksack\/","title":{"rendered":"&#8220;The Grey Man&#8221; Urban Rucksack"},"content":{"rendered":"<p>Der einfach gehaltene 20 Liter Rucksack hat einen Nachteil und 2 Vorteile.<br \/>\nBeginnen wir mit dem Nachteil:<\/p>\n<ul>\n<li>Der Tragekomfort ist nicht mit High-End-Hochleistung-Rucks\u00e4cken vergleichbar.<\/li>\n<\/ul>\n<p>Doch daraus ergeben sich 2 massive Vorteile:<\/p>\n<ul>\n<li>Der Preis ist deutlich niedriger.<\/li>\n<li>Der Rucksack ist richtig leicht ( ca. 640 Gramm) und verf\u00fcgt \u00fcber wenig Eigengewicht.<\/li>\n<\/ul>\n<p>Nat\u00fcrlich musst Du f\u00fcr Dich entscheiden, was Dir wichtig ist. Doch wenn Du einen einfachen, leichten und dennoch praktischen Rucksack f\u00fcr kleine Touren oder ein Go-Bag suchst, dann bist Du mit dem &#8220;The Grey Man&#8221; Urban Rucksack gut bedient.<\/p>\n<h3>Die Aufteilung im Detail<\/h3>\n<p>Das gro\u00dfe Hauptfach wird bei diesem Toploader-Rucksack \u00fcber eine Schneesch\u00fcrze (mit 2 Kordelz\u00fcgen) bef\u00fcllt.<br \/>\nDu kannst den Rucksack mit 2 verstellbare Steckverschl\u00fcssen mit dem \u00dcberschlag verschlie\u00dfen. Im \u00dcberschlag ist eine von 2 Seiten erreichbare Tasche verbaut. Ideal f\u00fcr Kleinteile.Der Zugriff zum Hauptfach kann aber auch \u00fcber den R\u00fcckteil des Daypacks erfolgen. Insgesamt stehen Dir 20 Liter an Volumen zur Verf\u00fcgung.<\/p>\n<h3>Ausstattung im Detail<\/h3>\n<ul>\n<li>Tragegriff<\/li>\n<li>gepolsterter R\u00fcckenbereich<\/li>\n<li>verstellbare, gepolsterte Schultergurte<\/li>\n<li>verstellbarer H\u00fcftgurt<\/li>\n<li>100% Polyester, Polyurethan beschichtet<\/li>\n<li>Polsterung: EVA-Schaumstoff (350 g\/qm)<\/li>\n<li>Ma\u00dfe: 49 x 29 x 23 cm<\/li>\n<\/ul>\n<p>&nbsp;<\/p>\n","protected":false},"excerpt":{"rendered":"<p>Unauff\u00e4lliger taktischer 20 Liter Rucksack. Ideal als realistisches Bugout Bag.<\/p>\n","protected":false},"featured_media":10996,"comment_status":"open","ping_status":"closed","template":"","meta":{"_acf_changed":false},"product_brand":[],"product_cat":[426],"product_tag":[391,501,502],"class_list":{"0":"post-10995","1":"product","2":"type-product","3":"status-seo-produkt","4":"has-post-thumbnail","6":"product_cat-unkategorisiert","7":"product_tag-bugout","8":"product_tag-daypack","9":"product_tag-go-bag","11":"first","12":"outofstock","13":"taxable","14":"shipping-taxable","15":"product-type-simple"},"acf":[],"yoast_head":"<!-- This site is optimized with the Yoast SEO plugin v27.1.1 - https:\/\/yoast.com\/product\/yoast-seo-wordpress\/ -->\n<title>&quot;The Grey Man&quot; Urban Rucksack - Reini Rossmann - Survival Shop<\/title>\n<meta name=\"robots\" content=\"index, follow, max-snippet:-1, max-image-preview:large, max-video-preview:-1\" \/>\n<link rel=\"canonical\" href=\"https:\/\/ueberlebenskunst.at\/survivalshop\/shop\/the-gray-man-urban-rucksack\/\" \/>\n<meta property=\"og:locale\" content=\"de_DE\" \/>\n<meta property=\"og:type\" content=\"article\" \/>\n<meta property=\"og:title\" content=\"&quot;The Grey Man&quot; Urban Rucksack - Reini Rossmann - Survival Shop\" \/>\n<meta property=\"og:description\" content=\"Unauff\u00e4lliger taktischer 20 Liter Rucksack. Ideal als realistisches Bugout Bag.\" \/>\n<meta property=\"og:url\" content=\"https:\/\/ueberlebenskunst.at\/survivalshop\/shop\/the-gray-man-urban-rucksack\/\" \/>\n<meta property=\"og:site_name\" content=\"Reini Rossmann - Survival Shop\" \/>\n<meta property=\"article:publisher\" content=\"https:\/\/www.facebook.com\/survival24.org\/\" \/>\n<meta property=\"article:modified_time\" content=\"2024-03-21T07:20:08+00:00\" \/>\n<meta property=\"og:image\" content=\"https:\/\/ueberlebenskunst.at\/survivalshop\/wp-content\/uploads\/2019\/04\/Grey-Man-Ruckack.jpg\" \/>\n\t<meta property=\"og:image:width\" content=\"400\" \/>\n\t<meta property=\"og:image:height\" content=\"400\" \/>\n\t<meta property=\"og:image:type\" content=\"image\/jpeg\" \/>\n<meta name=\"twitter:card\" content=\"summary_large_image\" \/>\n<meta name=\"twitter:label1\" content=\"Gesch\u00e4tzte Lesezeit\" \/>\n\t<meta name=\"twitter:data1\" content=\"2\u00a0Minuten\" \/>\n<script type=\"application\/ld+json\" class=\"yoast-schema-graph\">{\"@context\":\"https:\/\/schema.org\",\"@graph\":[{\"@type\":\"WebPage\",\"@id\":\"https:\/\/ueberlebenskunst.at\/survivalshop\/shop\/the-gray-man-urban-rucksack\/\",\"url\":\"https:\/\/ueberlebenskunst.at\/survivalshop\/shop\/the-gray-man-urban-rucksack\/\",\"name\":\"\\\"The Grey Man\\\" Urban Rucksack - Reini Rossmann - Survival Shop\",\"isPartOf\":{\"@id\":\"https:\/\/ueberlebenskunst.at\/survivalshop\/#website\"},\"primaryImageOfPage\":{\"@id\":\"https:\/\/ueberlebenskunst.at\/survivalshop\/shop\/the-gray-man-urban-rucksack\/#primaryimage\"},\"image\":{\"@id\":\"https:\/\/ueberlebenskunst.at\/survivalshop\/shop\/the-gray-man-urban-rucksack\/#primaryimage\"},\"thumbnailUrl\":\"https:\/\/ueberlebenskunst.at\/survivalshop\/wp-content\/uploads\/2019\/04\/Grey-Man-Ruckack.jpg\",\"datePublished\":\"2019-04-01T09:53:09+00:00\",\"dateModified\":\"2024-03-21T07:20:08+00:00\",\"breadcrumb\":{\"@id\":\"https:\/\/ueberlebenskunst.at\/survivalshop\/shop\/the-gray-man-urban-rucksack\/#breadcrumb\"},\"inLanguage\":\"de\",\"potentialAction\":[{\"@type\":\"ReadAction\",\"target\":[\"https:\/\/ueberlebenskunst.at\/survivalshop\/shop\/the-gray-man-urban-rucksack\/\"]}]},{\"@type\":\"ImageObject\",\"inLanguage\":\"de\",\"@id\":\"https:\/\/ueberlebenskunst.at\/survivalshop\/shop\/the-gray-man-urban-rucksack\/#primaryimage\",\"url\":\"https:\/\/ueberlebenskunst.at\/survivalshop\/wp-content\/uploads\/2019\/04\/Grey-Man-Ruckack.jpg\",\"contentUrl\":\"https:\/\/ueberlebenskunst.at\/survivalshop\/wp-content\/uploads\/2019\/04\/Grey-Man-Ruckack.jpg\",\"width\":400,\"height\":400},{\"@type\":\"BreadcrumbList\",\"@id\":\"https:\/\/ueberlebenskunst.at\/survivalshop\/shop\/the-gray-man-urban-rucksack\/#breadcrumb\",\"itemListElement\":[{\"@type\":\"ListItem\",\"position\":1,\"name\":\"Startseite\",\"item\":\"https:\/\/ueberlebenskunst.at\/survivalshop\/\"},{\"@type\":\"ListItem\",\"position\":2,\"name\":\"Shop\",\"item\":\"https:\/\/ueberlebenskunst.at\/survivalshop\/shop\/\"},{\"@type\":\"ListItem\",\"position\":3,\"name\":\"&#8220;The Grey Man&#8221; Urban Rucksack\"}]},{\"@type\":\"WebSite\",\"@id\":\"https:\/\/ueberlebenskunst.at\/survivalshop\/#website\",\"url\":\"https:\/\/ueberlebenskunst.at\/survivalshop\/\",\"name\":\"Reini Rossmann - Survival Shop\",\"description\":\"Survival Shop f\u00fcr Survival, Bushcraft und Prepper\",\"potentialAction\":[{\"@type\":\"SearchAction\",\"target\":{\"@type\":\"EntryPoint\",\"urlTemplate\":\"https:\/\/ueberlebenskunst.at\/survivalshop\/?s={search_term_string}\"},\"query-input\":{\"@type\":\"PropertyValueSpecification\",\"valueRequired\":true,\"valueName\":\"search_term_string\"}}],\"inLanguage\":\"de\"}]}<\/script>\n<!-- \/ Yoast SEO plugin. -->","yoast_head_json":{"title":"\"The Grey Man\" Urban Rucksack - Reini Rossmann - Survival Shop","robots":{"index":"index","follow":"follow","max-snippet":"max-snippet:-1","max-image-preview":"max-image-preview:large","max-video-preview":"max-video-preview:-1"},"canonical":"https:\/\/ueberlebenskunst.at\/survivalshop\/shop\/the-gray-man-urban-rucksack\/","og_locale":"de_DE","og_type":"article","og_title":"\"The Grey Man\" Urban Rucksack - Reini Rossmann - Survival Shop","og_description":"Unauff\u00e4lliger taktischer 20 Liter Rucksack. Ideal als realistisches Bugout Bag.","og_url":"https:\/\/ueberlebenskunst.at\/survivalshop\/shop\/the-gray-man-urban-rucksack\/","og_site_name":"Reini Rossmann - Survival Shop","article_publisher":"https:\/\/www.facebook.com\/survival24.org\/","article_modified_time":"2024-03-21T07:20:08+00:00","og_image":[{"width":400,"height":400,"url":"https:\/\/ueberlebenskunst.at\/survivalshop\/wp-content\/uploads\/2019\/04\/Grey-Man-Ruckack.jpg","type":"image\/jpeg"}],"twitter_card":"summary_large_image","twitter_misc":{"Gesch\u00e4tzte Lesezeit":"2\u00a0Minuten"},"schema":{"@context":"https:\/\/schema.org","@graph":[{"@type":"WebPage","@id":"https:\/\/ueberlebenskunst.at\/survivalshop\/shop\/the-gray-man-urban-rucksack\/","url":"https:\/\/ueberlebenskunst.at\/survivalshop\/shop\/the-gray-man-urban-rucksack\/","name":"\"The Grey Man\" Urban Rucksack - Reini Rossmann - Survival Shop","isPartOf":{"@id":"https:\/\/ueberlebenskunst.at\/survivalshop\/#website"},"primaryImageOfPage":{"@id":"https:\/\/ueberlebenskunst.at\/survivalshop\/shop\/the-gray-man-urban-rucksack\/#primaryimage"},"image":{"@id":"https:\/\/ueberlebenskunst.at\/survivalshop\/shop\/the-gray-man-urban-rucksack\/#primaryimage"},"thumbnailUrl":"https:\/\/ueberlebenskunst.at\/survivalshop\/wp-content\/uploads\/2019\/04\/Grey-Man-Ruckack.jpg","datePublished":"2019-04-01T09:53:09+00:00","dateModified":"2024-03-21T07:20:08+00:00","breadcrumb":{"@id":"https:\/\/ueberlebenskunst.at\/survivalshop\/shop\/the-gray-man-urban-rucksack\/#breadcrumb"},"inLanguage":"de","potentialAction":[{"@type":"ReadAction","target":["https:\/\/ueberlebenskunst.at\/survivalshop\/shop\/the-gray-man-urban-rucksack\/"]}]},{"@type":"ImageObject","inLanguage":"de","@id":"https:\/\/ueberlebenskunst.at\/survivalshop\/shop\/the-gray-man-urban-rucksack\/#primaryimage","url":"https:\/\/ueberlebenskunst.at\/survivalshop\/wp-content\/uploads\/2019\/04\/Grey-Man-Ruckack.jpg","contentUrl":"https:\/\/ueberlebenskunst.at\/survivalshop\/wp-content\/uploads\/2019\/04\/Grey-Man-Ruckack.jpg","width":400,"height":400},{"@type":"BreadcrumbList","@id":"https:\/\/ueberlebenskunst.at\/survivalshop\/shop\/the-gray-man-urban-rucksack\/#breadcrumb","itemListElement":[{"@type":"ListItem","position":1,"name":"Startseite","item":"https:\/\/ueberlebenskunst.at\/survivalshop\/"},{"@type":"ListItem","position":2,"name":"Shop","item":"https:\/\/ueberlebenskunst.at\/survivalshop\/shop\/"},{"@type":"ListItem","position":3,"name":"&#8220;The Grey Man&#8221; Urban Rucksack"}]},{"@type":"WebSite","@id":"https:\/\/ueberlebenskunst.at\/survivalshop\/#website","url":"https:\/\/ueberlebenskunst.at\/survivalshop\/","name":"Reini Rossmann - Survival Shop","description":"Survival Shop f\u00fcr Survival, Bushcraft und Prepper","potentialAction":[{"@type":"SearchAction","target":{"@type":"EntryPoint","urlTemplate":"https:\/\/ueberlebenskunst.at\/survivalshop\/?s={search_term_string}"},"query-input":{"@type":"PropertyValueSpecification","valueRequired":true,"valueName":"search_term_string"}}],"inLanguage":"de"}]}},"_links":{"self":[{"href":"https:\/\/ueberlebenskunst.at\/survivalshop\/wp-json\/wp\/v2\/product\/10995","targetHints":{"allow":["GET"]}}],"collection":[{"href":"https:\/\/ueberlebenskunst.at\/survivalshop\/wp-json\/wp\/v2\/product"}],"about":[{"href":"https:\/\/ueberlebenskunst.at\/survivalshop\/wp-json\/wp\/v2\/types\/product"}],"replies":[{"embeddable":true,"href":"https:\/\/ueberlebenskunst.at\/survivalshop\/wp-json\/wp\/v2\/comments?post=10995"}],"wp:featuredmedia":[{"embeddable":true,"href":"https:\/\/ueberlebenskunst.at\/survivalshop\/wp-json\/wp\/v2\/media\/10996"}],"wp:attachment":[{"href":"https:\/\/ueberlebenskunst.at\/survivalshop\/wp-json\/wp\/v2\/media?parent=10995"}],"wp:term":[{"taxonomy":"product_brand","embeddable":true,"href":"https:\/\/ueberlebenskunst.at\/survivalshop\/wp-json\/wp\/v2\/product_brand?post=10995"},{"taxonomy":"product_cat","embeddable":true,"href":"https:\/\/ueberlebenskunst.at\/survivalshop\/wp-json\/wp\/v2\/product_cat?post=10995"},{"taxonomy":"product_tag","embeddable":true,"href":"https:\/\/ueberlebenskunst.at\/survivalshop\/wp-json\/wp\/v2\/product_tag?post=10995"}],"curies":[{"name":"wp","href":"https:\/\/api.w.org\/{rel}","templated":true}]}}