{"id":106349,"date":"2022-10-06T08:57:45","date_gmt":"2022-10-06T06:57:45","guid":{"rendered":"https:\/\/ueberlebenskunst.at\/survivalshop\/?post_type=product&#038;p=106349"},"modified":"2026-02-23T09:04:05","modified_gmt":"2026-02-23T08:04:05","slug":"k4-all-day-carry-fuer-mini-champ","status":"publish","type":"product","link":"https:\/\/ueberlebenskunst.at\/survivalshop\/shop\/k4-all-day-carry-fuer-mini-champ\/","title":{"rendered":"K4 All Day Carry f\u00fcr Victorinox Mini Champ"},"content":{"rendered":"<p>Unsere All Day Carry Scheiden eignen sich perfekt, um dein Mini Champ in ein Neckknife zu verwandeln oder es als Pocket Carry sicher in deiner Hosentasche zu verstauen. Hergestellt in \u00d6sterreich, direkt aus der Werkstatt von Reini Rossmann, bieten unsere Kunststoff-Scheiden sicheren Halt f\u00fcr dein Messer. Dar\u00fcber hinaus sind sie mit dem patentierten Schnell-und-Einfach-\u00d6ffnen-System f\u00fcr Victorinox Messer ausgestattet, das es dir erm\u00f6glicht, die Werkzeuge auf den Victorinox Messern m\u00fchelos und ohne Belastung deiner Fingern\u00e4gel zu \u00f6ffnen.<\/p>\n<p>Bitte beachte: Das Mini Champ kann nur auf eine Art in die All Day Carry Scheide eingesteckt werden.<span id=\"peter.haibl@gmx.at\" class=\"delete\" data-lang=\"de\" data-product_id=\"106349\"><\/span><\/p>\n<p>Wir haben uns dazu entschlossen die Steckscheide mit extra festem Halt auszuf\u00fchren damit du dein Mini Champ auch bedenkenlos am Schl\u00fcsselbund tragen kannst.<\/p>\n<h3>Produktdaten:<\/h3>\n<ul>\n<li>Gewicht: 10 g<\/li>\n<li>Abmessungen: ca. 22 \/ 26 \/ 33 mm<\/li>\n<li>Material: TPU Hard mit RoHS, REACH und FDA Zertifikat und frei von Silikonen<\/li>\n<li>nickel- und rostfreie Edelstahl Kugelkette mit ca. 1100 mm L\u00e4nge (selber k\u00fcrzen m\u00f6glich), mit Schutz vor unbeabsichtigtem Strangulieren<\/li>\n<\/ul>\n<h3>Lieferumfang:<\/h3>\n<ul>\n<li>ADC Steck-Scheide<\/li>\n<li>rost- und nickelfreie Kugelkette<\/li>\n<li>Achtung! Das Messer und anderes Zubeh\u00f6r, das auf den Bildern abgebildet ist, ist nicht im Lieferumfang enthalten.<\/li>\n<\/ul>\n<h3>Kompatibel mit folgenden Messern:<\/h3>\n<ul>\n<li>Mini Champ <span class=\"font-light font-primary\">0.6385<\/span><\/li>\n<\/ul>\n<h3>Bedienungs- &amp; Pflegeanleitung:<\/h3>\n<ul>\n<li>Die Reinigung mit Wasser und Seife ist m\u00f6glich.<\/li>\n<li>Du solltest die Steckscheide nicht direkt in die N\u00e4he von Feuer oder anderen Hitzequellen legen!<\/li>\n<li>Wird deine Steckscheide \u00fcber l\u00e4ngere Zeit sehr kalten Temperaturen unter 0 \u00b0C ausgesetzt, solltest du in dem Moment darauf achten, dass keine starken Belastungen darauf einwirken.<\/li>\n<\/ul>\n<p>Unsere Produkte sind nicht f\u00fcr Kinder unter 3 Jahren geeignet. Es besteht Verschluckungsgefahr.<\/p>\n<p><a href=\"https:\/\/ueberlebenskunst.at\/survivalshop\/wp-content\/uploads\/2021\/11\/Logo_Kinder.png\"><img decoding=\"async\" class=\"alignnone size-medium wp-image-179571\" src=\"https:\/\/ueberlebenskunst.at\/survivalshop\/wp-content\/uploads\/2021\/11\/Logo_Kinder-300x126.png\" alt=\"\" width=\"300\" height=\"126\" srcset=\"https:\/\/ueberlebenskunst.at\/survivalshop\/wp-content\/uploads\/2021\/11\/Logo_Kinder-300x126.png 300w, https:\/\/ueberlebenskunst.at\/survivalshop\/wp-content\/uploads\/2021\/11\/Logo_Kinder-64x27.png 64w, https:\/\/ueberlebenskunst.at\/survivalshop\/wp-content\/uploads\/2021\/11\/Logo_Kinder.png 401w\" sizes=\"(max-width: 300px) 100vw, 300px\" \/><\/a><\/p>\n<p>Du willst das Produkt in einer anderen Farbe? Schick uns eine E-Mail an shop@ueberlebenskunst.at und wir pr\u00fcfen, ob dein Farbwunsch\u00a0m\u00f6glich\u00a0ist.<\/p>\n","protected":false},"excerpt":{"rendered":"<p>Unsere All Day Carry Scheiden eignen sich perfekt, um dein Mini Champ in ein Neckknife zu verwandeln oder es als Pocket Carry sicher in deiner Hosentasche zu verstauen. Hergestellt in \u00d6sterreich, direkt aus der Werkstatt von Reini Rossmann, bieten unsere Kunststoff-Scheiden sicheren Halt f\u00fcr dein Messer. Dar\u00fcber hinaus sind sie mit dem patentierten Schnell-und-Einfach-\u00d6ffnen-System f\u00fcr [&hellip;]<\/p>\n","protected":false},"featured_media":167780,"comment_status":"open","ping_status":"closed","template":"","meta":{"_acf_changed":false},"product_brand":[],"product_cat":[2308,1945],"product_tag":[1667,1256,1255,1147],"class_list":{"0":"post-106349","1":"product","2":"type-product","3":"status-publish","4":"has-post-thumbnail","6":"product_cat-mini-champ","7":"product_cat-survivalausruestung","8":"product_tag-adc","9":"product_tag-k4","10":"product_tag-knives4","11":"product_tag-victorinox","12":"pa_farbe-glow-in-the-dark","13":"pa_farbe-schwarz","15":"first","16":"instock","17":"taxable","18":"shipping-taxable","19":"purchasable","20":"product-type-variable","21":"has-default-attributes"},"acf":[],"yoast_head":"<!-- This site is optimized with the Yoast SEO plugin v27.1.1 - https:\/\/yoast.com\/product\/yoast-seo-wordpress\/ -->\n<title>K4 All Day Carry f\u00fcr Victorinox Mini Champ<\/title>\n<meta name=\"description\" content=\"Unsere All Day Carry Scheiden verwandeln dein Mini Champ in ein Neckknife. Hergestellt in \u00d6sterreich, bieten sie sicheren Halt und einfaches \u00d6ffnen.\" \/>\n<meta name=\"robots\" content=\"index, follow, max-snippet:-1, max-image-preview:large, max-video-preview:-1\" \/>\n<link rel=\"canonical\" href=\"https:\/\/ueberlebenskunst.at\/survivalshop\/shop\/k4-all-day-carry-fuer-mini-champ\/\" \/>\n<meta property=\"og:locale\" content=\"de_DE\" \/>\n<meta property=\"og:type\" content=\"article\" \/>\n<meta property=\"og:title\" content=\"K4 All Day Carry f\u00fcr Victorinox Mini Champ\" \/>\n<meta property=\"og:description\" content=\"Unsere All Day Carry Scheiden verwandeln dein Mini Champ in ein Neckknife. Hergestellt in \u00d6sterreich, bieten sie sicheren Halt und einfaches \u00d6ffnen.\" \/>\n<meta property=\"og:url\" content=\"https:\/\/ueberlebenskunst.at\/survivalshop\/shop\/k4-all-day-carry-fuer-mini-champ\/\" \/>\n<meta property=\"og:site_name\" content=\"Reini Rossmann - Survival Shop\" \/>\n<meta property=\"article:publisher\" content=\"https:\/\/www.facebook.com\/survival24.org\/\" \/>\n<meta property=\"article:modified_time\" content=\"2026-02-23T08:04:05+00:00\" \/>\n<meta property=\"og:image\" content=\"https:\/\/ueberlebenskunst.at\/survivalshop\/wp-content\/uploads\/2022\/10\/All_Day_Carry_Victorinox_Mini_Champ_MC91_liegend_sk.jpg\" \/>\n\t<meta property=\"og:image:width\" content=\"400\" \/>\n\t<meta property=\"og:image:height\" content=\"400\" \/>\n\t<meta property=\"og:image:type\" content=\"image\/jpeg\" \/>\n<meta name=\"twitter:card\" content=\"summary_large_image\" \/>\n<meta name=\"twitter:label1\" content=\"Gesch\u00e4tzte Lesezeit\" \/>\n\t<meta name=\"twitter:data1\" content=\"2\u00a0Minuten\" \/>\n<script type=\"application\/ld+json\" class=\"yoast-schema-graph\">{\"@context\":\"https:\/\/schema.org\",\"@graph\":[{\"@type\":\"WebPage\",\"@id\":\"https:\/\/ueberlebenskunst.at\/survivalshop\/shop\/k4-all-day-carry-fuer-mini-champ\/\",\"url\":\"https:\/\/ueberlebenskunst.at\/survivalshop\/shop\/k4-all-day-carry-fuer-mini-champ\/\",\"name\":\"K4 All Day Carry f\u00fcr Victorinox Mini Champ\",\"isPartOf\":{\"@id\":\"https:\/\/ueberlebenskunst.at\/survivalshop\/#website\"},\"primaryImageOfPage\":{\"@id\":\"https:\/\/ueberlebenskunst.at\/survivalshop\/shop\/k4-all-day-carry-fuer-mini-champ\/#primaryimage\"},\"image\":{\"@id\":\"https:\/\/ueberlebenskunst.at\/survivalshop\/shop\/k4-all-day-carry-fuer-mini-champ\/#primaryimage\"},\"thumbnailUrl\":\"https:\/\/ueberlebenskunst.at\/survivalshop\/wp-content\/uploads\/2022\/10\/All_Day_Carry_Victorinox_Mini_Champ_MC91_liegend_sk.jpg\",\"datePublished\":\"2022-10-06T06:57:45+00:00\",\"dateModified\":\"2026-02-23T08:04:05+00:00\",\"description\":\"Unsere All Day Carry Scheiden verwandeln dein Mini Champ in ein Neckknife. Hergestellt in \u00d6sterreich, bieten sie sicheren Halt und einfaches \u00d6ffnen.\",\"breadcrumb\":{\"@id\":\"https:\/\/ueberlebenskunst.at\/survivalshop\/shop\/k4-all-day-carry-fuer-mini-champ\/#breadcrumb\"},\"inLanguage\":\"de\",\"potentialAction\":[{\"@type\":\"ReadAction\",\"target\":[\"https:\/\/ueberlebenskunst.at\/survivalshop\/shop\/k4-all-day-carry-fuer-mini-champ\/\"]}]},{\"@type\":\"ImageObject\",\"inLanguage\":\"de\",\"@id\":\"https:\/\/ueberlebenskunst.at\/survivalshop\/shop\/k4-all-day-carry-fuer-mini-champ\/#primaryimage\",\"url\":\"https:\/\/ueberlebenskunst.at\/survivalshop\/wp-content\/uploads\/2022\/10\/All_Day_Carry_Victorinox_Mini_Champ_MC91_liegend_sk.jpg\",\"contentUrl\":\"https:\/\/ueberlebenskunst.at\/survivalshop\/wp-content\/uploads\/2022\/10\/All_Day_Carry_Victorinox_Mini_Champ_MC91_liegend_sk.jpg\",\"width\":400,\"height\":400},{\"@type\":\"BreadcrumbList\",\"@id\":\"https:\/\/ueberlebenskunst.at\/survivalshop\/shop\/k4-all-day-carry-fuer-mini-champ\/#breadcrumb\",\"itemListElement\":[{\"@type\":\"ListItem\",\"position\":1,\"name\":\"Startseite\",\"item\":\"https:\/\/ueberlebenskunst.at\/survivalshop\/\"},{\"@type\":\"ListItem\",\"position\":2,\"name\":\"Shop\",\"item\":\"https:\/\/ueberlebenskunst.at\/survivalshop\/shop\/\"},{\"@type\":\"ListItem\",\"position\":3,\"name\":\"K4 All Day Carry f\u00fcr Victorinox Mini Champ\"}]},{\"@type\":\"WebSite\",\"@id\":\"https:\/\/ueberlebenskunst.at\/survivalshop\/#website\",\"url\":\"https:\/\/ueberlebenskunst.at\/survivalshop\/\",\"name\":\"Reini Rossmann - Survival Shop\",\"description\":\"Survival Shop f\u00fcr Survival, Bushcraft und Prepper\",\"potentialAction\":[{\"@type\":\"SearchAction\",\"target\":{\"@type\":\"EntryPoint\",\"urlTemplate\":\"https:\/\/ueberlebenskunst.at\/survivalshop\/?s={search_term_string}\"},\"query-input\":{\"@type\":\"PropertyValueSpecification\",\"valueRequired\":true,\"valueName\":\"search_term_string\"}}],\"inLanguage\":\"de\"}]}<\/script>\n<!-- \/ Yoast SEO plugin. -->","yoast_head_json":{"title":"K4 All Day Carry f\u00fcr Victorinox Mini Champ","description":"Unsere All Day Carry Scheiden verwandeln dein Mini Champ in ein Neckknife. Hergestellt in \u00d6sterreich, bieten sie sicheren Halt und einfaches \u00d6ffnen.","robots":{"index":"index","follow":"follow","max-snippet":"max-snippet:-1","max-image-preview":"max-image-preview:large","max-video-preview":"max-video-preview:-1"},"canonical":"https:\/\/ueberlebenskunst.at\/survivalshop\/shop\/k4-all-day-carry-fuer-mini-champ\/","og_locale":"de_DE","og_type":"article","og_title":"K4 All Day Carry f\u00fcr Victorinox Mini Champ","og_description":"Unsere All Day Carry Scheiden verwandeln dein Mini Champ in ein Neckknife. Hergestellt in \u00d6sterreich, bieten sie sicheren Halt und einfaches \u00d6ffnen.","og_url":"https:\/\/ueberlebenskunst.at\/survivalshop\/shop\/k4-all-day-carry-fuer-mini-champ\/","og_site_name":"Reini Rossmann - Survival Shop","article_publisher":"https:\/\/www.facebook.com\/survival24.org\/","article_modified_time":"2026-02-23T08:04:05+00:00","og_image":[{"width":400,"height":400,"url":"https:\/\/ueberlebenskunst.at\/survivalshop\/wp-content\/uploads\/2022\/10\/All_Day_Carry_Victorinox_Mini_Champ_MC91_liegend_sk.jpg","type":"image\/jpeg"}],"twitter_card":"summary_large_image","twitter_misc":{"Gesch\u00e4tzte Lesezeit":"2\u00a0Minuten"},"schema":{"@context":"https:\/\/schema.org","@graph":[{"@type":"WebPage","@id":"https:\/\/ueberlebenskunst.at\/survivalshop\/shop\/k4-all-day-carry-fuer-mini-champ\/","url":"https:\/\/ueberlebenskunst.at\/survivalshop\/shop\/k4-all-day-carry-fuer-mini-champ\/","name":"K4 All Day Carry f\u00fcr Victorinox Mini Champ","isPartOf":{"@id":"https:\/\/ueberlebenskunst.at\/survivalshop\/#website"},"primaryImageOfPage":{"@id":"https:\/\/ueberlebenskunst.at\/survivalshop\/shop\/k4-all-day-carry-fuer-mini-champ\/#primaryimage"},"image":{"@id":"https:\/\/ueberlebenskunst.at\/survivalshop\/shop\/k4-all-day-carry-fuer-mini-champ\/#primaryimage"},"thumbnailUrl":"https:\/\/ueberlebenskunst.at\/survivalshop\/wp-content\/uploads\/2022\/10\/All_Day_Carry_Victorinox_Mini_Champ_MC91_liegend_sk.jpg","datePublished":"2022-10-06T06:57:45+00:00","dateModified":"2026-02-23T08:04:05+00:00","description":"Unsere All Day Carry Scheiden verwandeln dein Mini Champ in ein Neckknife. Hergestellt in \u00d6sterreich, bieten sie sicheren Halt und einfaches \u00d6ffnen.","breadcrumb":{"@id":"https:\/\/ueberlebenskunst.at\/survivalshop\/shop\/k4-all-day-carry-fuer-mini-champ\/#breadcrumb"},"inLanguage":"de","potentialAction":[{"@type":"ReadAction","target":["https:\/\/ueberlebenskunst.at\/survivalshop\/shop\/k4-all-day-carry-fuer-mini-champ\/"]}]},{"@type":"ImageObject","inLanguage":"de","@id":"https:\/\/ueberlebenskunst.at\/survivalshop\/shop\/k4-all-day-carry-fuer-mini-champ\/#primaryimage","url":"https:\/\/ueberlebenskunst.at\/survivalshop\/wp-content\/uploads\/2022\/10\/All_Day_Carry_Victorinox_Mini_Champ_MC91_liegend_sk.jpg","contentUrl":"https:\/\/ueberlebenskunst.at\/survivalshop\/wp-content\/uploads\/2022\/10\/All_Day_Carry_Victorinox_Mini_Champ_MC91_liegend_sk.jpg","width":400,"height":400},{"@type":"BreadcrumbList","@id":"https:\/\/ueberlebenskunst.at\/survivalshop\/shop\/k4-all-day-carry-fuer-mini-champ\/#breadcrumb","itemListElement":[{"@type":"ListItem","position":1,"name":"Startseite","item":"https:\/\/ueberlebenskunst.at\/survivalshop\/"},{"@type":"ListItem","position":2,"name":"Shop","item":"https:\/\/ueberlebenskunst.at\/survivalshop\/shop\/"},{"@type":"ListItem","position":3,"name":"K4 All Day Carry f\u00fcr Victorinox Mini Champ"}]},{"@type":"WebSite","@id":"https:\/\/ueberlebenskunst.at\/survivalshop\/#website","url":"https:\/\/ueberlebenskunst.at\/survivalshop\/","name":"Reini Rossmann - Survival Shop","description":"Survival Shop f\u00fcr Survival, Bushcraft und Prepper","potentialAction":[{"@type":"SearchAction","target":{"@type":"EntryPoint","urlTemplate":"https:\/\/ueberlebenskunst.at\/survivalshop\/?s={search_term_string}"},"query-input":{"@type":"PropertyValueSpecification","valueRequired":true,"valueName":"search_term_string"}}],"inLanguage":"de"}]}},"_links":{"self":[{"href":"https:\/\/ueberlebenskunst.at\/survivalshop\/wp-json\/wp\/v2\/product\/106349","targetHints":{"allow":["GET"]}}],"collection":[{"href":"https:\/\/ueberlebenskunst.at\/survivalshop\/wp-json\/wp\/v2\/product"}],"about":[{"href":"https:\/\/ueberlebenskunst.at\/survivalshop\/wp-json\/wp\/v2\/types\/product"}],"replies":[{"embeddable":true,"href":"https:\/\/ueberlebenskunst.at\/survivalshop\/wp-json\/wp\/v2\/comments?post=106349"}],"wp:featuredmedia":[{"embeddable":true,"href":"https:\/\/ueberlebenskunst.at\/survivalshop\/wp-json\/wp\/v2\/media\/167780"}],"wp:attachment":[{"href":"https:\/\/ueberlebenskunst.at\/survivalshop\/wp-json\/wp\/v2\/media?parent=106349"}],"wp:term":[{"taxonomy":"product_brand","embeddable":true,"href":"https:\/\/ueberlebenskunst.at\/survivalshop\/wp-json\/wp\/v2\/product_brand?post=106349"},{"taxonomy":"product_cat","embeddable":true,"href":"https:\/\/ueberlebenskunst.at\/survivalshop\/wp-json\/wp\/v2\/product_cat?post=106349"},{"taxonomy":"product_tag","embeddable":true,"href":"https:\/\/ueberlebenskunst.at\/survivalshop\/wp-json\/wp\/v2\/product_tag?post=106349"}],"curies":[{"name":"wp","href":"https:\/\/api.w.org\/{rel}","templated":true}]}}