{"id":10572,"date":"2019-03-08T16:38:06","date_gmt":"2019-03-08T14:38:06","guid":{"rendered":"https:\/\/ueberlebenskunst.at\/survivalshop\/survivalshop\/?post_type=product&#038;p=10572"},"modified":"2024-03-21T08:21:24","modified_gmt":"2024-03-21T07:21:24","slug":"steambow-stinger-6-schuss-laser-armbrust","status":"seo-produkt","type":"product","link":"https:\/\/ueberlebenskunst.at\/survivalshop\/shop\/steambow-stinger-6-schuss-laser-armbrust\/","title":{"rendered":"Steambow Stinger 6-Schuss-Armbrust inkl. Laser + Laserkappe"},"content":{"rendered":"<h3>Schnell-Schuss-Armbrust Stinger mit Polymer mit Laser + Laserendkappe<\/h3>\n<p>Die Polymer Stinger kannst du nun auch ohne rotem LED f\u00fcr den Laser kaufen. Anstelle des LED\u00b4s ist eine Steambow Stinger Laserkappe angebracht.<br \/>\nMit dieser Laserkappe entspricht die Steambow Stinger auch in Deutschland und der Schweiz den beh\u00f6rdlichen Vorgaben.<\/p>\n<p>Zum Nachr\u00fcsten deiner Steambow Stinger mit Laser kannst du dir <a href=\"https:\/\/ueberlebenskunst.at\/survivalshop\/shop\/steambow-stinger-laserkappe\/\" target=\"_blank\" rel=\"noopener\">diese Laserkappe auch einzeln dazu bestellen<\/a> und zu Hause selber umbauen.<br \/>\nDazu einfach den Laser ausbauen und den LED &#8211; Kopf abschrauben und durch die Laserkappe ersetzen.<\/p>\n<h3>Schusstest der Stinger im Test:<\/h3>\n<p>In diesem Video zeige ich dir die unglaubliche Schussfolge der Stinger im Detail. Zwischen der Metallversion und der Stinger Armbrust aus Polymer ist von der Kadenz, also der Schussfolge, kein Unterschied. Auch beim Trefferbild kann ich keine Unterschiede erkennen.<\/p>\n<p>Ultrakompakt, leicht und blitzschnell &#8211; Die Steambow Stinger 6-Schuss-Laser-Armbrust bietet dir folgende Vorteile:<\/p>\n<ul>\n<li>6 Pfeile im Magazin<\/li>\n<li>Blitzschnelles Nachladen mittels Schnellspannhebel<\/li>\n<\/ul>\n<h3>Dein Extra hier im Reini Rossmann Survival Shop:<\/h3>\n<p>Wenn Du die Armbrust bei mir hier im Shop kaufst, dann bekommst du Zugriff auf einen<br \/>\nVideo-Kurs, in dem ich dir alles \u00fcber Wartung, Pflege und Einstellung des Lasers zeige.<br \/>\nExklusiv f\u00fcr dich als meinen Kunden.<\/p>\n<p><a href=\"https:\/\/ueberlebenskunst.at\/survivalshop\/survivalshop\/wp-content\/uploads\/2019\/03\/Videokurs-6-Schuss-Laser-Armbrust.jpg\" target=\"_blank\" rel=\"noopener noreferrer\"><img decoding=\"async\" class=\"alignnone wp-image-10585\" src=\"https:\/\/ueberlebenskunst.at\/survivalshop\/survivalshop\/wp-content\/uploads\/2019\/03\/Videokurs-6-Schuss-Laser-Armbrust-855x1024.jpg\" alt=\"\" width=\"341\" height=\"408\" srcset=\"https:\/\/ueberlebenskunst.at\/survivalshop\/wp-content\/uploads\/2019\/03\/Videokurs-6-Schuss-Laser-Armbrust-855x1024.jpg 855w, https:\/\/ueberlebenskunst.at\/survivalshop\/wp-content\/uploads\/2019\/03\/Videokurs-6-Schuss-Laser-Armbrust-300x359.jpg 300w, https:\/\/ueberlebenskunst.at\/survivalshop\/wp-content\/uploads\/2019\/03\/Videokurs-6-Schuss-Laser-Armbrust-600x718.jpg 600w, https:\/\/ueberlebenskunst.at\/survivalshop\/wp-content\/uploads\/2019\/03\/Videokurs-6-Schuss-Laser-Armbrust-251x300.jpg 251w, https:\/\/ueberlebenskunst.at\/survivalshop\/wp-content\/uploads\/2019\/03\/Videokurs-6-Schuss-Laser-Armbrust-768x919.jpg 768w, https:\/\/ueberlebenskunst.at\/survivalshop\/wp-content\/uploads\/2019\/03\/Videokurs-6-Schuss-Laser-Armbrust.jpg 1025w\" sizes=\"(max-width: 341px) 100vw, 341px\" \/><\/a><\/p>\n<p>&nbsp;<\/p>\n<h3>Lieferumfang der Steambow Stinger Polymerversion:<\/h3>\n<ul>\n<li>Pistolenarmbrust mit schwarzen Griffschalen<\/li>\n<li>Armbrustgrundk\u00f6rper aus Aluminium<\/li>\n<li>Polymer Magazin mit 6 Bolzen Kapazit\u00e4t<\/li>\n<li>Laserkappe<\/li>\n<li>Rotpunkt-Laser<\/li>\n<li>Picatinny-Schiene f\u00fcr Unterseite inkl. vertikalem Vordergriff f\u00fcr schnelle Schlussfolge<\/li>\n<li>Zugriff auf Video-Online Kurs f\u00fcr Wartung, Pflege und Tuning<\/li>\n<li>10 St\u00fcck Pfeile<\/li>\n<li>Spannschnur<\/li>\n<\/ul>\n<h3>ACHTUNG und WICHTIGE Information:<\/h3>\n<p>Wenn du die Stinger bei mir im Shop kaufst, dann bekommst du automatisch eine sehr aufwendig gedrehte und durchdachte Videoanleitung zur Pflege- und Wartung der Steambow Stinger kostenlos dazu. Dieses Service bietet kein anderer H\u00e4ndler am Markt. Zus\u00e4tzlich bekommst du Zugriff auf eine exklusive Anleitungen zum Einschie\u00dfen der Stinger. Aber Achtung &#8211; nur f\u00fcr dich als meinen Kunden.<\/p>\n<p>Weiters sind auf Produktbildern Bolzen sowie im Video ein <a href=\"https:\/\/ueberlebenskunst.at\/survivalshop\/shop\/leuchtpunkt-reflexvisier\/\" target=\"_blank\" rel=\"noopener noreferrer\">Leuchtpunktivisier <\/a>abgebildet. Dieses Visier ist Sonderzubeh\u00f6r.<\/p>\n<h3>Passendes Zubeh\u00f6r der Armbrust:<\/h3>\n<ul>\n<li><a href=\"https:\/\/ueberlebenskunst.at\/survivalshop\/shop\/pistolenarmbrust-pfeile-broadhead\/\" target=\"_blank\" rel=\"noopener noreferrer\">Pistolenarmbrust Pfeile Broadhead<\/a><\/li>\n<li><a href=\"https:\/\/ueberlebenskunst.at\/survivalshop\/shop\/bogensport-laser-lampen-modul\/\" target=\"_blank\" rel=\"noopener\">Universal-Montage Laser &#8211; bzw. Lampenmodul<\/a><\/li>\n<li><a href=\"https:\/\/ueberlebenskunst.at\/survivalshop\/shop\/aluminiumpfeile-6-fuer-pistolenarmbrust\/\" target=\"_blank\" rel=\"noopener noreferrer\">Pistolenarmbrust Pfeile<\/a> (wie die aus dem Video)<a href=\"https:\/\/ueberlebenskunst.at\/survivalshop\/shop\/pistolenarmbrust-pfeile-broadhead\/\" target=\"_blank\" rel=\"noopener noreferrer\">\u00a0<\/a><\/li>\n<li><a href=\"https:\/\/ueberlebenskunst.at\/survivalshop\/shop\/ersatzsehne-steambow-stinger-80-pfund\/\" target=\"_blank\" rel=\"noopener noreferrer\">Ersatzsehne Steambow Stinger 80 Pfund<\/a><\/li>\n<li><a href=\"https:\/\/ueberlebenskunst.at\/survivalshop\/shop\/endkappen-wurfarm\/\">Endkappen am Wurfarm f\u00fcr Sehne<\/a><\/li>\n<li><a href=\"https:\/\/ueberlebenskunst.at\/survivalshop\/shop\/leuchtpunkt-reflexvisier-hdr50\/\" target=\"_blank\" rel=\"noopener noreferrer\">Leuchtpunkt Reflexvisier<\/a> (meine Empfehlung an Dich)<\/li>\n<li><a href=\"https:\/\/ueberlebenskunst.at\/survivalshop\/shop\/lampe-fuer-hdr-50-revolver-zubehoer\/\" target=\"_blank\" rel=\"noopener noreferrer\">300 Lumen Lampe<\/a> (nur in \u00d6sterreich)<\/li>\n<li><a href=\"https:\/\/ueberlebenskunst.at\/survivalshop\/shop\/steambow-stinger-upgrade-bogen\/\" target=\"_blank\" rel=\"noopener noreferrer\">Upgradebogen f\u00fcr 60% mehr Energie<\/a><\/li>\n<li><a href=\"https:\/\/ueberlebenskunst.at\/survivalshop\/shop\/ersatzteilset-stinger-steambow\/\" target=\"_blank\" rel=\"noopener noreferrer\">Ersatzteilkit Stinger<\/a><\/li>\n<li><a href=\"https:\/\/ueberlebenskunst.at\/survivalshop\/shop\/steambow-stinger-laserkappe\/\" target=\"_blank\" rel=\"noopener\">Laserkappe zum Umr\u00fcsten<\/a><\/li>\n<\/ul>\n<p><span style=\"color: #ff0000;\"><strong>WICHTIG!<\/strong><\/span> Verkauf kann erst ab 18 Jahren erfolgen. Du als K\u00e4ufer bist selbst daf\u00fcr verantwortlich, sicherzustellen, dass die von uns bestellten Produkte in deinem Land gesetzlich zugelassen sind. F\u00fcr Schwierigkeiten, die dir aufgrund der rechtlichen Situation in deinem Land entstehen, \u00fcbernehmen wir keine Haftung.<\/p>\n<p><iframe hcb-fetch-image-from=\"https:\/\/www.youtube.com\/watch?v=63yL67MVrrk\" title=\"Pistolen-Armbrust Pfeile Evolution | Sport-, Bodkins- und Jagdbolzen\" width=\"640\" height=\"360\" src=\"https:\/\/www.youtube.com\/embed\/63yL67MVrrk?feature=oembed\" frameborder=\"0\" allow=\"accelerometer; autoplay; clipboard-write; encrypted-media; gyroscope; picture-in-picture; web-share\" referrerpolicy=\"strict-origin-when-cross-origin\" allowfullscreen><\/iframe><\/p>\n","protected":false},"excerpt":{"rendered":"<p>Die ideale taktische Armbrust, die aber trotzdem kompakt, leicht und leistungsstark bleibt.<br \/>\nMit Laser und Laserkappe in einem Paket.<\/p>\n","protected":false},"featured_media":17840,"comment_status":"open","ping_status":"closed","template":"","meta":{"_acf_changed":false},"product_brand":[],"product_cat":[1892,1891,1893],"product_tag":[519],"class_list":{"0":"post-10572","1":"product","2":"type-product","3":"status-seo-produkt","4":"has-post-thumbnail","6":"product_cat-bogensport-pfeil-kugel","7":"product_cat-pfeil-kugel","8":"product_cat-steambow-stinger-bogensport-pfeil-kugel","9":"product_tag-stinger","10":"pa_platform-metall","11":"pa_platform-polymer-mit-laser","12":"pa_platform-polymer-ohne-laser","14":"first","15":"outofstock","16":"taxable","17":"shipping-taxable","18":"product-type-variable","19":"has-default-attributes"},"acf":[],"yoast_head":"<!-- This site is optimized with the Yoast SEO plugin v27.1.1 - https:\/\/yoast.com\/product\/yoast-seo-wordpress\/ -->\n<title>Steambow Stinger 6-Schuss-Armbrust inkl. Laser + Laserkappe - Reini Rossmann - Survival Shop<\/title>\n<meta name=\"robots\" content=\"index, follow, max-snippet:-1, max-image-preview:large, max-video-preview:-1\" \/>\n<link rel=\"canonical\" href=\"https:\/\/ueberlebenskunst.at\/survivalshop\/shop\/steambow-stinger-6-schuss-laser-armbrust\/\" \/>\n<meta property=\"og:locale\" content=\"de_DE\" \/>\n<meta property=\"og:type\" content=\"article\" \/>\n<meta property=\"og:title\" content=\"Steambow Stinger 6-Schuss-Armbrust inkl. Laser + Laserkappe - Reini Rossmann - Survival Shop\" \/>\n<meta property=\"og:description\" content=\"Die ideale taktische Armbrust, die aber trotzdem kompakt, leicht und leistungsstark bleibt. Mit Laser und Laserkappe in einem Paket.\" \/>\n<meta property=\"og:url\" content=\"https:\/\/ueberlebenskunst.at\/survivalshop\/shop\/steambow-stinger-6-schuss-laser-armbrust\/\" \/>\n<meta property=\"og:site_name\" content=\"Reini Rossmann - Survival Shop\" \/>\n<meta property=\"article:publisher\" content=\"https:\/\/www.facebook.com\/survival24.org\/\" \/>\n<meta property=\"article:modified_time\" content=\"2024-03-21T07:21:24+00:00\" \/>\n<meta property=\"og:image\" content=\"https:\/\/ueberlebenskunst.at\/survivalshop\/wp-content\/uploads\/2019\/10\/AR-6-Stinger-Polymer_webshop-4.jpg\" \/>\n\t<meta property=\"og:image:width\" content=\"2000\" \/>\n\t<meta property=\"og:image:height\" content=\"2000\" \/>\n\t<meta property=\"og:image:type\" content=\"image\/jpeg\" \/>\n<meta name=\"twitter:card\" content=\"summary_large_image\" \/>\n<meta name=\"twitter:label1\" content=\"Gesch\u00e4tzte Lesezeit\" \/>\n\t<meta name=\"twitter:data1\" content=\"3\u00a0Minuten\" \/>\n<script type=\"application\/ld+json\" class=\"yoast-schema-graph\">{\"@context\":\"https:\/\/schema.org\",\"@graph\":[{\"@type\":\"WebPage\",\"@id\":\"https:\/\/ueberlebenskunst.at\/survivalshop\/shop\/steambow-stinger-6-schuss-laser-armbrust\/\",\"url\":\"https:\/\/ueberlebenskunst.at\/survivalshop\/shop\/steambow-stinger-6-schuss-laser-armbrust\/\",\"name\":\"Steambow Stinger 6-Schuss-Armbrust inkl. Laser + Laserkappe - Reini Rossmann - Survival Shop\",\"isPartOf\":{\"@id\":\"https:\/\/ueberlebenskunst.at\/survivalshop\/#website\"},\"primaryImageOfPage\":{\"@id\":\"https:\/\/ueberlebenskunst.at\/survivalshop\/shop\/steambow-stinger-6-schuss-laser-armbrust\/#primaryimage\"},\"image\":{\"@id\":\"https:\/\/ueberlebenskunst.at\/survivalshop\/shop\/steambow-stinger-6-schuss-laser-armbrust\/#primaryimage\"},\"thumbnailUrl\":\"https:\/\/ueberlebenskunst.at\/survivalshop\/wp-content\/uploads\/2019\/10\/AR-6-Stinger-Polymer_webshop-4.jpg\",\"datePublished\":\"2019-03-08T14:38:06+00:00\",\"dateModified\":\"2024-03-21T07:21:24+00:00\",\"breadcrumb\":{\"@id\":\"https:\/\/ueberlebenskunst.at\/survivalshop\/shop\/steambow-stinger-6-schuss-laser-armbrust\/#breadcrumb\"},\"inLanguage\":\"de\",\"potentialAction\":[{\"@type\":\"ReadAction\",\"target\":[\"https:\/\/ueberlebenskunst.at\/survivalshop\/shop\/steambow-stinger-6-schuss-laser-armbrust\/\"]}]},{\"@type\":\"ImageObject\",\"inLanguage\":\"de\",\"@id\":\"https:\/\/ueberlebenskunst.at\/survivalshop\/shop\/steambow-stinger-6-schuss-laser-armbrust\/#primaryimage\",\"url\":\"https:\/\/ueberlebenskunst.at\/survivalshop\/wp-content\/uploads\/2019\/10\/AR-6-Stinger-Polymer_webshop-4.jpg\",\"contentUrl\":\"https:\/\/ueberlebenskunst.at\/survivalshop\/wp-content\/uploads\/2019\/10\/AR-6-Stinger-Polymer_webshop-4.jpg\",\"width\":2000,\"height\":2000},{\"@type\":\"BreadcrumbList\",\"@id\":\"https:\/\/ueberlebenskunst.at\/survivalshop\/shop\/steambow-stinger-6-schuss-laser-armbrust\/#breadcrumb\",\"itemListElement\":[{\"@type\":\"ListItem\",\"position\":1,\"name\":\"Startseite\",\"item\":\"https:\/\/ueberlebenskunst.at\/survivalshop\/\"},{\"@type\":\"ListItem\",\"position\":2,\"name\":\"Shop\",\"item\":\"https:\/\/ueberlebenskunst.at\/survivalshop\/shop\/\"},{\"@type\":\"ListItem\",\"position\":3,\"name\":\"Steambow Stinger 6-Schuss-Armbrust inkl. Laser + Laserkappe\"}]},{\"@type\":\"WebSite\",\"@id\":\"https:\/\/ueberlebenskunst.at\/survivalshop\/#website\",\"url\":\"https:\/\/ueberlebenskunst.at\/survivalshop\/\",\"name\":\"Reini Rossmann - Survival Shop\",\"description\":\"Survival Shop f\u00fcr Survival, Bushcraft und Prepper\",\"potentialAction\":[{\"@type\":\"SearchAction\",\"target\":{\"@type\":\"EntryPoint\",\"urlTemplate\":\"https:\/\/ueberlebenskunst.at\/survivalshop\/?s={search_term_string}\"},\"query-input\":{\"@type\":\"PropertyValueSpecification\",\"valueRequired\":true,\"valueName\":\"search_term_string\"}}],\"inLanguage\":\"de\"}]}<\/script>\n<!-- \/ Yoast SEO plugin. -->","yoast_head_json":{"title":"Steambow Stinger 6-Schuss-Armbrust inkl. Laser + Laserkappe - Reini Rossmann - Survival Shop","robots":{"index":"index","follow":"follow","max-snippet":"max-snippet:-1","max-image-preview":"max-image-preview:large","max-video-preview":"max-video-preview:-1"},"canonical":"https:\/\/ueberlebenskunst.at\/survivalshop\/shop\/steambow-stinger-6-schuss-laser-armbrust\/","og_locale":"de_DE","og_type":"article","og_title":"Steambow Stinger 6-Schuss-Armbrust inkl. Laser + Laserkappe - Reini Rossmann - Survival Shop","og_description":"Die ideale taktische Armbrust, die aber trotzdem kompakt, leicht und leistungsstark bleibt. Mit Laser und Laserkappe in einem Paket.","og_url":"https:\/\/ueberlebenskunst.at\/survivalshop\/shop\/steambow-stinger-6-schuss-laser-armbrust\/","og_site_name":"Reini Rossmann - Survival Shop","article_publisher":"https:\/\/www.facebook.com\/survival24.org\/","article_modified_time":"2024-03-21T07:21:24+00:00","og_image":[{"width":2000,"height":2000,"url":"https:\/\/ueberlebenskunst.at\/survivalshop\/wp-content\/uploads\/2019\/10\/AR-6-Stinger-Polymer_webshop-4.jpg","type":"image\/jpeg"}],"twitter_card":"summary_large_image","twitter_misc":{"Gesch\u00e4tzte Lesezeit":"3\u00a0Minuten"},"schema":{"@context":"https:\/\/schema.org","@graph":[{"@type":"WebPage","@id":"https:\/\/ueberlebenskunst.at\/survivalshop\/shop\/steambow-stinger-6-schuss-laser-armbrust\/","url":"https:\/\/ueberlebenskunst.at\/survivalshop\/shop\/steambow-stinger-6-schuss-laser-armbrust\/","name":"Steambow Stinger 6-Schuss-Armbrust inkl. Laser + Laserkappe - Reini Rossmann - Survival Shop","isPartOf":{"@id":"https:\/\/ueberlebenskunst.at\/survivalshop\/#website"},"primaryImageOfPage":{"@id":"https:\/\/ueberlebenskunst.at\/survivalshop\/shop\/steambow-stinger-6-schuss-laser-armbrust\/#primaryimage"},"image":{"@id":"https:\/\/ueberlebenskunst.at\/survivalshop\/shop\/steambow-stinger-6-schuss-laser-armbrust\/#primaryimage"},"thumbnailUrl":"https:\/\/ueberlebenskunst.at\/survivalshop\/wp-content\/uploads\/2019\/10\/AR-6-Stinger-Polymer_webshop-4.jpg","datePublished":"2019-03-08T14:38:06+00:00","dateModified":"2024-03-21T07:21:24+00:00","breadcrumb":{"@id":"https:\/\/ueberlebenskunst.at\/survivalshop\/shop\/steambow-stinger-6-schuss-laser-armbrust\/#breadcrumb"},"inLanguage":"de","potentialAction":[{"@type":"ReadAction","target":["https:\/\/ueberlebenskunst.at\/survivalshop\/shop\/steambow-stinger-6-schuss-laser-armbrust\/"]}]},{"@type":"ImageObject","inLanguage":"de","@id":"https:\/\/ueberlebenskunst.at\/survivalshop\/shop\/steambow-stinger-6-schuss-laser-armbrust\/#primaryimage","url":"https:\/\/ueberlebenskunst.at\/survivalshop\/wp-content\/uploads\/2019\/10\/AR-6-Stinger-Polymer_webshop-4.jpg","contentUrl":"https:\/\/ueberlebenskunst.at\/survivalshop\/wp-content\/uploads\/2019\/10\/AR-6-Stinger-Polymer_webshop-4.jpg","width":2000,"height":2000},{"@type":"BreadcrumbList","@id":"https:\/\/ueberlebenskunst.at\/survivalshop\/shop\/steambow-stinger-6-schuss-laser-armbrust\/#breadcrumb","itemListElement":[{"@type":"ListItem","position":1,"name":"Startseite","item":"https:\/\/ueberlebenskunst.at\/survivalshop\/"},{"@type":"ListItem","position":2,"name":"Shop","item":"https:\/\/ueberlebenskunst.at\/survivalshop\/shop\/"},{"@type":"ListItem","position":3,"name":"Steambow Stinger 6-Schuss-Armbrust inkl. Laser + Laserkappe"}]},{"@type":"WebSite","@id":"https:\/\/ueberlebenskunst.at\/survivalshop\/#website","url":"https:\/\/ueberlebenskunst.at\/survivalshop\/","name":"Reini Rossmann - Survival Shop","description":"Survival Shop f\u00fcr Survival, Bushcraft und Prepper","potentialAction":[{"@type":"SearchAction","target":{"@type":"EntryPoint","urlTemplate":"https:\/\/ueberlebenskunst.at\/survivalshop\/?s={search_term_string}"},"query-input":{"@type":"PropertyValueSpecification","valueRequired":true,"valueName":"search_term_string"}}],"inLanguage":"de"}]}},"_links":{"self":[{"href":"https:\/\/ueberlebenskunst.at\/survivalshop\/wp-json\/wp\/v2\/product\/10572","targetHints":{"allow":["GET"]}}],"collection":[{"href":"https:\/\/ueberlebenskunst.at\/survivalshop\/wp-json\/wp\/v2\/product"}],"about":[{"href":"https:\/\/ueberlebenskunst.at\/survivalshop\/wp-json\/wp\/v2\/types\/product"}],"replies":[{"embeddable":true,"href":"https:\/\/ueberlebenskunst.at\/survivalshop\/wp-json\/wp\/v2\/comments?post=10572"}],"wp:featuredmedia":[{"embeddable":true,"href":"https:\/\/ueberlebenskunst.at\/survivalshop\/wp-json\/wp\/v2\/media\/17840"}],"wp:attachment":[{"href":"https:\/\/ueberlebenskunst.at\/survivalshop\/wp-json\/wp\/v2\/media?parent=10572"}],"wp:term":[{"taxonomy":"product_brand","embeddable":true,"href":"https:\/\/ueberlebenskunst.at\/survivalshop\/wp-json\/wp\/v2\/product_brand?post=10572"},{"taxonomy":"product_cat","embeddable":true,"href":"https:\/\/ueberlebenskunst.at\/survivalshop\/wp-json\/wp\/v2\/product_cat?post=10572"},{"taxonomy":"product_tag","embeddable":true,"href":"https:\/\/ueberlebenskunst.at\/survivalshop\/wp-json\/wp\/v2\/product_tag?post=10572"}],"curies":[{"name":"wp","href":"https:\/\/api.w.org\/{rel}","templated":true}]}}