{"id":104094,"date":"2022-09-28T10:40:53","date_gmt":"2022-09-28T08:40:53","guid":{"rendered":"https:\/\/ueberlebenskunst.at\/survivalshop\/?post_type=product&#038;p=104094"},"modified":"2026-04-22T00:58:09","modified_gmt":"2026-04-21T22:58:09","slug":"k4-backup-messer","status":"publish","type":"product","link":"https:\/\/ueberlebenskunst.at\/survivalshop\/shop\/k4-backup-messer\/","title":{"rendered":"K4 Urban Backup Bundle"},"content":{"rendered":"<p>Dieses Bundle besteht aus dem Urban Back-up Messer sowie einem 10 cm Keramik-Schleifer-Rundling zum perfekten Nachsch\u00e4rfen.<\/p>\n<p>Dieses kleine, leichte, aber trotzdem extrem gut in der Hand liegende Backup Knive ist f\u00fcr das Every Day Carry konzipiert.<br \/>\nDas Urban Backup ist mit einer Hawkbill Klinge ausgestattet, die eine wahnsinnige Schnittleistung an den Tag legt und somit f\u00fcr den urbanen Alltag die ideale L\u00f6sung bietet.<br \/>\nReini Rossmann hat viele kleine Neckknives und EDC-Messer im Einsatz, und dabei gab es meistens ein riesiges Manko: das sichere F\u00fchren und gute Halten des Messers war nicht immer gegeben. Aus diesem Grund hat er sich mit dem Entwicklerteam von Knives4 die Aufgabe gesetzt ein sicher zu haltendes und f\u00fcr lange Arbeiten ideal balanciertes Messer zu entwickeln. Das Ergebnis ist das Urban Backup. Die G10 Griffschalen passen perfekt auf das Messer und garantieren eine sichere Handhabung. Der ausgepr\u00e4gte Guard garantiert maximale Sicherheit und so l\u00e4sst sich das Messer in allen Lagen sicher f\u00fchren. Am hinteren Ende des Griffs ist \u00fcberproportionales Lenyard Loch ausgef\u00fchrt, um jede Art von Paracord Wicklung oder Lanyard zu gew\u00e4hrleisten. Im Lieferumfang ist eine Kydexscheide enthalten.<\/p>\n<p>Der Bush Backup ist ausverkauft und wird nicht wieder produziert.<\/p>\n<h3><strong>Produktdaten:<\/strong><\/h3>\n<ul>\n<li>aus N690 Stahl<\/li>\n<li>Gesamtl\u00e4nge: ca. 162 mm<\/li>\n<li>Klingenl\u00e4nge: ca. 55 mm<\/li>\n<li>Griffl\u00e4nge: ca. 108 mm<\/li>\n<li>Klingenst\u00e4rke: 3 mm<\/li>\n<li>Breite mit Griff: 12 mm<\/li>\n<li>Gewicht: ca. 100 g inkl. Scheide<\/li>\n<\/ul>\n<h3><strong>Passendes Zubeh\u00f6r (extra erh\u00e4ltlich):<\/strong><\/h3>\n<ul>\n<li><a href=\"https:\/\/ueberlebenskunst.at\/survivalshop\/shop\/ulticlip-slim-2-2-fuer-knives4-messer\/\" target=\"_blank\" rel=\"noopener\">Ulticlip Slim 2.2 f\u00fcr Knives4 Messer<\/a><\/li>\n<li><a href=\"https:\/\/ueberlebenskunst.at\/survivalshop\/shop\/universal-feuerstahlhalter\/\">Universal Feuerstahl Halterung f\u00fcr Kydeyxscheiden\u00a0<\/a><\/li>\n<li><a href=\"https:\/\/ueberlebenskunst.at\/survivalshop\/shop\/k4-adclampenhalterung-edc-k4-lampe-mini\/\">Lampen Halterung f\u00fcr K4 EDC Lampe f\u00fcr Kydexscheiden<\/a><\/li>\n<li><a href=\"https:\/\/ueberlebenskunst.at\/survivalshop\/shop\/universal-kydex-feuerzeughalterung-bic-maxi-j26\/\">Universal Feuerzeughalter f\u00fcr BICmaxi<\/a><\/li>\n<li><a href=\"https:\/\/ueberlebenskunst.at\/survivalshop\/shop\/universal-kydex-bic-feuerzeug-halterung\/\">Universal Feuerzeughalter f\u00fcr BICmini<\/a><\/li>\n<li><a href=\"https:\/\/ueberlebenskunst.at\/survivalshop\/shop\/universal-clipper-halter-fuer-kydexscheiden\/\" target=\"_blank\" rel=\"noopener\">Universal Feuerzeughalter f\u00fcr Clipper<\/a><\/li>\n<\/ul>\n<p><a href=\"https:\/\/ueberlebenskunst.at\/survivalshop\/Datenblatt_Messer\" target=\"_blank\" rel=\"noopener\"><strong>&gt;&gt; Download Sicherheitsdatenblatt &lt;&lt;<\/strong><\/a><\/p>\n<p><a href=\"https:\/\/ueberlebenskunst.at\/survivalshop\/wp-content\/uploads\/2021\/11\/Logo_Messer.png\"><img decoding=\"async\" class=\"alignnone wp-image-179575\" src=\"https:\/\/ueberlebenskunst.at\/survivalshop\/wp-content\/uploads\/2021\/11\/Logo_Messer-300x85.png\" alt=\"\" width=\"281\" height=\"80\" srcset=\"https:\/\/ueberlebenskunst.at\/survivalshop\/wp-content\/uploads\/2021\/11\/Logo_Messer-300x85.png 300w, https:\/\/ueberlebenskunst.at\/survivalshop\/wp-content\/uploads\/2021\/11\/Logo_Messer-64x18.png 64w, https:\/\/ueberlebenskunst.at\/survivalshop\/wp-content\/uploads\/2021\/11\/Logo_Messer.png 365w\" sizes=\"(max-width: 281px) 100vw, 281px\" \/><\/a><\/p>\n","protected":false},"excerpt":{"rendered":"<p>Dieses Bundle besteht aus dem Urban Back-up Messer sowie einem 10 cm Keramik-Schleifer-Rundling zum perfekten Nachsch\u00e4rfen. Dieses kleine, leichte, aber trotzdem extrem gut in der Hand liegende Backup Knive ist f\u00fcr das Every Day Carry konzipiert. Das Urban Backup ist mit einer Hawkbill Klinge ausgestattet, die eine wahnsinnige Schnittleistung an den Tag legt und somit [&hellip;]<\/p>\n","protected":false},"featured_media":198143,"comment_status":"open","ping_status":"closed","template":"","meta":{"_acf_changed":false},"product_brand":[],"product_cat":[1790,1805],"product_tag":[2557,1256,1255,818],"class_list":{"0":"post-104094","1":"product","2":"type-product","3":"status-publish","4":"has-post-thumbnail","6":"product_cat-knives-4","7":"product_cat-messer-messer-tools","8":"product_tag-bf2025","9":"product_tag-k4","10":"product_tag-knives4","11":"product_tag-reini-rossmann-messer","12":"pa_platform-bush-backup","13":"pa_platform-urban-backup","15":"first","16":"instock","17":"sale","18":"taxable","19":"shipping-taxable","20":"purchasable","21":"product-type-variable","22":"has-default-attributes"},"acf":[],"yoast_head":"<!-- This site is optimized with the Yoast SEO plugin v27.1.1 - https:\/\/yoast.com\/product\/yoast-seo-wordpress\/ -->\n<title>K4 Urban Backup Bundle<\/title>\n<meta name=\"robots\" content=\"index, follow, max-snippet:-1, max-image-preview:large, max-video-preview:-1\" \/>\n<link rel=\"canonical\" href=\"https:\/\/ueberlebenskunst.at\/survivalshop\/shop\/k4-backup-messer\/\" \/>\n<meta property=\"og:locale\" content=\"de_DE\" \/>\n<meta property=\"og:type\" content=\"article\" \/>\n<meta property=\"og:title\" content=\"K4 Urban Backup Bundle\" \/>\n<meta property=\"og:description\" content=\"Dieses Bundle besteht aus dem Urban Back-up Messer sowie einem 10 cm Keramik-Schleifer-Rundling zum perfekten Nachsch\u00e4rfen. Dieses kleine, leichte, aber trotzdem extrem gut in der Hand liegende Backup Knive ist f\u00fcr das Every Day Carry konzipiert. Das Urban Backup ist mit einer Hawkbill Klinge ausgestattet, die eine wahnsinnige Schnittleistung an den Tag legt und somit [&hellip;]\" \/>\n<meta property=\"og:url\" content=\"https:\/\/ueberlebenskunst.at\/survivalshop\/shop\/k4-backup-messer\/\" \/>\n<meta property=\"og:site_name\" content=\"Reini Rossmann - Survival Shop\" \/>\n<meta property=\"article:publisher\" content=\"https:\/\/www.facebook.com\/survival24.org\/\" \/>\n<meta property=\"article:modified_time\" content=\"2026-04-21T22:58:09+00:00\" \/>\n<meta property=\"og:image\" content=\"https:\/\/ueberlebenskunst.at\/survivalshop\/wp-content\/uploads\/2022\/09\/Urban-Backup-Bundle.jpg\" \/>\n\t<meta property=\"og:image:width\" content=\"400\" \/>\n\t<meta property=\"og:image:height\" content=\"397\" \/>\n\t<meta property=\"og:image:type\" content=\"image\/jpeg\" \/>\n<meta name=\"twitter:card\" content=\"summary_large_image\" \/>\n<meta name=\"twitter:label1\" content=\"Gesch\u00e4tzte Lesezeit\" \/>\n\t<meta name=\"twitter:data1\" content=\"2\u00a0Minuten\" \/>\n<script type=\"application\/ld+json\" class=\"yoast-schema-graph\">{\"@context\":\"https:\/\/schema.org\",\"@graph\":[{\"@type\":\"WebPage\",\"@id\":\"https:\/\/ueberlebenskunst.at\/survivalshop\/shop\/k4-backup-messer\/\",\"url\":\"https:\/\/ueberlebenskunst.at\/survivalshop\/shop\/k4-backup-messer\/\",\"name\":\"K4 Urban Backup Bundle\",\"isPartOf\":{\"@id\":\"https:\/\/ueberlebenskunst.at\/survivalshop\/#website\"},\"primaryImageOfPage\":{\"@id\":\"https:\/\/ueberlebenskunst.at\/survivalshop\/shop\/k4-backup-messer\/#primaryimage\"},\"image\":{\"@id\":\"https:\/\/ueberlebenskunst.at\/survivalshop\/shop\/k4-backup-messer\/#primaryimage\"},\"thumbnailUrl\":\"https:\/\/ueberlebenskunst.at\/survivalshop\/wp-content\/uploads\/2022\/09\/Urban-Backup-Bundle.jpg\",\"datePublished\":\"2022-09-28T08:40:53+00:00\",\"dateModified\":\"2026-04-21T22:58:09+00:00\",\"breadcrumb\":{\"@id\":\"https:\/\/ueberlebenskunst.at\/survivalshop\/shop\/k4-backup-messer\/#breadcrumb\"},\"inLanguage\":\"de\",\"potentialAction\":[{\"@type\":\"ReadAction\",\"target\":[\"https:\/\/ueberlebenskunst.at\/survivalshop\/shop\/k4-backup-messer\/\"]}]},{\"@type\":\"ImageObject\",\"inLanguage\":\"de\",\"@id\":\"https:\/\/ueberlebenskunst.at\/survivalshop\/shop\/k4-backup-messer\/#primaryimage\",\"url\":\"https:\/\/ueberlebenskunst.at\/survivalshop\/wp-content\/uploads\/2022\/09\/Urban-Backup-Bundle.jpg\",\"contentUrl\":\"https:\/\/ueberlebenskunst.at\/survivalshop\/wp-content\/uploads\/2022\/09\/Urban-Backup-Bundle.jpg\",\"width\":400,\"height\":397},{\"@type\":\"BreadcrumbList\",\"@id\":\"https:\/\/ueberlebenskunst.at\/survivalshop\/shop\/k4-backup-messer\/#breadcrumb\",\"itemListElement\":[{\"@type\":\"ListItem\",\"position\":1,\"name\":\"Startseite\",\"item\":\"https:\/\/ueberlebenskunst.at\/survivalshop\/\"},{\"@type\":\"ListItem\",\"position\":2,\"name\":\"Shop\",\"item\":\"https:\/\/ueberlebenskunst.at\/survivalshop\/shop\/\"},{\"@type\":\"ListItem\",\"position\":3,\"name\":\"K4 Urban Backup Bundle\"}]},{\"@type\":\"WebSite\",\"@id\":\"https:\/\/ueberlebenskunst.at\/survivalshop\/#website\",\"url\":\"https:\/\/ueberlebenskunst.at\/survivalshop\/\",\"name\":\"Reini Rossmann - Survival Shop\",\"description\":\"Survival Shop f\u00fcr Survival, Bushcraft und Prepper\",\"potentialAction\":[{\"@type\":\"SearchAction\",\"target\":{\"@type\":\"EntryPoint\",\"urlTemplate\":\"https:\/\/ueberlebenskunst.at\/survivalshop\/?s={search_term_string}\"},\"query-input\":{\"@type\":\"PropertyValueSpecification\",\"valueRequired\":true,\"valueName\":\"search_term_string\"}}],\"inLanguage\":\"de\"}]}<\/script>\n<!-- \/ Yoast SEO plugin. -->","yoast_head_json":{"title":"K4 Urban Backup Bundle","robots":{"index":"index","follow":"follow","max-snippet":"max-snippet:-1","max-image-preview":"max-image-preview:large","max-video-preview":"max-video-preview:-1"},"canonical":"https:\/\/ueberlebenskunst.at\/survivalshop\/shop\/k4-backup-messer\/","og_locale":"de_DE","og_type":"article","og_title":"K4 Urban Backup Bundle","og_description":"Dieses Bundle besteht aus dem Urban Back-up Messer sowie einem 10 cm Keramik-Schleifer-Rundling zum perfekten Nachsch\u00e4rfen. Dieses kleine, leichte, aber trotzdem extrem gut in der Hand liegende Backup Knive ist f\u00fcr das Every Day Carry konzipiert. Das Urban Backup ist mit einer Hawkbill Klinge ausgestattet, die eine wahnsinnige Schnittleistung an den Tag legt und somit [&hellip;]","og_url":"https:\/\/ueberlebenskunst.at\/survivalshop\/shop\/k4-backup-messer\/","og_site_name":"Reini Rossmann - Survival Shop","article_publisher":"https:\/\/www.facebook.com\/survival24.org\/","article_modified_time":"2026-04-21T22:58:09+00:00","og_image":[{"width":400,"height":397,"url":"https:\/\/ueberlebenskunst.at\/survivalshop\/wp-content\/uploads\/2022\/09\/Urban-Backup-Bundle.jpg","type":"image\/jpeg"}],"twitter_card":"summary_large_image","twitter_misc":{"Gesch\u00e4tzte Lesezeit":"2\u00a0Minuten"},"schema":{"@context":"https:\/\/schema.org","@graph":[{"@type":"WebPage","@id":"https:\/\/ueberlebenskunst.at\/survivalshop\/shop\/k4-backup-messer\/","url":"https:\/\/ueberlebenskunst.at\/survivalshop\/shop\/k4-backup-messer\/","name":"K4 Urban Backup Bundle","isPartOf":{"@id":"https:\/\/ueberlebenskunst.at\/survivalshop\/#website"},"primaryImageOfPage":{"@id":"https:\/\/ueberlebenskunst.at\/survivalshop\/shop\/k4-backup-messer\/#primaryimage"},"image":{"@id":"https:\/\/ueberlebenskunst.at\/survivalshop\/shop\/k4-backup-messer\/#primaryimage"},"thumbnailUrl":"https:\/\/ueberlebenskunst.at\/survivalshop\/wp-content\/uploads\/2022\/09\/Urban-Backup-Bundle.jpg","datePublished":"2022-09-28T08:40:53+00:00","dateModified":"2026-04-21T22:58:09+00:00","breadcrumb":{"@id":"https:\/\/ueberlebenskunst.at\/survivalshop\/shop\/k4-backup-messer\/#breadcrumb"},"inLanguage":"de","potentialAction":[{"@type":"ReadAction","target":["https:\/\/ueberlebenskunst.at\/survivalshop\/shop\/k4-backup-messer\/"]}]},{"@type":"ImageObject","inLanguage":"de","@id":"https:\/\/ueberlebenskunst.at\/survivalshop\/shop\/k4-backup-messer\/#primaryimage","url":"https:\/\/ueberlebenskunst.at\/survivalshop\/wp-content\/uploads\/2022\/09\/Urban-Backup-Bundle.jpg","contentUrl":"https:\/\/ueberlebenskunst.at\/survivalshop\/wp-content\/uploads\/2022\/09\/Urban-Backup-Bundle.jpg","width":400,"height":397},{"@type":"BreadcrumbList","@id":"https:\/\/ueberlebenskunst.at\/survivalshop\/shop\/k4-backup-messer\/#breadcrumb","itemListElement":[{"@type":"ListItem","position":1,"name":"Startseite","item":"https:\/\/ueberlebenskunst.at\/survivalshop\/"},{"@type":"ListItem","position":2,"name":"Shop","item":"https:\/\/ueberlebenskunst.at\/survivalshop\/shop\/"},{"@type":"ListItem","position":3,"name":"K4 Urban Backup Bundle"}]},{"@type":"WebSite","@id":"https:\/\/ueberlebenskunst.at\/survivalshop\/#website","url":"https:\/\/ueberlebenskunst.at\/survivalshop\/","name":"Reini Rossmann - Survival Shop","description":"Survival Shop f\u00fcr Survival, Bushcraft und Prepper","potentialAction":[{"@type":"SearchAction","target":{"@type":"EntryPoint","urlTemplate":"https:\/\/ueberlebenskunst.at\/survivalshop\/?s={search_term_string}"},"query-input":{"@type":"PropertyValueSpecification","valueRequired":true,"valueName":"search_term_string"}}],"inLanguage":"de"}]}},"_links":{"self":[{"href":"https:\/\/ueberlebenskunst.at\/survivalshop\/wp-json\/wp\/v2\/product\/104094","targetHints":{"allow":["GET"]}}],"collection":[{"href":"https:\/\/ueberlebenskunst.at\/survivalshop\/wp-json\/wp\/v2\/product"}],"about":[{"href":"https:\/\/ueberlebenskunst.at\/survivalshop\/wp-json\/wp\/v2\/types\/product"}],"replies":[{"embeddable":true,"href":"https:\/\/ueberlebenskunst.at\/survivalshop\/wp-json\/wp\/v2\/comments?post=104094"}],"wp:featuredmedia":[{"embeddable":true,"href":"https:\/\/ueberlebenskunst.at\/survivalshop\/wp-json\/wp\/v2\/media\/198143"}],"wp:attachment":[{"href":"https:\/\/ueberlebenskunst.at\/survivalshop\/wp-json\/wp\/v2\/media?parent=104094"}],"wp:term":[{"taxonomy":"product_brand","embeddable":true,"href":"https:\/\/ueberlebenskunst.at\/survivalshop\/wp-json\/wp\/v2\/product_brand?post=104094"},{"taxonomy":"product_cat","embeddable":true,"href":"https:\/\/ueberlebenskunst.at\/survivalshop\/wp-json\/wp\/v2\/product_cat?post=104094"},{"taxonomy":"product_tag","embeddable":true,"href":"https:\/\/ueberlebenskunst.at\/survivalshop\/wp-json\/wp\/v2\/product_tag?post=104094"}],"curies":[{"name":"wp","href":"https:\/\/api.w.org\/{rel}","templated":true}]}}